{"id":1648,"date":"2008-03-06T09:47:45","date_gmt":"2008-03-06T08:47:45","guid":{"rendered":"http:\/\/www.bushido-lubwart.de\/wordpress\/?page_id=1648"},"modified":"2008-03-06T09:47:45","modified_gmt":"2008-03-06T08:47:45","slug":"kampf","status":"publish","type":"page","link":"https:\/\/www.bushido-lubwart.de\/wordpress\/weisheiten-2\/erzahlungen\/kampf\/","title":{"rendered":"Kampf"},"content":{"rendered":"<p>Nach einigen Wochen harten Trainings geriet der Sch\u00fcler in Zweifel \u00fcber den Sinn der \u00dcbungen und wandte sich deshalb an seinen Meister: &#8222;Meister, streben wir nach der F\u00e4higkeit, in Streitigkeiten als Sieger hervorzugehen?&#8220;<\/p>\n<p>Dieser schaute ihn mit einem durchdringenden Blick an und antwortete ruhig: &#8222;Suche erst gar keinen Streit, so wird es weder Sieg noch Niederlage geben.&#8220;<\/p>\n","protected":false},"excerpt":{"rendered":"<p>Nach einigen Wochen harten Trainings geriet der Sch\u00fcler in Zweifel \u00fcber den Sinn der \u00dcbungen und wandte sich deshalb an seinen Meister: &#8222;Meister, streben wir nach der F\u00e4higkeit, in Streitigkeiten als Sieger hervorzugehen?&#8220; Dieser schaute ihn mit einem durchdringenden Blick an und antwortete ruhig: &#8222;Suche erst gar keinen Streit, so wird es weder Sieg noch [&hellip;]<\/p>\n","protected":false},"author":2,"featured_media":0,"parent":1621,"menu_order":10,"comment_status":"open","ping_status":"open","template":"","meta":{"ngg_post_thumbnail":0,"footnotes":""},"class_list":["post-1648","page","type-page","status-publish","hentry"],"_links":{"self":[{"href":"https:\/\/www.bushido-lubwart.de\/wordpress\/wp-json\/wp\/v2\/pages\/1648"}],"collection":[{"href":"https:\/\/www.bushido-lubwart.de\/wordpress\/wp-json\/wp\/v2\/pages"}],"about":[{"href":"https:\/\/www.bushido-lubwart.de\/wordpress\/wp-json\/wp\/v2\/types\/page"}],"author":[{"embeddable":true,"href":"https:\/\/www.bushido-lubwart.de\/wordpress\/wp-json\/wp\/v2\/users\/2"}],"replies":[{"embeddable":true,"href":"https:\/\/www.bushido-lubwart.de\/wordpress\/wp-json\/wp\/v2\/comments?post=1648"}],"version-history":[{"count":0,"href":"https:\/\/www.bushido-lubwart.de\/wordpress\/wp-json\/wp\/v2\/pages\/1648\/revisions"}],"up":[{"embeddable":true,"href":"https:\/\/www.bushido-lubwart.de\/wordpress\/wp-json\/wp\/v2\/pages\/1621"}],"wp:attachment":[{"href":"https:\/\/www.bushido-lubwart.de\/wordpress\/wp-json\/wp\/v2\/media?parent=1648"}],"curies":[{"name":"wp","href":"https:\/\/api.w.org\/{rel}","templated":true}]}}