{"id":1230,"date":"2008-02-26T12:33:45","date_gmt":"2008-02-26T11:33:45","guid":{"rendered":"http:\/\/www.bushido-lubwart.de\/wordpress\/?page_id=1230"},"modified":"2008-03-05T11:46:55","modified_gmt":"2008-03-05T10:46:55","slug":"kumiteformen","status":"publish","type":"page","link":"https:\/\/www.bushido-lubwart.de\/wordpress\/karate-and-more\/prufungen\/prufungsordnung-dkv\/kumiteformen\/","title":{"rendered":"Kumiteformen"},"content":{"rendered":"<p><strong>Gohon Kumite<\/strong><\/p>\n<p>Beide Partner stehen sich im SHIZENTAI gegen\u00fcber<\/p>\n<p>Gru\u00df im Stand<\/p>\n<p>Der Angreifer findet durch Ausstrecken beider Arme mit F\u00e4usten die richtige Distanz in der gew\u00e4hlten Angriffsstufe.<\/p>\n<p>Einnehmen der Ausgangsstellung ZENKUTSU-DACHI, rechter Fu\u00df zur\u00fcck mit Gedan-Barai.<\/p>\n<p>Ansagen der Angriffsstufe<\/p>\n<p>F\u00fcnfmaliger Angriff; den letzten angriff mit Kiai;<\/p>\n<p>Der Verteidiger ist f\u00fcnfmal mit der Abwehr zur\u00fcckgegangen.<\/p>\n<p>Nach der f\u00fcnften Abwehr kontert er mit Kiai.<\/p>\n<p>Der Verteidiger setzt den hinteren Fu\u00df vor in Shizentai, der Angreifer geht in Shizentai zur\u00fcck.<\/p>\n<p>Das Gleiche von der anderen Seite und danach mit der anderen Angriffsstufe.<\/p>\n<p>Die \u00dcbung wird durch Gru\u00df im Stand beendet.<\/p>\n<p><strong>Sanbon Kumite<\/strong><\/p>\n<p>Wie GOHON KUMITE nur mit drei Angriffen.<\/p>\n<p><strong>Kihon Ippon Kumite<\/strong><\/p>\n<p>Beide Partner stehen sich im SHIZENTAI gegen\u00fcber<\/p>\n<p>Gru\u00df im Stand<\/p>\n<p>Der Angreifer findet durch Ausstrecken beider Arme mit F\u00e4usten die richtige Distanz in der gew\u00e4hlten Angriffsstufe.<\/p>\n<p>Einnehmen der Ausgangsstellung ZENKUTSU-DACHI rechts bzw. links zur\u00fcck mit Gedan-Barai (Fu\u00dfangriffe aus Chudan Kamae)<\/p>\n<p>Ansagen der Angriffsstufe, (2-3 Sek. Konzentration)<\/p>\n<p>Einmaliger Angriff mit Kiai.<\/p>\n<p>Nach Zanshin (2-3 Sek.) R\u00fcckkehr in Shizentai und erneuter Beginn des obenstehenden Vorgangs.<\/p>\n<p>Die \u00dcbung wird durch Gru\u00df im Stand beendet.<\/p>\n<p><strong>Kaeshi Ippon Kumite<\/strong><\/p>\n<p>Beide Partner stehen in Zenkutsu-Dachi in Chudan-Kamae.<\/p>\n<p>Tori greift mit der ersten Technik an, Uke geht einen Schritt mit Abwehr zur\u00fcck; anschlie\u00dfend greift Uke selbst mit einem ganzen Schritt mit einer neuen Technik an.<\/p>\n<p>Tori (jetzt als Verteidiger) geht mit einer Abwehr zur\u00fcck und punktet mit Gegenangriff.<\/p>\n<p><strong>Jiyu Ippon Kumite<\/strong><\/p>\n<p>Das JIYU-IPPON-KUMITE ist die letzte Stufe vor dem Jiyu Kumite (freier Kampf). Daher h\u00e4ngt die Ausf\u00fchrung davon ab, inwieweit sich der Karateka vom KIHON-IPPON-KUMITE zum freien Kampf entwickelt hat. Je weniger er den freien Kampf beherrscht, desto formaler sollte der Ablauf des JIYU-IPPON-KUMITE gezeigt werden.<\/p>\n<p>Grunds\u00e4tzlich gilt:<\/p>\n<p>Sinnvolles Bewegen des Angreifers vor dem Angriff ist erw\u00fcnscht, um sich eine Gelegenheit zum Angriff zu erarbeiten. Dabei mu\u00df der Verteidiger die Angriffsfl\u00e4che freigeben.<\/p>\n<p>Der Verteidiger soll vor dem Angriff so wenig wie m\u00f6glich zur\u00fcckweichen, um dem Angreifer die Einnahme des gew\u00fcnschten Abstands zu erm\u00f6glichen.<\/p>\n<p>Der Angriff soll stehen gelassen werden, um einen korrekten Gegenangriff zu erm\u00f6glichen. Der Gegenangriff mu\u00df zur\u00fcckgeschnappt werden!<\/p>\n<p>Nach dem Gegenangriff wahren beide Partner Zanshin durch Auseinanderr\u00fccken und Einnehmen von Chudan Kamae, bevor sie in die neue Ausgangsstellung zur\u00fcckkehren.<\/p>\n<p>Der Angreifer soll zeigen, da\u00df er den Verteidiger ohne dessen Abwehr h\u00e4tte ernsthaft gef\u00e4hrden k\u00f6nnen.<\/p>\n<p>Der Verteidiger mu\u00df dem Angriff standhalten k\u00f6nnen und hat in seinem Gegenangriff eine hohe Effektivit\u00e4t und ein H\u00f6chstma\u00df an Kontrolle zu zeigen, da der Angreifer den Gegenangriff nicht abwehrt.<\/p>\n<p>Deai-Techniken, d.h. Kontertechniken, die gleichzeitig mit der Technik des Angreifers ausgef\u00fchrt werden, sind im Pr\u00fcfungskumite nicht erw\u00fcnscht.<\/p>\n<p><strong>Jiyu Kumite<\/strong><\/p>\n<p>Im JIYU KUMITE der Pr\u00fcfung soll der K\u00e4mpfer demonstrieren, da\u00df er sich mit den gelernten Techniken frei bewegen und diese ohne eigene oder die Gef\u00e4hrdung des Gegners anwenden kann. Dabei ist unerheblich, wer den Pr\u00fcfungskampf &#8222;gewinnt&#8220;.<\/p>\n<p>Sinnvolle Kampfhaltung, richtiges Abstandsgef\u00fchl, insbesondere f\u00fcr die ausgef\u00fchrten Techniken, Erkennen und Ergreifen von &#8222;Gelegenheiten&#8220;, die F\u00e4higkeit einen &#8222;Ippon&#8220; (Kampfpunkt) zu erreichen, Konditionsst\u00e4rke und nicht zuletzt Fairness sind Kriterien des Jiyu Kumite.<\/p>\n<table CLASS=\"\">\n<tr>\n<td CLASS=\"\"><a href=\"http:\/\/www.bushido-lubwart.de\/wordpress\/?page_id=1229\">7. Dan<\/a><\/td>\n<td CLASS=\"\"><a href=\"http:\/\/www.bushido-lubwart.de\/wordpress\/?page_id=1207\">DKV Pr\u00fcfungs\u00fcbersicht<\/a><\/td>\n<td CLASS=\"\"><a href=\"http:\/\/www.bushido-lubwart.de\/wordpress\/?page_id=1208\">Vorwort<\/a><\/td>\n<\/tr>\n<\/table>\n","protected":false},"excerpt":{"rendered":"<p>Gohon Kumite Beide Partner stehen sich im SHIZENTAI gegen\u00fcber Gru\u00df im Stand Der Angreifer findet durch Ausstrecken beider Arme mit F\u00e4usten die richtige Distanz in der gew\u00e4hlten Angriffsstufe. Einnehmen der Ausgangsstellung ZENKUTSU-DACHI, rechter Fu\u00df zur\u00fcck mit Gedan-Barai. Ansagen der Angriffsstufe F\u00fcnfmaliger Angriff; den letzten angriff mit Kiai; Der Verteidiger ist f\u00fcnfmal mit der Abwehr zur\u00fcckgegangen. [&hellip;]<\/p>\n","protected":false},"author":2,"featured_media":0,"parent":1207,"menu_order":23,"comment_status":"open","ping_status":"open","template":"","meta":{"ngg_post_thumbnail":0,"footnotes":""},"class_list":["post-1230","page","type-page","status-publish","hentry"],"_links":{"self":[{"href":"https:\/\/www.bushido-lubwart.de\/wordpress\/wp-json\/wp\/v2\/pages\/1230"}],"collection":[{"href":"https:\/\/www.bushido-lubwart.de\/wordpress\/wp-json\/wp\/v2\/pages"}],"about":[{"href":"https:\/\/www.bushido-lubwart.de\/wordpress\/wp-json\/wp\/v2\/types\/page"}],"author":[{"embeddable":true,"href":"https:\/\/www.bushido-lubwart.de\/wordpress\/wp-json\/wp\/v2\/users\/2"}],"replies":[{"embeddable":true,"href":"https:\/\/www.bushido-lubwart.de\/wordpress\/wp-json\/wp\/v2\/comments?post=1230"}],"version-history":[{"count":0,"href":"https:\/\/www.bushido-lubwart.de\/wordpress\/wp-json\/wp\/v2\/pages\/1230\/revisions"}],"up":[{"embeddable":true,"href":"https:\/\/www.bushido-lubwart.de\/wordpress\/wp-json\/wp\/v2\/pages\/1207"}],"wp:attachment":[{"href":"https:\/\/www.bushido-lubwart.de\/wordpress\/wp-json\/wp\/v2\/media?parent=1230"}],"curies":[{"name":"wp","href":"https:\/\/api.w.org\/{rel}","templated":true}]}}