{"id":1211,"date":"2008-02-26T12:13:42","date_gmt":"2008-02-26T11:13:42","guid":{"rendered":"http:\/\/www.bushido-lubwart.de\/wordpress\/?page_id=1211"},"modified":"2008-03-05T11:30:54","modified_gmt":"2008-03-05T10:30:54","slug":"kihon","status":"publish","type":"page","link":"https:\/\/www.bushido-lubwart.de\/wordpress\/karate-and-more\/prufungen\/prufungsordnung-dkv\/kihon\/","title":{"rendered":"Kihon"},"content":{"rendered":"<p>Die folgenden Grunds\u00e4tze sind bei den Pr\u00fcfungen zu beachten:<\/p>\n<p>Alle Keri-Techniken werden grunds\u00e4tzlich (wenn nichts anderes vorgeschrieben ist) Jodan ausgef\u00fchrt. Dabei sind die k\u00f6rperlichen und altersbedingten Gegebenheiten zu ber\u00fccksichtigen und dadurch Ausf\u00fchrungen in einer anderen Stufe m\u00f6glich.<\/p>\n<p>Armtechniken werden grunds\u00e4tzlich (wenn nichts anderes vorgeschrieben ist) Chudan ausgef\u00fchrt.<br \/>\nTechniken und Kombinationen werden, wenn nichts anderes vorgeschrieben ist, 5x gezeigt.<br \/>\nDie Ausf\u00fchrung der Techniken richtet sich grunds\u00e4tzlich nach dem Buch &#8222;KARATE-DO&#8220; von M.Nakayama.<\/p>\n<table CLASS=\"\">\n<tr>\n<td CLASS=\"\"><a HREF=\"http:\/\/www.bushido-lubwart.de\/wordpress\/?page_id=1210\">Dan-Grade<\/a><\/td>\n<td CLASS=\"\"><a HREF=\"http:\/\/www.bushido-lubwart.de\/wordpress\/?page_id=1207\">DKV Pr\u00fcfungs\u00fcbersicht<\/a><\/td>\n<td CLASS=\"\"><a HREF=\"http:\/\/www.bushido-lubwart.de\/wordpress\/?page_id=1212\">Kumite<\/a><\/td>\n<\/tr>\n<\/table>\n","protected":false},"excerpt":{"rendered":"<p>Die folgenden Grunds\u00e4tze sind bei den Pr\u00fcfungen zu beachten: Alle Keri-Techniken werden grunds\u00e4tzlich (wenn nichts anderes vorgeschrieben ist) Jodan ausgef\u00fchrt. Dabei sind die k\u00f6rperlichen und altersbedingten Gegebenheiten zu ber\u00fccksichtigen und dadurch Ausf\u00fchrungen in einer anderen Stufe m\u00f6glich. Armtechniken werden grunds\u00e4tzlich (wenn nichts anderes vorgeschrieben ist) Chudan ausgef\u00fchrt. Techniken und Kombinationen werden, wenn nichts anderes vorgeschrieben [&hellip;]<\/p>\n","protected":false},"author":2,"featured_media":0,"parent":1207,"menu_order":4,"comment_status":"open","ping_status":"open","template":"","meta":{"ngg_post_thumbnail":0,"footnotes":""},"class_list":["post-1211","page","type-page","status-publish","hentry"],"_links":{"self":[{"href":"https:\/\/www.bushido-lubwart.de\/wordpress\/wp-json\/wp\/v2\/pages\/1211"}],"collection":[{"href":"https:\/\/www.bushido-lubwart.de\/wordpress\/wp-json\/wp\/v2\/pages"}],"about":[{"href":"https:\/\/www.bushido-lubwart.de\/wordpress\/wp-json\/wp\/v2\/types\/page"}],"author":[{"embeddable":true,"href":"https:\/\/www.bushido-lubwart.de\/wordpress\/wp-json\/wp\/v2\/users\/2"}],"replies":[{"embeddable":true,"href":"https:\/\/www.bushido-lubwart.de\/wordpress\/wp-json\/wp\/v2\/comments?post=1211"}],"version-history":[{"count":0,"href":"https:\/\/www.bushido-lubwart.de\/wordpress\/wp-json\/wp\/v2\/pages\/1211\/revisions"}],"up":[{"embeddable":true,"href":"https:\/\/www.bushido-lubwart.de\/wordpress\/wp-json\/wp\/v2\/pages\/1207"}],"wp:attachment":[{"href":"https:\/\/www.bushido-lubwart.de\/wordpress\/wp-json\/wp\/v2\/media?parent=1211"}],"curies":[{"name":"wp","href":"https:\/\/api.w.org\/{rel}","templated":true}]}}