{"id":1210,"date":"2008-02-26T12:13:01","date_gmt":"2008-02-26T11:13:01","guid":{"rendered":"http:\/\/www.bushido-lubwart.de\/wordpress\/?page_id=1210"},"modified":"2008-03-05T11:29:57","modified_gmt":"2008-03-05T10:29:57","slug":"dan-grade","status":"publish","type":"page","link":"https:\/\/www.bushido-lubwart.de\/wordpress\/karate-and-more\/prufungen\/prufungsordnung-dkv\/dan-grade\/","title":{"rendered":"Dan-Grade"},"content":{"rendered":"<p><strong>Dan sein hei\u00dft, Vorbild sein!<\/strong><\/p>\n<p>Bezogen auf die innere Reife, die sich auch in den Techniken ausdr\u00fcckt, f\u00fchrt der Pr\u00fcfling seine Ausbildung fort. Erlaubt der Pr\u00fcfer eine Graduierung ohne diese Reife, dient dies weder dem Pr\u00fcfling noch dem Karate.<\/p>\n<p>In allen Pr\u00fcfungsteilen mu\u00df der Pr\u00fcfling eine vorbildliche Haltung und Ausf\u00fchrung zeigen k\u00f6nnen, um sich als Meister gegen\u00fcber den Sch\u00fclern deutlich zu unterscheiden.<\/p>\n<p>Dies dr\u00fcckt sich auch in dem schwindenden Anteil praktischer Pr\u00fcfungsteile der h\u00f6heren Dan &#8211; Grade aus.<\/p>\n<table CLASS=\"\">\n<tr>\n<td CLASS=\"\"><a HREF=\"http:\/\/www.bushido-lubwart.de\/wordpress\/?page_id=1209\">Schwerpunkte<\/a><\/td>\n<td CLASS=\"\"><a HREF=\"http:\/\/www.bushido-lubwart.de\/wordpress\/?page_id=1207\">DKV Pr\u00fcfungs\u00fcbersicht<\/a><\/td>\n<td CLASS=\"\"><a HREF=\"http:\/\/www.bushido-lubwart.de\/wordpress\/?page_id=1211\">Kihon<\/a><\/td>\n<\/tr>\n<\/table>\n","protected":false},"excerpt":{"rendered":"<p>Dan sein hei\u00dft, Vorbild sein! Bezogen auf die innere Reife, die sich auch in den Techniken ausdr\u00fcckt, f\u00fchrt der Pr\u00fcfling seine Ausbildung fort. Erlaubt der Pr\u00fcfer eine Graduierung ohne diese Reife, dient dies weder dem Pr\u00fcfling noch dem Karate. In allen Pr\u00fcfungsteilen mu\u00df der Pr\u00fcfling eine vorbildliche Haltung und Ausf\u00fchrung zeigen k\u00f6nnen, um sich als [&hellip;]<\/p>\n","protected":false},"author":2,"featured_media":0,"parent":1207,"menu_order":3,"comment_status":"open","ping_status":"open","template":"","meta":{"ngg_post_thumbnail":0,"footnotes":""},"class_list":["post-1210","page","type-page","status-publish","hentry"],"_links":{"self":[{"href":"https:\/\/www.bushido-lubwart.de\/wordpress\/wp-json\/wp\/v2\/pages\/1210"}],"collection":[{"href":"https:\/\/www.bushido-lubwart.de\/wordpress\/wp-json\/wp\/v2\/pages"}],"about":[{"href":"https:\/\/www.bushido-lubwart.de\/wordpress\/wp-json\/wp\/v2\/types\/page"}],"author":[{"embeddable":true,"href":"https:\/\/www.bushido-lubwart.de\/wordpress\/wp-json\/wp\/v2\/users\/2"}],"replies":[{"embeddable":true,"href":"https:\/\/www.bushido-lubwart.de\/wordpress\/wp-json\/wp\/v2\/comments?post=1210"}],"version-history":[{"count":0,"href":"https:\/\/www.bushido-lubwart.de\/wordpress\/wp-json\/wp\/v2\/pages\/1210\/revisions"}],"up":[{"embeddable":true,"href":"https:\/\/www.bushido-lubwart.de\/wordpress\/wp-json\/wp\/v2\/pages\/1207"}],"wp:attachment":[{"href":"https:\/\/www.bushido-lubwart.de\/wordpress\/wp-json\/wp\/v2\/media?parent=1210"}],"curies":[{"name":"wp","href":"https:\/\/api.w.org\/{rel}","templated":true}]}}