{"id":1196,"date":"2008-02-26T11:52:36","date_gmt":"2008-02-26T10:52:36","guid":{"rendered":"http:\/\/www.bushido-lubwart.de\/wordpress\/?page_id=1196"},"modified":"2008-03-05T11:10:33","modified_gmt":"2008-03-05T10:10:33","slug":"9-kyu","status":"publish","type":"page","link":"https:\/\/www.bushido-lubwart.de\/wordpress\/karate-and-more\/prufungen\/prufungsordnung-srd\/9-kyu\/","title":{"rendered":"9. Kyu"},"content":{"rendered":"<p><strong>Kihon<\/strong><\/p>\n<p>1. Oi-Zuki Zenkutsu-Dachi (vorw\u00e4rts und r\u00fcckw\u00e4rts)<\/p>\n<p>2. Age-Uke Zenkutsu-Dachi<\/p>\n<p>3. Uchi-Uke Zenkutsu-Dachi<\/p>\n<p>4. Gedan-Barai Zenkutsu-Dachi<\/p>\n<p>5. Soto-Uke Zenkutsu-Dachi<\/p>\n<p>6. Mae-Geri Zenkutsu-Dachi Mawate Zenkutsu-Dachi<\/p>\n<p>7. vor- und zur\u00fccklaufen im Kokutsu-Dachi; Arme sind seitlich mit geschlossener Faust zu halten<\/p>\n<p>8.nach links und rechts laufen im Kiba-Dachi mit \u00dcbersetzschritt vorn, Arme wie vor.<\/p>\n<p><strong>Kata<\/strong><\/p>\n<p>wird nicht gefordert<\/p>\n<p><strong>Kumite<\/strong><\/p>\n<p>1. Angriff Oi-Zuki Jodan Zenkutsu Dachi &#8211; Verteidigung Age Uke Zenkutsu Dachi<\/p>\n<p>2. Age-Uke Zenkutsu Dachi Angriff Oi-Zuki Chudan Zenkutsu Dachi &#8211; Verteidigung Soto-Ude-Uke Zenkutsu Dachi<\/p>\n<p>3. Angriff Oi-Zuki Gedan Zenkutsu Dachi &#8211; Verteidigung Gedan-Barai Zenkutsu Dachi<\/p>\n<p><strong>Der Pr\u00fcfer legt wert auf:<\/strong><\/p>\n<p>Das richtige Bewegen in den Stellungen.<\/p>\n<table CLASS=\"\">\n<tr>\n<td CLASS=\"\"><a HREF=\"http:\/\/www.bushido-lubwart.de\/wordpress\/?page_id=1195\">Ablauf der Pr\u00fcfung<\/a><\/td>\n<td CLASS=\"\"><a HREF=\"http:\/\/www.bushido-lubwart.de\/wordpress\/?page_id=1187\">SRD Pr\u00fcfungs\u00fcbersicht<\/a><\/td>\n<td CLASS=\"\"><a HREF=\"http:\/\/www.bushido-lubwart.de\/wordpress\/?page_id=1197\">8. Kyu<\/a><\/td>\n<\/tr>\n<\/table>\n","protected":false},"excerpt":{"rendered":"<p>Kihon 1. Oi-Zuki Zenkutsu-Dachi (vorw\u00e4rts und r\u00fcckw\u00e4rts) 2. Age-Uke Zenkutsu-Dachi 3. Uchi-Uke Zenkutsu-Dachi 4. Gedan-Barai Zenkutsu-Dachi 5. Soto-Uke Zenkutsu-Dachi 6. Mae-Geri Zenkutsu-Dachi Mawate Zenkutsu-Dachi 7. vor- und zur\u00fccklaufen im Kokutsu-Dachi; Arme sind seitlich mit geschlossener Faust zu halten 8.nach links und rechts laufen im Kiba-Dachi mit \u00dcbersetzschritt vorn, Arme wie vor. Kata wird nicht gefordert [&hellip;]<\/p>\n","protected":false},"author":2,"featured_media":0,"parent":1187,"menu_order":9,"comment_status":"open","ping_status":"open","template":"","meta":{"ngg_post_thumbnail":0,"footnotes":""},"class_list":["post-1196","page","type-page","status-publish","hentry"],"_links":{"self":[{"href":"https:\/\/www.bushido-lubwart.de\/wordpress\/wp-json\/wp\/v2\/pages\/1196"}],"collection":[{"href":"https:\/\/www.bushido-lubwart.de\/wordpress\/wp-json\/wp\/v2\/pages"}],"about":[{"href":"https:\/\/www.bushido-lubwart.de\/wordpress\/wp-json\/wp\/v2\/types\/page"}],"author":[{"embeddable":true,"href":"https:\/\/www.bushido-lubwart.de\/wordpress\/wp-json\/wp\/v2\/users\/2"}],"replies":[{"embeddable":true,"href":"https:\/\/www.bushido-lubwart.de\/wordpress\/wp-json\/wp\/v2\/comments?post=1196"}],"version-history":[{"count":0,"href":"https:\/\/www.bushido-lubwart.de\/wordpress\/wp-json\/wp\/v2\/pages\/1196\/revisions"}],"up":[{"embeddable":true,"href":"https:\/\/www.bushido-lubwart.de\/wordpress\/wp-json\/wp\/v2\/pages\/1187"}],"wp:attachment":[{"href":"https:\/\/www.bushido-lubwart.de\/wordpress\/wp-json\/wp\/v2\/media?parent=1196"}],"curies":[{"name":"wp","href":"https:\/\/api.w.org\/{rel}","templated":true}]}}