{"id":1173,"date":"2008-02-26T11:28:03","date_gmt":"2008-02-26T10:28:03","guid":{"rendered":"http:\/\/www.bushido-lubwart.de\/wordpress\/?page_id=1173"},"modified":"2008-03-05T09:18:00","modified_gmt":"2008-03-05T08:18:00","slug":"dan-grade","status":"publish","type":"page","link":"https:\/\/www.bushido-lubwart.de\/wordpress\/karate-and-more\/prufungen\/prufungsordnung-ajka\/dan-grade\/","title":{"rendered":"Dan-Grade"},"content":{"rendered":"<p><strong>1. Dan<\/strong><\/p>\n<p>Auf diesem Niveau sollte der Pr\u00fcfling in der Lage sein, die grundlegenden Techniken kraftvoll und fokussiert auszuf\u00fchren, sowie anzuwenden. Grundliegende Kombinationen m\u00fcssen effektiv vorgetragen werden.<\/p>\n<p><strong>2. Dan<\/strong><\/p>\n<p>Der Pr\u00fcfling sollte in der Lage sein alle grundlegenden Techniken und Kombinationen auszuf\u00fchren. Er sollte in der Lage sein, auf die nat\u00fcrlichen Grenzen des eigenen K\u00f6rpers R\u00fccksicht zu nehmen und diese auszugleichen.<\/p>\n<p><strong>3. Dan<\/strong><\/p>\n<p>Der Pr\u00fcfling muss die den Technken zugrundeliegenden Prinzipien verstanden haben. Er muss in der Lage sein, Techniken und sich ver\u00e4ndernden Umst\u00e4nden auszuf\u00fchren und anzuwenden.<\/p>\n<p><strong>4. Dan<\/strong><\/p>\n<p>Der Pr\u00fcfling sollte die Prinzipien des K\u00f6rpereinsatzes in der Technik tiefgr\u00fcndig verstanden haben und in der Lage sein, diese anderen zu unterrichten. Es ist erforderlich, dass eine schriftliche Ausarbeitung zu einem speziellen Unterrichtsthema eingereicht wird.<\/p>\n<p><strong>5. Dan<\/strong><\/p>\n<p>Die Forschung auf einem begrenzten Gebiet des Karate-Do sollte abgeschlossen sein. Der Pr\u00fcfling muss in der Lage sein, dass Thema zu erkl\u00e4ren und zu demonstrieren.<\/p>\n<p><strong>6. Dan<\/strong><\/p>\n<p>Aus einem eigenen Beitrag zu physischen und mentalen Aspekten des Karate-Do sollte ein Nutzen zugunsten anderer abzuleiten sein.<\/p>\n<p><strong>7. Dan<\/strong><\/p>\n<p>Der Einzelne sollte fortgeschrittene Forschung abgeschlossen haben und in der Lage sein, dies im praktischen Unterricht anzuwenden.<\/p>\n<table CLASS=\"\">\n<tr>\n<td CLASS=\"\"><a HREF=\"http:\/\/www.bushido-lubwart.de\/wordpress\/?page_id=1172\">Kyu Grade<\/a><\/td>\n<td CLASS=\"\"><a HREF=\"http:\/\/www.bushido-lubwart.de\/wordpress\/?page_id=1169\">AJKA-Pr\u00fcfungs\u00fcbersicht<\/a><\/td>\n<td CLASS=\"\"><a HREF=\"http:\/\/www.bushido-lubwart.de\/wordpress\/?page_id=1174\">8. Kyu <\/a><\/td>\n<\/tr>\n<\/table>\n","protected":false},"excerpt":{"rendered":"<p>1. Dan Auf diesem Niveau sollte der Pr\u00fcfling in der Lage sein, die grundlegenden Techniken kraftvoll und fokussiert auszuf\u00fchren, sowie anzuwenden. Grundliegende Kombinationen m\u00fcssen effektiv vorgetragen werden. 2. Dan Der Pr\u00fcfling sollte in der Lage sein alle grundlegenden Techniken und Kombinationen auszuf\u00fchren. Er sollte in der Lage sein, auf die nat\u00fcrlichen Grenzen des eigenen K\u00f6rpers [&hellip;]<\/p>\n","protected":false},"author":2,"featured_media":0,"parent":1169,"menu_order":4,"comment_status":"open","ping_status":"open","template":"","meta":{"ngg_post_thumbnail":0,"footnotes":""},"class_list":["post-1173","page","type-page","status-publish","hentry"],"_links":{"self":[{"href":"https:\/\/www.bushido-lubwart.de\/wordpress\/wp-json\/wp\/v2\/pages\/1173"}],"collection":[{"href":"https:\/\/www.bushido-lubwart.de\/wordpress\/wp-json\/wp\/v2\/pages"}],"about":[{"href":"https:\/\/www.bushido-lubwart.de\/wordpress\/wp-json\/wp\/v2\/types\/page"}],"author":[{"embeddable":true,"href":"https:\/\/www.bushido-lubwart.de\/wordpress\/wp-json\/wp\/v2\/users\/2"}],"replies":[{"embeddable":true,"href":"https:\/\/www.bushido-lubwart.de\/wordpress\/wp-json\/wp\/v2\/comments?post=1173"}],"version-history":[{"count":0,"href":"https:\/\/www.bushido-lubwart.de\/wordpress\/wp-json\/wp\/v2\/pages\/1173\/revisions"}],"up":[{"embeddable":true,"href":"https:\/\/www.bushido-lubwart.de\/wordpress\/wp-json\/wp\/v2\/pages\/1169"}],"wp:attachment":[{"href":"https:\/\/www.bushido-lubwart.de\/wordpress\/wp-json\/wp\/v2\/media?parent=1173"}],"curies":[{"name":"wp","href":"https:\/\/api.w.org\/{rel}","templated":true}]}}