{"id":1161,"date":"2008-02-26T10:48:32","date_gmt":"2008-02-26T09:48:32","guid":{"rendered":"http:\/\/www.bushido-lubwart.de\/wordpress\/?page_id=1161"},"modified":"2008-02-26T10:48:32","modified_gmt":"2008-02-26T09:48:32","slug":"fragen","status":"publish","type":"page","link":"https:\/\/www.bushido-lubwart.de\/wordpress\/karate-and-more\/hintergrunde\/verschiedenes\/fragen\/","title":{"rendered":"Fragen"},"content":{"rendered":"<p>Warum gehe ich eigentlich zum Karate-Training und Warum besuche ich Lehrg\u00e4nge?<\/p>\n<p>Ich bin trainiere schon seit Jahren Karate &#8211; aber Warum?<\/p>\n<p>Warum habe ich mit dem Training angefangen? &#8211; Ach ja &#8211; Weil ich schwach war. Nun bin ich st\u00e4rker und kr\u00e4ftiger geworden und gehe immer noch zum Training&#8230;<\/p>\n<p>Ist das Training f\u00fcr mich vielleicht zur Sucht geworden?<\/p>\n<p>Oder liegt der Grund vielleicht darin, dass ich gern der Gr\u00f6\u00dfte in meiner Klasse sein will?<\/p>\n<p>Oder habe ich zuviel Geld?<\/p>\n<p>Oder bin ich einfach nur krank?!<\/p>\n","protected":false},"excerpt":{"rendered":"<p>Warum gehe ich eigentlich zum Karate-Training und Warum besuche ich Lehrg\u00e4nge? Ich bin trainiere schon seit Jahren Karate &#8211; aber Warum? Warum habe ich mit dem Training angefangen? &#8211; Ach ja &#8211; Weil ich schwach war. Nun bin ich st\u00e4rker und kr\u00e4ftiger geworden und gehe immer noch zum Training&#8230; Ist das Training f\u00fcr mich vielleicht [&hellip;]<\/p>\n","protected":false},"author":2,"featured_media":0,"parent":1127,"menu_order":34,"comment_status":"open","ping_status":"open","template":"","meta":{"ngg_post_thumbnail":0,"footnotes":""},"class_list":["post-1161","page","type-page","status-publish","hentry"],"_links":{"self":[{"href":"https:\/\/www.bushido-lubwart.de\/wordpress\/wp-json\/wp\/v2\/pages\/1161"}],"collection":[{"href":"https:\/\/www.bushido-lubwart.de\/wordpress\/wp-json\/wp\/v2\/pages"}],"about":[{"href":"https:\/\/www.bushido-lubwart.de\/wordpress\/wp-json\/wp\/v2\/types\/page"}],"author":[{"embeddable":true,"href":"https:\/\/www.bushido-lubwart.de\/wordpress\/wp-json\/wp\/v2\/users\/2"}],"replies":[{"embeddable":true,"href":"https:\/\/www.bushido-lubwart.de\/wordpress\/wp-json\/wp\/v2\/comments?post=1161"}],"version-history":[{"count":0,"href":"https:\/\/www.bushido-lubwart.de\/wordpress\/wp-json\/wp\/v2\/pages\/1161\/revisions"}],"up":[{"embeddable":true,"href":"https:\/\/www.bushido-lubwart.de\/wordpress\/wp-json\/wp\/v2\/pages\/1127"}],"wp:attachment":[{"href":"https:\/\/www.bushido-lubwart.de\/wordpress\/wp-json\/wp\/v2\/media?parent=1161"}],"curies":[{"name":"wp","href":"https:\/\/api.w.org\/{rel}","templated":true}]}}

<p>Warum gehe ich eigentlich zum Karate-Training und Warum besuche ich Lehrgänge?</p>
<p>Ich bin trainiere schon seit Jahren Karate &#8211; aber Warum?</p>
<p>Warum habe ich mit dem Training angefangen? &#8211; Ach ja &#8211; Weil ich schwach war. Nun bin ich stärker und kräftiger geworden und gehe immer noch zum Training&#8230;</p>
<p>Ist das Training für mich vielleicht zur Sucht geworden?</p>
<p>Oder liegt der Grund vielleicht darin, dass ich gern der Größte in meiner Klasse sein will?</p>
<p>Oder habe ich zuviel Geld?</p>
<p>Oder bin ich einfach nur krank?!</p>

<p>Warum gehe ich eigentlich zum Karate-Training und Warum besuche ich Lehrgänge? Ich bin trainiere schon seit Jahren Karate &#8211; aber Warum? Warum habe ich mit dem Training angefangen? &#8211; Ach ja &#8211; Weil ich schwach war. Nun bin ich stärker und kräftiger geworden und gehe immer noch zum Training&#8230; Ist das Training für mich vielleicht [&hellip;]</p>
