{"id":1142,"date":"2008-02-26T09:31:52","date_gmt":"2008-02-26T08:31:52","guid":{"rendered":"http:\/\/www.bushido-lubwart.de\/wordpress\/?page_id=1142"},"modified":"2008-02-26T09:31:52","modified_gmt":"2008-02-26T08:31:52","slug":"muskeln-trainieren-aber-richtig","status":"publish","type":"page","link":"https:\/\/www.bushido-lubwart.de\/wordpress\/karate-and-more\/hintergrunde\/verschiedenes\/muskeln-trainieren-aber-richtig\/","title":{"rendered":"Muskeln trainieren aber richtig"},"content":{"rendered":"<p>Wer st\u00e4ndig \u00fcber seine Verh\u00e4ltnisse lebst, ist auch irgendwann pleite. Will man die maximale Leistungsf\u00e4higkeit erreichen, braucht man eine vollst\u00e4ndige Erholung.<\/p>\n<p>Die Muskeln haben eine bestimmte Leistungsf\u00e4higkeit. Will man sie voll ausnutzen, muss man ihnen auch Zeit zur Erholung lassen. Warum wohl gibt es im Leistungssport vor einem Wettkampf keine vollen Trainingsbelastungen mehr? Warum wird die Trainingsintensit\u00e4t vor einem Wettkampf drastisch zur\u00fcckgefahren?<\/p>\n<p>Wenn man vom Muskel immer mehr fordert als man ihm Zeit gibt sich zu regenerieren, f\u00e4llt die Leistungskurve ab, der Mensch baut ab und wenn man nichts \u00e4ndert, dann steht am Ende auf dem Totenschein: &#8222;Tod durch Ersch\u00f6pfung&#8220;. Es gab mal Leute, die haben dies im Zusammenspiel mit Essenentzug und schlechter Ern\u00e4hrung sogar noch perfektioniert. Da tritt das Ergebnis noch viel schneller ein.<\/p>\n<p>Aber normalerweise greift da der Selbstschutz unseres Organismus vorher ein, damit diese gef\u00e4hrliche Grenze (Tod durch Ersch\u00f6pfung) im Regelfall nicht \u00fcberschritten wird. Vorher steht meist Ohnmacht oder Bewusstlosigkeit. Daher ist die Leistungsgrenze bei ca. 80% des m\u00f6glichen erreicht. Extrem-Sportler k\u00f6nnen auch noch bis zu etwa 90% herankommen. Durch Doping oder auch in extremen Belastungssituationen kann man diese nat\u00fcrliche \u00fcberschreiten und an die 100% kommen. Sind diese erreicht dann das bedeutet das exitus. Genau deshalb ist Doping so gef\u00e4hrlich. Von der Fairness mal abgesehen&#8230;<\/p>\n<p>Wie gesagt: Es geht nicht darum, dass der Muskel sich zu 100% regenerieren muss, bevor man ihn wieder belasten darf. Es geht darum, dass man mit einem sinnvollem Training den Muskel aufbauen kann. Hierzu geh\u00f6ren Belastungsphasen und auch Erholungsphasen. Hat der Muskel keine Zeit zur Erholung, kann man zwar weitertrainieren, aber es tritt kein Trainingseffekt ein, d.h. man tritt auf der Stelle oder aber der Muskel baut im Gegenteil sogar ab. Frag einen Sportmediziner, der wird dir das sicherlich noch viel viel detailierter erkl\u00e4ren k\u00f6nnen.<\/p>\n<p>Eine Erholungsphase f\u00fcr die Armmuskeln bedeutet beispielsweise dass man statt dessen die Beinmuskulatur mehr beansprucht &#8230; So kann man die ganze Woche \u00fcber jeden Tag hart trainieren, wobei aber bestimmte Muskelgruppen st\u00e4rker gefordert werden als andere und man somit bestimmten Muskelgruppen die n\u00f6tige Erholungspause verschafft.<\/p>\n<p>Eine Verbesserung \/ Verst\u00e4rkung einer Bewegung ist durch zwei wesentliche Dinge zu erreichen:<br \/>\na) Analysierung und Optimierung \/ Verbesserung der Bewegung selbst &#8211; dadurch Erh\u00f6hung der Energie \/ Kraft<br \/>\nb) gezieltes Training hinsichtlich korrektem Muskeleinsatz. Falsche Muskelanspannung \/ Reihenfolge der Muskelanspannung f\u00fchrt zu vorsichtig ausgedr\u00fcckt suboptimalen Techniken.<\/p>\n<p>Ein korrektes Training sollte immer darauf abzielen, die Muskeln gezielt zu entwickelen, damit diese die sportartspezifischen Anforderungen \/ Belastungen bestm\u00f6glich umsetzen k\u00f6nnen. Hierbei geht es nicht prim\u00e4r darum, Muskelpakete aufzubauen. Muskelvolumen ist schlie\u00dflich bekannterma\u00dfen nicht gleichzusetzen mit Muskelkraft.<\/p>\n<p>Kraft ergibt sich aus der F\u00e4higkeit des Muskels zu kontrahieren. Je schneller und st\u00e4rker der Muskel kontrahieren kann, desto st\u00e4rker ist er. Hier muss das Training ansetzen. Nur einen bereits erm\u00fcdeten Muskel kann man nicht mehr weiteren Belastungen aussetzen und dabei auf einen entsprechenden positiven Trainingseffekt hoffen.<\/p>\n","protected":false},"excerpt":{"rendered":"<p>Wer st\u00e4ndig \u00fcber seine Verh\u00e4ltnisse lebst, ist auch irgendwann pleite. Will man die maximale Leistungsf\u00e4higkeit erreichen, braucht man eine vollst\u00e4ndige Erholung. Die Muskeln haben eine bestimmte Leistungsf\u00e4higkeit. Will man sie voll ausnutzen, muss man ihnen auch Zeit zur Erholung lassen. Warum wohl gibt es im Leistungssport vor einem Wettkampf keine vollen Trainingsbelastungen mehr? Warum wird [&hellip;]<\/p>\n","protected":false},"author":2,"featured_media":0,"parent":1127,"menu_order":15,"comment_status":"open","ping_status":"open","template":"","meta":{"ngg_post_thumbnail":0,"footnotes":""},"class_list":["post-1142","page","type-page","status-publish","hentry"],"_links":{"self":[{"href":"https:\/\/www.bushido-lubwart.de\/wordpress\/wp-json\/wp\/v2\/pages\/1142"}],"collection":[{"href":"https:\/\/www.bushido-lubwart.de\/wordpress\/wp-json\/wp\/v2\/pages"}],"about":[{"href":"https:\/\/www.bushido-lubwart.de\/wordpress\/wp-json\/wp\/v2\/types\/page"}],"author":[{"embeddable":true,"href":"https:\/\/www.bushido-lubwart.de\/wordpress\/wp-json\/wp\/v2\/users\/2"}],"replies":[{"embeddable":true,"href":"https:\/\/www.bushido-lubwart.de\/wordpress\/wp-json\/wp\/v2\/comments?post=1142"}],"version-history":[{"count":0,"href":"https:\/\/www.bushido-lubwart.de\/wordpress\/wp-json\/wp\/v2\/pages\/1142\/revisions"}],"up":[{"embeddable":true,"href":"https:\/\/www.bushido-lubwart.de\/wordpress\/wp-json\/wp\/v2\/pages\/1127"}],"wp:attachment":[{"href":"https:\/\/www.bushido-lubwart.de\/wordpress\/wp-json\/wp\/v2\/media?parent=1142"}],"curies":[{"name":"wp","href":"https:\/\/api.w.org\/{rel}","templated":true}]}}