{"id":1130,"date":"2008-02-26T09:16:59","date_gmt":"2008-02-26T08:16:59","guid":{"rendered":"http:\/\/www.bushido-lubwart.de\/wordpress\/?page_id=1130"},"modified":"2008-02-26T09:16:59","modified_gmt":"2008-02-26T08:16:59","slug":"sempai-oder-sensei","status":"publish","type":"page","link":"https:\/\/www.bushido-lubwart.de\/wordpress\/karate-and-more\/hintergrunde\/verschiedenes\/sempai-oder-sensei\/","title":{"rendered":"Sempai oder Sensei"},"content":{"rendered":"<p>Als Senpai oder Sempai bezeichnet man nie einen \u00e4lteren Sch\u00fcler, zu dem man eine direkte Beziehung pflegt, der im Dojo unterrichtet. Ein Sempai ist ein Mentor, d.h. ein \u00e4lterer Sch\u00fcler, der sich ganz speziell eines j\u00fcngeren (neuen) Sch\u00fclers annimmt und ihm weiterhilft und unterst\u00fctzt, wo er nur kann. Deshalb ist ein \u00e4lterer Sch\u00fcler, der vorn steht und unterrichtet fast nie der Sempai, f\u00fcr die anderen, denn er kann wohl kaum ein solch besonderes und inniges Verh\u00e4ltnis zur ganzen Klasse pflegen.<\/p>\n<p>Ein Lehrer wird sich selbst nie als Sensei bezeichnen. Wenn er von sich selbst spricht, verwendet er das Wort &#8222;Kyoshi&#8220;, was Lehrer bedeutet. Sensei ist eine Anredeform, die andere verwenden, wenn sie den Lehrer ansprechen. Es ist aber gleichfalls die Anrede f\u00fcr \u00c4rzte und Rechtsanw\u00e4lte.<\/p>\n<p>Es gibt in Japan keine Alters- oder Graduierungsgrenze, die erreicht sein muss, um als Sensei angesprochen zu werden.<\/p>\n<p>Wer unterrichtet, ist der Sensei &#8211; ganz gleich ob es ein Blau-, ein Braun- oder ein Schwarzgurt ist. In Japan werden Lehrer nicht mit &#8222;Herr Kobayashi&#8220; (Kobayashi san) angesprochen, sondern mit &#8222;Kobayashi sensei&#8220;. Unabh\u00e4ngig davon kann jedoch der Lehrer, Sensei, aufgrund eines besonderen Verh\u00e4ltnisses zugleich auch der Sempai sein. Nat\u00fcrlich w\u00fcrde man in Japan in diesem Fall der H\u00f6flichkeit halber wohl schon eher die Anrede &#8222;Sensei&#8220; w\u00e4hlen.<\/p>\n<p>Es ist eine Unsitte der westlichen Welt, alles nachzuahmen und auch hier einzuf\u00fchren, ohne den rechten Sinn der \u00dcbung zu verstehen. Vieles in Japan (und anderswo im Fernen Osten) ist der Tradition entwachsen und existiert schon sehr lange. Wir m\u00fcssen uns nicht abm\u00fchen und versuchen, diesen Traditionen hier in unserer Welt neue Sinne zu verleihen, die es in Wirklichkeit nie gegeben hat.<\/p>\n<p>Ein Sensei ist jemand, der mich etwas lehrt, der mich positiv beeinflusst.<\/p>\n<p>Selbst Schwarzgurte haben niedriger Graduierte mit Sensei angesprochen, wenn diese unterrichten mussten.<\/p>\n<p>Wer wen einen Lehrer nennt, ist doch die Sache eines jeden Einzelnen. In Japan ist die Anrede &#8222;Sensei&#8220; eine Frage der H\u00f6flichkeit und des Respekts, den man anderen gegen\u00fcberbringt. Sensei ist grunds\u00e4tzlich jeder, der lehrt &#8211; einfach nur ein Lehrer &#8211; nichts weiter.<\/p>\n<p>Warum sollte man einen Gelbgurt nicht als Lehrer bezeichnen k\u00f6nnen? Was sagt die Graduierung denn \u00fcber den Menschen und seine F\u00e4higkeiten aus? Dies ist doch nur ein \u00e4u\u00dferliches Zeichen, dem eigentlich keinerlei Bedeutung beigemessen werden sollte&#8230;<br \/>\nAuch hier muss ich Dir im Grunde Recht geben, aber Du verkennst eines: Der Sensei ist in Japan immer nur der direkte Lehrer (Leiter) eines Dojo. Auch andere Lehrer im Dojo werden mit Sensei angesprochen, da sie ja auch Lehrer sind, aber hier muss dann aber doch sehr deutlich zwischen der Anrede &#8222;Sensei&#8220; und dem tieferen Sinn des Wortes &#8222;Sensei&#8220; unterschieden werden.<\/p>\n<p>Ich werde hier einmal einen kurzen Abriss zu den 3 wichtigsten Punkten von unserer Homepage einstellen &#8211; vielleicht hilft das ja ein wenig weiter&#8230;<\/p>\n<p><strong>Was ist ein Sensei?<\/strong><\/p>\n<p>Sen ist ein japanischer Ausdruck und bedeutet &#8222;vorn&#8220;. &#8222;Sei&#8220; bedeutet, das &#8222;Leben&#8220;, &#8222;Geburt&#8220; oder &#8222;lebendig&#8220;. Daher ist der Sensei ein Lehrer. Es ist fr\u00fcher geboren und verf\u00fcgt daher f\u00fcr gew\u00f6hnlich \u00fcber mehr Wissen. Man nennt sich nicht selbst Sensei. Dieses Wort wird nur verwendet, wenn man sich an den Lehrer wendet, niemals aber, wenn dieser \u00fcber sich selbst spricht. Das Wort Sensei hat auch die Bedeutung von Respekt und Achtung. Man bezeugt sich selbst jedoch keine Achtung. Wenn man von sich selbst spricht, verwendet man das Wort Kyoshi. Es geziemt sich auch nicht von anderen zu verlangen, als Sensei angeredet zu werden. Es zeugt von Dummheit und Unkultiviertheit obendrein, das Wort Sensei auf Visitenkarten, Jacken, Anz\u00fcgen und Trainingstaschen zu schreiben. Wenn man \u00e4lter als der Lehrer ist, so ist die Verwendung des Wortes Sensei gleichfalls unpassend.<\/p>\n<p><strong>Wie soll ich mich gegen\u00fcber dem Sensei verhalten?<\/strong><\/p>\n<p>Wahrscheinlich ist Dein Lehrer sehr h\u00f6flich und verlangt weder, dass Du Dich vor ihm verbeugst, noch dass Du ihn mit Sensei anredest. Doch gerade hierin liegen die Gefahren. Diskutiere nie mit Deinem Lehrer, wenn er Dir w\u00e4hrend der \u00dcbungsstunde einen Fehler aufzeigt oder Deine Technik verbessert. Auch spitze Bemerkungen und Scherze sind dem Lehrer gegen\u00fcber unangebracht. Liegt Dir das Wort Sensei nicht, dann wende Dich doch einfach mit der Anrede Herr (Name) oder Frau (Name) an Deinen Lehrer.<\/p>\n<p><strong>Wer ist der Senpai?<\/strong><\/p>\n<p>Wenn Du in einer Firma eine Arbeitsstelle \u00fcbernimmst, wird Dich manchmal ein Mentor unter seine Obhut nehmen und Dich in alles Notwendige einweihen. Dies geschieht h\u00e4ufig auch zwischen \u00e4lteren und j\u00fcngeren Sch\u00fclern im Karate. Zumeist sieht der \u00e4ltere Sch\u00fcler in dem j\u00fcngeren ein gewisses Potential und tut dann sein Bestes, um ihm weiter zu helfen. In Japan ist dieser Mentor Dein Senpai. Der Bedeutung nach ist der Senpai immer \u00e4lter und erfahrener. Das zum Begriff &#8222;Sensei&#8220; gesagte gilt auch hier. Es geh\u00f6rt sich nicht, auf der Anrede Senpai zu beharren oder diesen Schriftzug irgendwo auf den pers\u00f6nlichen Sachen zu vermerken. Der Begriff Senpai wird von der westlichen Kulturwelt weit verbreitet missverstanden und sollte daher tunlichst keine Verwendung finden.<\/p>\n<p>Einige meinen, dass stets der am h\u00f6chsten Graduierteste der Sensei sei, w\u00e4hrend der in der Hierarchie zweith\u00f6chste Rang der Senpai sei. Dies ist falsch und zeugt von Unkenntnis der japanischen Kultur. Jeder, der Lehrer oder \u00e4lter als man selbst ist, kann Sensei genannt werden. Auch an Anw\u00e4lte und \u00c4rzte kann man sich mit der Anrede Sensei wenden. Das Wort Senpai wird nur gegen\u00fcber dem pers\u00f6nlichen Mentor verwendet. Genauso gut kann man seinen Senpai auch Sensei nennen, wobei diese Bezeichnung jedoch dem eigentlichen Lehrer vorbehalten bleiben sollte.<\/p>\n<p>In vielen Karate-Vereinen gibt es die Angewohnheit, den am h\u00f6chsten graduierten Sch\u00fcler Sensei zu nennen. Nur dann ist jemand Dein Senpai, wenn dieser ein pers\u00f6nliches Interesse daran hat, Dich seinen Junior zu beraten. Er hilft Dir bei Deinem Aufstieg, verwendet einen Gro\u00dfteil seiner Zeit darauf, Dich zu besch\u00fctzen und auszubilden, zahlt Deine Rechnungen&#8230; Hast Du diese Beziehung zu allen \u00e4lteren Sch\u00fclern? Ich glaube nicht. Und gerade deshalb sind sie auch nicht Dein Senpai, sie sind h\u00f6her Graduierte &#8211; nichts weiter.<\/p>\n<p><strong>Wer ist der Kohai?<\/strong><\/p>\n<p>Der Kohai ist der J\u00fcngere in der Beziehung Senpai &#8211; Kohai. Viele in unserem Kulturkreis nehmen diese Terminologie zu w\u00f6rtlich und meinen, dass alle, die der Graduierung nach unter ihnen stehen, ihr Kohai und alle \u00fcber ihnen stehenden Sch\u00fcler ihr Senpai seien. Dies ist falsch. Um Senpai zu sein, musst Du Dich jemandem pers\u00f6nlich annehmen, ihn einweisen, ausbilden und lehren und zudem \u00e4lter (\u00e4lter an Jahren und \u00e4lter an Erfahrung) als dieser sein.<\/p>\n<p>Der h\u00f6chstgraduierteste Sch\u00fcler eines Vereins wird nicht Senpai genannt. Diese Praxis hat sich in Japan aus einem anderen Grund herausgebildet und wurde in Europa ohne gr\u00f6\u00dfere \u00dcberlegung einfach \u00fcbernommen. Die gro\u00dfen Karate-Vereine in Japan sind an den Universit\u00e4ten angesiedelt. Neue Mitglieder in diesen Vereinen waren regelm\u00e4\u00dfig die Erst-Semstler und viele Erst-Semstler hatten unter den \u00e4lteren Studenten einen Mentor, einen Senpai. So wurde dieser Sprachgebrauch durch europ\u00e4ische Studenten an den japanischen Universit\u00e4ten ohne n\u00e4here Kenntnis der eigentlichen Hintergr\u00fcnde in das Karate \u00fcbernommen. Auch japanische Kinder nennen die \u00e4lteren immer Senpai, wenn sie mit ihnen vertraut genug sind. Niemand nennt jemanden in Japan &#8222;Kohai&#8220;. Dies wird als unh\u00f6flich angesehen.<\/p>\n","protected":false},"excerpt":{"rendered":"<p>Als Senpai oder Sempai bezeichnet man nie einen \u00e4lteren Sch\u00fcler, zu dem man eine direkte Beziehung pflegt, der im Dojo unterrichtet. Ein Sempai ist ein Mentor, d.h. ein \u00e4lterer Sch\u00fcler, der sich ganz speziell eines j\u00fcngeren (neuen) Sch\u00fclers annimmt und ihm weiterhilft und unterst\u00fctzt, wo er nur kann. Deshalb ist ein \u00e4lterer Sch\u00fcler, der vorn [&hellip;]<\/p>\n","protected":false},"author":2,"featured_media":0,"parent":1127,"menu_order":3,"comment_status":"open","ping_status":"open","template":"","meta":{"ngg_post_thumbnail":0,"footnotes":""},"class_list":["post-1130","page","type-page","status-publish","hentry"],"_links":{"self":[{"href":"https:\/\/www.bushido-lubwart.de\/wordpress\/wp-json\/wp\/v2\/pages\/1130"}],"collection":[{"href":"https:\/\/www.bushido-lubwart.de\/wordpress\/wp-json\/wp\/v2\/pages"}],"about":[{"href":"https:\/\/www.bushido-lubwart.de\/wordpress\/wp-json\/wp\/v2\/types\/page"}],"author":[{"embeddable":true,"href":"https:\/\/www.bushido-lubwart.de\/wordpress\/wp-json\/wp\/v2\/users\/2"}],"replies":[{"embeddable":true,"href":"https:\/\/www.bushido-lubwart.de\/wordpress\/wp-json\/wp\/v2\/comments?post=1130"}],"version-history":[{"count":0,"href":"https:\/\/www.bushido-lubwart.de\/wordpress\/wp-json\/wp\/v2\/pages\/1130\/revisions"}],"up":[{"embeddable":true,"href":"https:\/\/www.bushido-lubwart.de\/wordpress\/wp-json\/wp\/v2\/pages\/1127"}],"wp:attachment":[{"href":"https:\/\/www.bushido-lubwart.de\/wordpress\/wp-json\/wp\/v2\/media?parent=1130"}],"curies":[{"name":"wp","href":"https:\/\/api.w.org\/{rel}","templated":true}]}}