{"id":1108,"date":"2008-02-26T08:52:50","date_gmt":"2008-02-26T07:52:50","guid":{"rendered":"http:\/\/www.bushido-lubwart.de\/wordpress\/?page_id=1108"},"modified":"2008-02-26T08:52:50","modified_gmt":"2008-02-26T07:52:50","slug":"training-trotz-krankheit","status":"publish","type":"page","link":"https:\/\/www.bushido-lubwart.de\/wordpress\/karate-and-more\/hintergrunde\/der-meister-erzahlt\/training-trotz-krankheit\/","title":{"rendered":"Training trotz Krankheit"},"content":{"rendered":"<p>Diese Frage ist nicht pauschal zu beantworten, da es sehr davon abh\u00e4ngt, welche Krankheit man hat. Soweit es geht, sollte man immer am Training teilnehmen, zumindest aber dem Training von der Bank aus folgen, damit man nichts verpasst.<\/p>\n<p>Auch wenn man nicht voll mitmachen kann, so spricht doch nichts dagegen, wenn man bei den Anf\u00e4ngern hinten mittrainiert. So tut man etwas f\u00fcr sich selbst und auch f\u00fcr andere.<\/p>\n","protected":false},"excerpt":{"rendered":"<p>Diese Frage ist nicht pauschal zu beantworten, da es sehr davon abh\u00e4ngt, welche Krankheit man hat. Soweit es geht, sollte man immer am Training teilnehmen, zumindest aber dem Training von der Bank aus folgen, damit man nichts verpasst. Auch wenn man nicht voll mitmachen kann, so spricht doch nichts dagegen, wenn man bei den Anf\u00e4ngern [&hellip;]<\/p>\n","protected":false},"author":2,"featured_media":0,"parent":1099,"menu_order":9,"comment_status":"open","ping_status":"open","template":"","meta":{"ngg_post_thumbnail":0,"footnotes":""},"class_list":["post-1108","page","type-page","status-publish","hentry"],"_links":{"self":[{"href":"https:\/\/www.bushido-lubwart.de\/wordpress\/wp-json\/wp\/v2\/pages\/1108"}],"collection":[{"href":"https:\/\/www.bushido-lubwart.de\/wordpress\/wp-json\/wp\/v2\/pages"}],"about":[{"href":"https:\/\/www.bushido-lubwart.de\/wordpress\/wp-json\/wp\/v2\/types\/page"}],"author":[{"embeddable":true,"href":"https:\/\/www.bushido-lubwart.de\/wordpress\/wp-json\/wp\/v2\/users\/2"}],"replies":[{"embeddable":true,"href":"https:\/\/www.bushido-lubwart.de\/wordpress\/wp-json\/wp\/v2\/comments?post=1108"}],"version-history":[{"count":0,"href":"https:\/\/www.bushido-lubwart.de\/wordpress\/wp-json\/wp\/v2\/pages\/1108\/revisions"}],"up":[{"embeddable":true,"href":"https:\/\/www.bushido-lubwart.de\/wordpress\/wp-json\/wp\/v2\/pages\/1099"}],"wp:attachment":[{"href":"https:\/\/www.bushido-lubwart.de\/wordpress\/wp-json\/wp\/v2\/media?parent=1108"}],"curies":[{"name":"wp","href":"https:\/\/api.w.org\/{rel}","templated":true}]}}