{"id":1075,"date":"2008-02-25T18:56:49","date_gmt":"2008-02-25T17:56:49","guid":{"rendered":"http:\/\/www.bushido-lubwart.de\/wordpress\/?page_id=1075"},"modified":"2017-12-18T11:14:55","modified_gmt":"2017-12-18T10:14:55","slug":"der-10-dan","status":"publish","type":"page","link":"https:\/\/www.bushido-lubwart.de\/wordpress\/karate-and-more\/karate-wissen\/der-10-dan\/","title":{"rendered":"Der 10. Dan"},"content":{"rendered":"<p>Es gibt immer wieder Diskussionen um hohe Dan-Grade und es gibt nicht wenige, die den 10. &#8211; neuerdings sogar 11., 12. und was wei\u00df ich wievielten Dan erreichen.<\/p>\n<p><a href=\"http:\/\/www.bushido-lubwart.de\/wordpress\/?page_id=1040\">Safar Sensei<\/a>, 8. Dan, ein Sch\u00fcler von Nakayama Masatoshi Sensei fragte einmal seinen Lehrer nach der Bedeutung des 10. Dan, der ihm dieselbe erkl\u00e4rte. Davon ausgehend erl\u00e4utert Safar Sensei die Bedeutung des 10. Dan heute so:<\/p>\n<p>&#8222;Den 10. Dan kann eigentlich niemand wirklich zu Lebzeiten erreichen, denn der 10. Dan bedeutet, dass man perfekt ist, dass man keine weiteren Fortschritte mehr machen kann. Man kann immer etwas dazu lernen. Das bedeutet also (zumindest im Karate-Graduierungssystem und Graduierungsverst\u00e4ndnis der JKA) &#8211; wenn jemand den 10. Dan zu Lebzeiten erreicht hat, dann ist er entweder (bereits geistig) tot oder ein kompletter Idiot&#8230; Deshalb hatte Nakayama Sensei auch zu Lebzeiten nur den 9. Dan erreicht, denn solange man sich verbessern kann, ist es unm\u00f6glich eine Graduierung zu<br \/>\n erreichen, die etwas anderes aussagt.&#8220;<\/p>\n<p>Die Ausbildung im Karate geht ein Leben lang und endet nie. Daher kann man sich auch immer weiter verbessern und immer wieder etwas dazulernen, was es letztlich unter Ber\u00fccksichtigung der Bedeutung &#8222;perfekt sein&#8220; unm\u00f6glich macht, zu Lebzeiten den 10. Dan zu erreichen.<\/p>\n<p>Bei einer anderen Gelegenheit erz\u00e4hlte Safar Sensei auch folgende Anekdote von Nakayama Sensei, die vielleicht vor dem Hintergrund &#8222;lebenslanges Lernen&#8220; von Interesse sein d\u00fcrfte:<\/p>\n<p>Bei einem Fernseh-Interview wurde Nakayama Sensei einmal darauf angesprochen, ob er auch andere Kampfk\u00fcnste wie Judo, Kendo oder Aikido kenne.<\/p>\n<p>&#8222;Ja,&#8220; sagte er, &#8222;das sind alles sch\u00f6ne Kampfk\u00fcnste. Ich w\u00fcrde sie gern praktizieren, wenn ich nur ein wenig mehr Zeit h\u00e4tte.&#8220;<\/p>\n<p>&#8222;Wieso mehr Zeit?&#8220; wollte der Moderator wissen.<\/p>\n<p>&#8222;Nun ganz einfach &#8211; ich mache jetzt schon seit \u00fcber 40 Jahre Karate,&#8220; antwortete Nakayama Sensei, &#8222;aber immer lerne ich noch jeden Tag dazu und bem\u00fche mich, meine Techniken zu verbessern. Ausbildung im Karate dauert ein Leben lang.&#8220;<\/p>\n<p>All dies mag vielleicht f\u00fcr den einen oder anderen interessant sein. Ich wei\u00df, dass in manchen Organisationen mit Graduierungen nicht gegeizt wird, dass man f\u00fcr gen\u00fcgend Geld oder Beziehungen so ziemlich jede Graduierung haben kann&#8230;<\/p>\n<p>Welchen Wert solch eine Graduierung letztlich wirklich hat, wird jeder der ehrlich zu sich selbst ist, selbst einsch\u00e4tzen k\u00f6nnen. Resepkt n\u00f6tigt eine hohe Graduierung an sich nur dem Anf\u00e4nger ab. Wer schon etwas l\u00e4nger dabei ist schaut hinter die Kulissen. Wenn ein Tr\u00e4ger des 10. Dan nicht die Techniken eines 10. Dan zeigen kann, so wird er sich fr\u00fcher oder sp\u00e4ter von selbst als Schwindler entlarven.<\/p>\n<p>Wahres K\u00f6nnen zeigt sich nicht unbedingt in \u00e4u\u00dferlichen Dingen wie hohen Graduierungen, sondern beweist sich von selbst &#8211; in den Techniken, in der Person und dem Charakter des Tr\u00e4gers. Er wird mit Sicherheit nicht immer darauf hinweisen m\u00fcssen, dass er ja schon den Xten Dan hat. Dies wird zudem die anderen auch nur am Rande interessieren, da sie ja nicht wegen seiner Graduierung kommen, um von ihm zu lernen, sondern wegen seiner Techniken, seiner Person und seines Charakters&#8230;<\/p>\n","protected":false},"excerpt":{"rendered":"<p>Es gibt immer wieder Diskussionen um hohe Dan-Grade und es gibt nicht wenige, die den 10. &#8211; neuerdings sogar 11., 12. und was wei\u00df ich wievielten Dan erreichen. Safar Sensei, 8. Dan, ein Sch\u00fcler von Nakayama Masatoshi Sensei fragte einmal seinen Lehrer nach der Bedeutung des 10. Dan, der ihm dieselbe erkl\u00e4rte. Davon ausgehend erl\u00e4utert [&hellip;]<\/p>\n","protected":false},"author":2,"featured_media":0,"parent":1057,"menu_order":1,"comment_status":"open","ping_status":"open","template":"","meta":{"ngg_post_thumbnail":0,"footnotes":""},"class_list":["post-1075","page","type-page","status-publish","hentry"],"_links":{"self":[{"href":"https:\/\/www.bushido-lubwart.de\/wordpress\/wp-json\/wp\/v2\/pages\/1075"}],"collection":[{"href":"https:\/\/www.bushido-lubwart.de\/wordpress\/wp-json\/wp\/v2\/pages"}],"about":[{"href":"https:\/\/www.bushido-lubwart.de\/wordpress\/wp-json\/wp\/v2\/types\/page"}],"author":[{"embeddable":true,"href":"https:\/\/www.bushido-lubwart.de\/wordpress\/wp-json\/wp\/v2\/users\/2"}],"replies":[{"embeddable":true,"href":"https:\/\/www.bushido-lubwart.de\/wordpress\/wp-json\/wp\/v2\/comments?post=1075"}],"version-history":[{"count":1,"href":"https:\/\/www.bushido-lubwart.de\/wordpress\/wp-json\/wp\/v2\/pages\/1075\/revisions"}],"predecessor-version":[{"id":3489,"href":"https:\/\/www.bushido-lubwart.de\/wordpress\/wp-json\/wp\/v2\/pages\/1075\/revisions\/3489"}],"up":[{"embeddable":true,"href":"https:\/\/www.bushido-lubwart.de\/wordpress\/wp-json\/wp\/v2\/pages\/1057"}],"wp:attachment":[{"href":"https:\/\/www.bushido-lubwart.de\/wordpress\/wp-json\/wp\/v2\/media?parent=1075"}],"curies":[{"name":"wp","href":"https:\/\/api.w.org\/{rel}","templated":true}]}}