{"id":1070,"date":"2008-02-25T18:53:57","date_gmt":"2008-02-25T17:53:57","guid":{"rendered":"http:\/\/www.bushido-lubwart.de\/wordpress\/?page_id=1070"},"modified":"2008-02-28T11:30:45","modified_gmt":"2008-02-28T10:30:45","slug":"karate-verstehen","status":"publish","type":"page","link":"https:\/\/www.bushido-lubwart.de\/wordpress\/karate-and-more\/karate-wissen\/karate-verstehen\/","title":{"rendered":"Karate verstehen"},"content":{"rendered":"<p>Im Karate-Do wird gro\u00dfer Wert auf die Einfachheit, Ruhe, Friedfertigkeit und Ernsthaftigkeit gelegt. Diese mentalen F\u00e4higkeiten m\u00fcssen sich entwickeln, wenn der Sch\u00fcler ein Verst\u00e4ndnis f\u00fcr die Anwendung der Techniken erwerben will. Die praktische Anwendung von Techniken muss den individuellen Vorgaben von K\u00f6rper und Geist bestm\u00f6glichst entsprechen. Das Verst\u00e4ndnis f\u00fcr die Anwendung der Techniken erfordert Konzentration und einen gesunden Geist.<\/p>\n<p><a TARGET=\"_blank\" HREF=\"http:\/\/www.bushido-lubwart.de\/wordpress\/wp-content\/uploads\/2008\/02\/129.jpg\"><img ALIGN=\"right\" HEIGHT=\"96\" WIDTH=\"128\" VSPACE=\"10\" HSPACE=\"10\" BORDER=\"0\" SRC=\"http:\/\/www.bushido-lubwart.de\/wordpress\/wp-content\/uploads\/2008\/02\/129.thumbnail.jpg\" \/><\/a>Der Sch\u00fcler muss verstehen, in welcher Beziehung jede Technik zu seinem K\u00f6rper und seiner Pers\u00f6nlichkeit steht. Dies zu verstehen und anzuerkennen erm\u00f6glicht dem Sch\u00fcler eine realistische Einsch\u00e4tzung seiner F\u00e4higkeiten, die Technik auch auszuf\u00fchren. Zum Beispiel sollte sich ein langsamer Sch\u00fcler nicht auf schnelle, leichte Techniken verlassen, wenn es um die praktische Anwendung in der Selbstverteidigung geht. Stattdessen sollten sich Sch\u00fcler dieses Typus auf die Ausf\u00fchrung st\u00e4rkerer korrekter Techniken konzentrieren, die ihren individuellen F\u00e4higkeiten eher entsprechen. Durch das Training wird der Sch\u00fcler erkennen und unterscheiden lernen, welche Techniken f\u00fcr ihn geeignet sind und welche nicht.<\/p>\n<p>Das Verst\u00e4ndnis f\u00fcr die Techniken ist Grundvoraussetzung, wenn der Sch\u00fcler erwartet, dass ihm das Training irgendetwas bringt. Funakoshi bringt dies mit einfachen Worten auf den Punkt: &#8222;Du kannst f\u00fcr eine sehr lange Zeit trainieren, aber wenn du nur deine H\u00e4nde und F\u00fc\u00dfe bewegst und wie eine Puppe auf und nieder springst, ist das Erlernen des Karate fast das Gleiche wie das Erlernen eines Tanzes. Du wirst niemals zum Kern der Sache vordringen und du wirst die wahre Bedeutung von Karate-Do nie verstehen.&#8220; Ganz gleich wie beeindruckend ein Sch\u00fcler eine Technik oder Kata auch vorf\u00fchrt &#8211; alle \u00dcbung war vergeblich, wenn das Verst\u00e4ndnis f\u00fcr die Anwendung fehlt. Ein Sch\u00fcler, der seine Techniken nicht realistisch f\u00fcr Zwecke der Selbstverteidigung anwenden kann, hat wahrlich nur wenig aus dem Training mit nach hause genommen. Das Verst\u00e4ndnis von Techniken erfordert Bewusstsein und Neugier. Beides wird durch das richtige Training entwickelt. Leider vernachl\u00e4ssigen viele Sch\u00fcler in den Kampfk\u00fcnsten die Anwendung. Statt zu hinterfragen wie und warum eine Technik funktioniert, konzentrieren sie sich auf \u00fcberfl\u00fcssige, kurzfristige Ziele wie beeindruckend hohe Tritte und schnelle Bewegungen. Daraus resultierend entwickelt sich nie ein Verst\u00e4ndnis f\u00fcr die Anwendung der Grundtechniken.<\/p>\n","protected":false},"excerpt":{"rendered":"<p>Im Karate-Do wird gro\u00dfer Wert auf die Einfachheit, Ruhe, Friedfertigkeit und Ernsthaftigkeit gelegt. Diese mentalen F\u00e4higkeiten m\u00fcssen sich entwickeln, wenn der Sch\u00fcler ein Verst\u00e4ndnis f\u00fcr die Anwendung der Techniken erwerben will. Die praktische Anwendung von Techniken muss den individuellen Vorgaben von K\u00f6rper und Geist bestm\u00f6glichst entsprechen. Das Verst\u00e4ndnis f\u00fcr die Anwendung der Techniken erfordert Konzentration [&hellip;]<\/p>\n","protected":false},"author":2,"featured_media":0,"parent":1057,"menu_order":15,"comment_status":"open","ping_status":"open","template":"","meta":{"ngg_post_thumbnail":0,"footnotes":""},"class_list":["post-1070","page","type-page","status-publish","hentry"],"_links":{"self":[{"href":"https:\/\/www.bushido-lubwart.de\/wordpress\/wp-json\/wp\/v2\/pages\/1070"}],"collection":[{"href":"https:\/\/www.bushido-lubwart.de\/wordpress\/wp-json\/wp\/v2\/pages"}],"about":[{"href":"https:\/\/www.bushido-lubwart.de\/wordpress\/wp-json\/wp\/v2\/types\/page"}],"author":[{"embeddable":true,"href":"https:\/\/www.bushido-lubwart.de\/wordpress\/wp-json\/wp\/v2\/users\/2"}],"replies":[{"embeddable":true,"href":"https:\/\/www.bushido-lubwart.de\/wordpress\/wp-json\/wp\/v2\/comments?post=1070"}],"version-history":[{"count":0,"href":"https:\/\/www.bushido-lubwart.de\/wordpress\/wp-json\/wp\/v2\/pages\/1070\/revisions"}],"up":[{"embeddable":true,"href":"https:\/\/www.bushido-lubwart.de\/wordpress\/wp-json\/wp\/v2\/pages\/1057"}],"wp:attachment":[{"href":"https:\/\/www.bushido-lubwart.de\/wordpress\/wp-json\/wp\/v2\/media?parent=1070"}],"curies":[{"name":"wp","href":"https:\/\/api.w.org\/{rel}","templated":true}]}}