{"id":1042,"date":"2008-02-25T09:48:14","date_gmt":"2008-02-25T08:48:14","guid":{"rendered":"http:\/\/www.bushido-lubwart.de\/wordpress\/?page_id=1042"},"modified":"2008-02-28T10:03:34","modified_gmt":"2008-02-28T09:03:34","slug":"tanaka-masahiko-sensei","status":"publish","type":"page","link":"https:\/\/www.bushido-lubwart.de\/wordpress\/karate-im-verein\/unsere-lehrer\/tanaka-masahiko-sensei\/","title":{"rendered":"Tanaka Masahiko Sensei"},"content":{"rendered":"<p>Tanaka Sensei (8. Dan) Trainer im Honbu-Dojo der Japan Karate Association in Japan. In der Karate-Welt z\u00e4hlt er bestimmt zu den wenigen \u00fcberall bekannten Meistern (Video-Lehrfilme der JKA, zahlreiche eigene Publikationen, Lehrreihe &#8222;Nakayamas Karate perfekt&#8220;. Tanka Sensei weilt jedes Jahr des \u00f6fteren in Deutschland. Er ist einer der Trainer, die es \u00fcbernommen haben, die Instructoren des Shotokan Ryu in Deutschland auszubilden.<\/p>\n<p>Das erste Mal habe ich bei Tanaka Sensei 1995 in Wien beim Sommer-Gashuku trainieren d\u00fcrfen. Von insgesamt neun Trainingseinheiten bestanden immerhin acht aus Kihon und Kumite.<\/p>\n<p><img ALIGN=\"right\" HEIGHT=\"187\" WIDTH=\"140\" VSPACE=\"10\" HSPACE=\"10\" BORDER=\"0\" ALT=\"Tanaka Masahiko Sensei 8. Dan, General Manager der JKA, Instructor im Honbu-Dojo\" SRC=\"http:\/\/www.bushido-lubwart.de\/wordpress\/wp-content\/uploads\/2008\/02\/tanaksensei_150.jpg\" \/><\/p>\n<p><strong>Wichtige Erfolge<\/strong><\/p>\n<ul>\n<li>\t1962 Viertelfinale Kumite-Einzel bei der 5. Alljapanischen Meisterschaft<\/li>\n<li>\t1963 Viertelfinale Kumite-Einzel bei der 6. Alljapanischen Meisterschaft<\/li>\n<li>\t1964 Viertelfinale Kumite-Einzel bei der 7. Alljapanischen Meisterschaft<\/li>\n<li>\t1965 Viertelfinale Kumite-Einzel bei der 8. Alljapanischen Meisterschaft<\/li>\n<li>\t1966 Viertelfinale Kumite-Einzel bei der 9. Alljapanischen Meisterschaft<\/li>\n<li>\t1967 Viertelfinale Kumite-Einzel bei der 10. Alljapanischen Meisterschaft<\/li>\n<li>\t1968 Viertelfinale Kumite-Einzel bei der 11. Alljapanischen Meisterschaft<\/li>\n<li>\t1969 Viertelfinale Kumite-Einzel bei der 12. Alljapanischen Meisterschaft<\/li>\n<li>\t1970 Viertelfinale Kumite-Einzel bei der 13. Alljapanischen Meisterschaft<\/li>\n<li>\t1970 1. Platz Kumite-Mannschaft bei 1. Weltmeisterschaft der WUKO<\/li>\n<li>\t1971 Viertelfinale Kumite-Einzel bei der 14. Alljapanischen Meisterschaft<\/li>\n<li>\t1973 3. Platz Kumite-Einzel bei der 16. Alljapanischen Meisterschaft<\/li>\n<li>\t1973 1. Platz Kumite-Einzel bei der Weltmeisterschaft<\/li>\n<li>\t1974 1. Platz Kumite-Einzel bei der 17. Alljapanischen Meisterschaft<\/li>\n<li>\t1975 1. Platz Kumite-Einzel bei der 18. Alljapanischen Meisterschaft<\/li>\n<li>\t1975 1. Platz Kumite-Einzel und Mannschaft bei der 1. WM der IAKF<\/li>\n<li>\t1977 1. Platz Kumite-Einzel und Mannschaft bei der 2. WM der IAKF<\/li>\n<li>\t1979 Ende der aktiven Wettkampflaufbahn<\/li>\n<\/ul>\n<p>Stets wurde jede \u00dcbung in mindestens hundertfacher Wiederholung ausgef\u00fchrt. So kamen wir in einem Training beispielsweise auf \u00fcber eintausend Mae-Geri. Zu seinen zum Teil sehr anstrengenden Trainingsmethoden befragt antwortete der Meister, dass der K\u00f6rper bei nur hundert Wiederholungen der Technik nicht lerne, sich richtig zu bewegen. Dann, wenn die Kraft nachl\u00e4sst, sucht der K\u00f6rper neue Wege, um die gleiche \u00dcbung weiter auszuf\u00fchren. \u00dcbe mit Kiai und Du wirst noch weitere ungeahnte Kraftreserven freisetzen k\u00f6nnen.<\/p>\n<p>Ich habe gesehen, wie der \u00fcber f\u00fcnfzigj\u00e4hrige Meister Mae-Geri ausgef\u00fchrt hat. Dan-Tr\u00e4ger haben die Z\u00e4hlzeiten vorgegeben. Tanaka Sensei hat gewartet, bis diese bereits mit ihrem Mae-Geri begonnen hatten. Dann trat er blitzschnell selber. Noch bevor die Schwarzgurte ihren Fu\u00df \u00fcberhaupt zur\u00fcckgezogen hatten, setzte Tanaka Sensei den seinen bereits wieder nach vollendeter Technik ab. Die Geschwindigkeit war einfach unglaublich! Unl\u00e4ngst demonstrierte Tanaka Sensei zur Untermalung seiner Ausf\u00fchrungen einige Mae-Geri. Dies geschah in derart exzellenter Weise, dass er f\u00fcr diese an sich einfache Technik spontanen Beifall von den Anwesenden erhielt.<\/p>\n<p>Tanaka Sensei legt gro\u00dfen darauf, dass Karate nicht nur als Kampf gesehen wird. Bei ihm wird erlebbar was Budo und Karate-do bedeutet. Kampfgeist geht bei ihm \u00fcber alles. In seinem Training lernt man begreifen, was hinter dem Ausspruch &#8222;Der wichtigste Kampf, der im Dojo stattfindet, ist der Kampf gegen das eigene Ich.&#8220; steht.<\/p>\n<p>Trainiert bei Tanaka Sensei und Ihr werdet die wahre Bedeutung von &#8222;Samurai &#8211; Geist&#8220; kennen lernen.<\/p>\n<p>Lebensdaten:<\/p>\n<p>Tanaka Masahiko wurde am 24.02.1941 in Tokyo geboren. Er studierte Landwirtschaft und Verterin\u00e4rmedizin an der Nihon Universit\u00e4t. Nach dem Examen traf er die Entscheidung, neben einer festen Besch\u00e4ftigung in der freien Wirtschaft das Karate-Training als Lebensinhalt zu w\u00e4hlen.<\/p>\n<p>Der erste Sieg des Weltmeisters gelang ihm 1973 im Alter von 32 Jahren. In den Jahren 1975 bis 1978 war er Nationaltrainer in D\u00e4nemark. Von dort aus bestritt er als Vertreter Japans verschiedenste Wettk\u00e4mpfe, die er alle gewann. 1978 kehrte er nach Japan zur Japan Karate Association (JKA) zur\u00fcck.<\/p>\n","protected":false},"excerpt":{"rendered":"<p>Tanaka Sensei (8. Dan) Trainer im Honbu-Dojo der Japan Karate Association in Japan. In der Karate-Welt z\u00e4hlt er bestimmt zu den wenigen \u00fcberall bekannten Meistern (Video-Lehrfilme der JKA, zahlreiche eigene Publikationen, Lehrreihe &#8222;Nakayamas Karate perfekt&#8220;. Tanka Sensei weilt jedes Jahr des \u00f6fteren in Deutschland. Er ist einer der Trainer, die es \u00fcbernommen haben, die Instructoren [&hellip;]<\/p>\n","protected":false},"author":2,"featured_media":0,"parent":1039,"menu_order":3,"comment_status":"open","ping_status":"open","template":"","meta":{"ngg_post_thumbnail":0,"footnotes":""},"class_list":["post-1042","page","type-page","status-publish","hentry"],"_links":{"self":[{"href":"https:\/\/www.bushido-lubwart.de\/wordpress\/wp-json\/wp\/v2\/pages\/1042"}],"collection":[{"href":"https:\/\/www.bushido-lubwart.de\/wordpress\/wp-json\/wp\/v2\/pages"}],"about":[{"href":"https:\/\/www.bushido-lubwart.de\/wordpress\/wp-json\/wp\/v2\/types\/page"}],"author":[{"embeddable":true,"href":"https:\/\/www.bushido-lubwart.de\/wordpress\/wp-json\/wp\/v2\/users\/2"}],"replies":[{"embeddable":true,"href":"https:\/\/www.bushido-lubwart.de\/wordpress\/wp-json\/wp\/v2\/comments?post=1042"}],"version-history":[{"count":0,"href":"https:\/\/www.bushido-lubwart.de\/wordpress\/wp-json\/wp\/v2\/pages\/1042\/revisions"}],"up":[{"embeddable":true,"href":"https:\/\/www.bushido-lubwart.de\/wordpress\/wp-json\/wp\/v2\/pages\/1039"}],"wp:attachment":[{"href":"https:\/\/www.bushido-lubwart.de\/wordpress\/wp-json\/wp\/v2\/media?parent=1042"}],"curies":[{"name":"wp","href":"https:\/\/api.w.org\/{rel}","templated":true}]}}