{"id":1035,"date":"2008-02-25T09:27:29","date_gmt":"2008-02-25T08:27:29","guid":{"rendered":"http:\/\/www.bushido-lubwart.de\/wordpress\/?page_id=1035"},"modified":"2011-05-17T09:03:15","modified_gmt":"2011-05-17T08:03:15","slug":"maik-hinze","status":"publish","type":"page","link":"https:\/\/www.bushido-lubwart.de\/wordpress\/karate-im-verein\/trainer\/maik-hinze\/","title":{"rendered":"Maik Hinze"},"content":{"rendered":"<p>Maik Hinze wurde am 25.10.1968 geboren. Er ist als Polizeibeamter t\u00e4tig.<\/p>\n<p>Maik trat im September 1991 dem Verein bei und begann sein Training bei Ralph P. G\u00f6rlach und Volker Klinkisch in Bad Liebenwerda. Nach Errichtung der Trainingsgruppe Elsterwerda trainierte er auch dort.<\/p>\n<p><a TARGET=\"_blank\" HREF=\"http:\/\/www.bushido-lubwart.de\/wordpress\/wp-content\/uploads\/2008\/02\/maik.jpg\"><img SRC=\"http:\/\/www.bushido-lubwart.de\/wordpress\/wp-content\/uploads\/2008\/02\/maik2_150.jpg\" BORDER=\"0\" HSPACE=\"10\" VSPACE=\"10\" WIDTH=\"150\" HEIGHT=\"199\" ALIGN=\"right\" \/><\/a>Ab 1993 ist Maik in unserem Verein als \u00dcbungsleiter t\u00e4tig; zun\u00e4chst in Bad Liebenwerda als Assistenz-Trainer, bevor er 1995 gemeinsam mit Steffen Wohmann die Leitung der Trainingsgruppe Gorden (jetzt Hohenleipisch) \u00fcbernahm.<\/p>\n<p>Maik Hinze (2. Vorsitzender und \u00dcbungsleiter)<\/p>\n<p>Maik kann auf gute Erfolge seiner bisherigen Trainerarbeit zur\u00fcckblicken, was durch diverse gute Platzierungen seiner Sch\u00fctzlinge, darunter auch erste Pl\u00e4tze bei Landesmeisterschaften, belegt wird. Er selbst konnte bei den Landesmeisterschaften 1996 den Vizemeistertitel erringen.<\/p>\n<p>Qalifikationen: 1. Dan Shotokan Karate, LSB-Lizenz \u00dcbungsleiter Breitensport \/ Trainer C<\/p>\n<p>Maik Hinze wurde am 25.10.1968 geboren. Er ist als Polizei-Kommissar in der Polizei des Landes Brandenburg t\u00e4tig.<\/p>\n<p>Maik ist bereits seit September 1991 Mitglied unseres Vereins. Er war zun\u00e4chst in der Revisionskommission des Vereins t\u00e4tig bevor er 1999 als Kassenwart in den Vorstand gew\u00e4hlt wurde.<\/p>\n<p>Seit 2001 ist Maik Gesch\u00e4ftsf\u00fchrer unseres Vereins; im Fr\u00fchjahr 2004 wurde er zum 2. Vorsitzenden gew\u00e4hlt. Dieses Amt \u00fcbte er bis Dezember 2006 aus.<\/p>\n","protected":false},"excerpt":{"rendered":"<p>Maik Hinze wurde am 25.10.1968 geboren. Er ist als Polizeibeamter t\u00e4tig. Maik trat im September 1991 dem Verein bei und begann sein Training bei Ralph P. G\u00f6rlach und Volker Klinkisch in Bad Liebenwerda. Nach Errichtung der Trainingsgruppe Elsterwerda trainierte er auch dort. Ab 1993 ist Maik in unserem Verein als \u00dcbungsleiter t\u00e4tig; zun\u00e4chst in Bad [&hellip;]<\/p>\n","protected":false},"author":2,"featured_media":0,"parent":1032,"menu_order":5,"comment_status":"open","ping_status":"closed","template":"","meta":{"ngg_post_thumbnail":0,"footnotes":""},"class_list":["post-1035","page","type-page","status-publish","hentry"],"_links":{"self":[{"href":"https:\/\/www.bushido-lubwart.de\/wordpress\/wp-json\/wp\/v2\/pages\/1035"}],"collection":[{"href":"https:\/\/www.bushido-lubwart.de\/wordpress\/wp-json\/wp\/v2\/pages"}],"about":[{"href":"https:\/\/www.bushido-lubwart.de\/wordpress\/wp-json\/wp\/v2\/types\/page"}],"author":[{"embeddable":true,"href":"https:\/\/www.bushido-lubwart.de\/wordpress\/wp-json\/wp\/v2\/users\/2"}],"replies":[{"embeddable":true,"href":"https:\/\/www.bushido-lubwart.de\/wordpress\/wp-json\/wp\/v2\/comments?post=1035"}],"version-history":[{"count":1,"href":"https:\/\/www.bushido-lubwart.de\/wordpress\/wp-json\/wp\/v2\/pages\/1035\/revisions"}],"predecessor-version":[{"id":2069,"href":"https:\/\/www.bushido-lubwart.de\/wordpress\/wp-json\/wp\/v2\/pages\/1035\/revisions\/2069"}],"up":[{"embeddable":true,"href":"https:\/\/www.bushido-lubwart.de\/wordpress\/wp-json\/wp\/v2\/pages\/1032"}],"wp:attachment":[{"href":"https:\/\/www.bushido-lubwart.de\/wordpress\/wp-json\/wp\/v2\/media?parent=1035"}],"curies":[{"name":"wp","href":"https:\/\/api.w.org\/{rel}","templated":true}]}}