{"id":1649,"date":"2008-03-06T09:48:35","date_gmt":"2008-03-06T08:48:35","guid":{"rendered":"http:\/\/www.bushido-lubwart.de\/wordpress\/?page_id=1649"},"modified":"2008-03-06T09:48:35","modified_gmt":"2008-03-06T08:48:35","slug":"karate-training-2","status":"publish","type":"page","link":"http:\/\/www.bushido-lubwart.de\/wordpress\/weisheiten-2\/erzahlungen\/karate-training-2\/","title":{"rendered":"Karate-Training"},"content":{"rendered":"<p>Ein Junge reiste einst quer durch ganz Japan, um eine Schule eines ber\u00fchmten Kampfk\u00fcnstlers zu besuchen. Als er zum Dojo kam, erhielt er eine Audienz beim Sensei.<br \/>\n&#8222;Was w\u00fcnscht du?&#8220; fragte der Meister.<br \/>\n&#8222;Ich m\u00f6chte Ihr Sch\u00fcler und der beste Karateka im ganzen Land werden,&#8220; antwortete der Junge. &#8222;Wie lange muss ich trainieren?&#8220;.<br \/>\n&#8222;Mindestens 10 Jahre,&#8220; sagte der Meister.<br \/>\n&#8222;Zehn Jahre sind eine lange Zeit&#8220; erwiderte der Junge.<br \/>\n&#8222;Was ist wenn ich doppelt so hart trainiere wie alle anderen Sch\u00fcler?&#8220;<br \/>\n&#8222;20 Jahre,&#8220; antwortete der Meister.<br \/>\n&#8222;Und wenn ich Tag und Nacht mit all meiner Kraft \u00fcbe?&#8220;.<br \/>\n&#8222;30 Jahre&#8220;, war die Antwort des Meisters.<br \/>\n&#8222;Wie kommt es, dass es um so l\u00e4nger dauert, je mehr ich mich anstrenge?&#8220; fragte der Junge.<br \/>\n&#8222;Wenn ein Auge auf das Ziel gerichtet ist, dann bleibt nur das andere Auge, um den Weg zu finden.&#8220;<\/p>\n","protected":false},"excerpt":{"rendered":"<p>Ein Junge reiste einst quer durch ganz Japan, um eine Schule eines ber\u00fchmten Kampfk\u00fcnstlers zu besuchen. Als er zum Dojo kam, erhielt er eine Audienz beim Sensei. &#8222;Was w\u00fcnscht du?&#8220; fragte der Meister. &#8222;Ich m\u00f6chte Ihr Sch\u00fcler und der beste Karateka im ganzen Land werden,&#8220; antwortete der Junge. &#8222;Wie lange muss ich trainieren?&#8220;. &#8222;Mindestens 10 [&hellip;]<\/p>\n","protected":false},"author":2,"featured_media":0,"parent":1621,"menu_order":11,"comment_status":"open","ping_status":"open","template":"","meta":{"ngg_post_thumbnail":0,"footnotes":""},"class_list":["post-1649","page","type-page","status-publish","hentry"],"_links":{"self":[{"href":"http:\/\/www.bushido-lubwart.de\/wordpress\/wp-json\/wp\/v2\/pages\/1649"}],"collection":[{"href":"http:\/\/www.bushido-lubwart.de\/wordpress\/wp-json\/wp\/v2\/pages"}],"about":[{"href":"http:\/\/www.bushido-lubwart.de\/wordpress\/wp-json\/wp\/v2\/types\/page"}],"author":[{"embeddable":true,"href":"http:\/\/www.bushido-lubwart.de\/wordpress\/wp-json\/wp\/v2\/users\/2"}],"replies":[{"embeddable":true,"href":"http:\/\/www.bushido-lubwart.de\/wordpress\/wp-json\/wp\/v2\/comments?post=1649"}],"version-history":[{"count":0,"href":"http:\/\/www.bushido-lubwart.de\/wordpress\/wp-json\/wp\/v2\/pages\/1649\/revisions"}],"up":[{"embeddable":true,"href":"http:\/\/www.bushido-lubwart.de\/wordpress\/wp-json\/wp\/v2\/pages\/1621"}],"wp:attachment":[{"href":"http:\/\/www.bushido-lubwart.de\/wordpress\/wp-json\/wp\/v2\/media?parent=1649"}],"curies":[{"name":"wp","href":"https:\/\/api.w.org\/{rel}","templated":true}]}}