{"id":1622,"date":"2008-03-04T12:01:21","date_gmt":"2008-03-04T11:01:21","guid":{"rendered":"http:\/\/www.bushido-lubwart.de\/wordpress\/?page_id=1622"},"modified":"2011-05-17T08:54:45","modified_gmt":"2011-05-17T07:54:45","slug":"verschiedene-sprichworter","status":"publish","type":"page","link":"http:\/\/www.bushido-lubwart.de\/wordpress\/weisheiten-2\/chinesische-sprichworter\/verschiedene-sprichworter\/","title":{"rendered":"Verschiedene Sprichw\u00f6rter"},"content":{"rendered":"<p>Sei Licht im Dunkel der Nacht.<\/p>\n<p>Wer nichts f\u00fcr andere tut, tut nichts f\u00fcr sich selbst.<br \/>\n(Goethe)<\/p>\n<p>Der Moment kennt kein Gestern und kein Morgen.<br \/>\nEr ist nicht das Ergebnis eines Gedankens und deshalb kennt er keine Zeit.<\/p>\n<p>Schau auf zum Himmel, werde eins mit der Natur,<br \/>\nidentifiziere Dich mit der Ruhe,<br \/>\nw\u00fcnsche Dir Harmonie und Frieden,<br \/>\nsei bescheiden und freundlich!<\/p>\n<p>Ein Mensch pfl\u00fcckt, denn man merkt es kaum,<br \/>\nEin Bl\u00fctenreis von einem Baum.<br \/>\nEin andrer Mensch, nach altem Brauch,<br \/>\nDenkt sich, was der tut, tu ich auch.<br \/>\nEin dritter, weils schon gleich ist, fa\u00dft<br \/>\nJetzt ohne Scham den ganzen Ast.<br \/>\nUnd sieh, nun folgt ein Heer von S\u00fcndern,<br \/>\nDen armen Baum ganz leer zu pl\u00fcndern.<br \/>\nVon den Verbrechern war der erste,<br \/>\nWie wenig er auch tat, der schwerste.<br \/>\nEr n\u00e4mlich \u00fcbersprang die H\u00fcrde<br \/>\nDer unantastbar reinen W\u00fcrde.<\/p>\n<p>Man mu\u00df erkennen, da\u00df Wut und Angst,<br \/>\nUngeduld und Neid, Ungest\u00fcm und Eifersucht,<br \/>\nSelbstmitleid und anderes mehr<br \/>\nschlechte Angewohnheiten sind,<br \/>\ndie das eigene Leben erb\u00e4rmlich gestalten.<br \/>\nDamit bestraft man sich nur selbst,<br \/>\ndenn diese Gewohnheiten kann man \u00e4ndern.<br \/>\nMan mu\u00df sich dieser Aufgabe nur ernst genug widmen,<br \/>\ndenn diese Gewohnheiten sind ernste Erkrankungen der Seele.<\/p>\n<p>Damit das M\u00f6gliche m\u00f6glich wird,<br \/>\nmuss immer erst das Unm\u00f6gliche versucht werden.<\/p>\n<p>Zu wissen, was gut ist, ist nicht genug;<br \/>\nman mu\u00df es auch lieben.<br \/>\nDie G\u00fcte zu lieben ist nicht genug;<br \/>\nman mu\u00df sie auch mit Begeisterung praktizieren.<\/p>\n<p>Wer andere erkennt, ist gelehrt.<br \/>\nWer sich selbst erkennt, ist weise.<br \/>\nWer andere besiegt, hat Muskelkr\u00e4fte.<br \/>\nWer sich selbst besiegt, ist stark.<br \/>\nWer zufrieden ist, ist reich.<br \/>\nWer seine Mitte nicht verliert, der dauert.<\/p>\n<p>Dieses unser Leben, Wem kann ich es vergleichen?<br \/>\nDem Spiegelbild des Mondes in einem Tropfen Tau<br \/>\nGlitzernd am Schnabel der wilden Ente.<\/p>\n<p>Wem viel gegeben wird,<br \/>\nvon dem wird viel erwartet.<br \/>\nWem viel anvertraut wird,<br \/>\nvon dem wird um so mehr verlangt.<\/p>\n<p>Ich w\u00fcnsche dir,<br \/>\ndass du Spuren der Freude hinterl\u00e4sst<br \/>\nund des Gl\u00fccks,<br \/>\nSpuren der Hoffnung und der Liebe,<br \/>\nSpuren der Gerechtigkeit<br \/>\nund des Friedens,<br \/>\nund dass du da,<br \/>\nwo du anderen weh getan hast,<br \/>\nVergebung erf\u00e4hrst.<\/p>\n","protected":false},"excerpt":{"rendered":"<p>Sei Licht im Dunkel der Nacht. Wer nichts f\u00fcr andere tut, tut nichts f\u00fcr sich selbst. (Goethe) Der Moment kennt kein Gestern und kein Morgen. Er ist nicht das Ergebnis eines Gedankens und deshalb kennt er keine Zeit. Schau auf zum Himmel, werde eins mit der Natur, identifiziere Dich mit der Ruhe, w\u00fcnsche Dir Harmonie [&hellip;]<\/p>\n","protected":false},"author":2,"featured_media":0,"parent":1612,"menu_order":1,"comment_status":"open","ping_status":"open","template":"","meta":{"ngg_post_thumbnail":0,"footnotes":""},"class_list":["post-1622","page","type-page","status-publish","hentry"],"_links":{"self":[{"href":"http:\/\/www.bushido-lubwart.de\/wordpress\/wp-json\/wp\/v2\/pages\/1622"}],"collection":[{"href":"http:\/\/www.bushido-lubwart.de\/wordpress\/wp-json\/wp\/v2\/pages"}],"about":[{"href":"http:\/\/www.bushido-lubwart.de\/wordpress\/wp-json\/wp\/v2\/types\/page"}],"author":[{"embeddable":true,"href":"http:\/\/www.bushido-lubwart.de\/wordpress\/wp-json\/wp\/v2\/users\/2"}],"replies":[{"embeddable":true,"href":"http:\/\/www.bushido-lubwart.de\/wordpress\/wp-json\/wp\/v2\/comments?post=1622"}],"version-history":[{"count":1,"href":"http:\/\/www.bushido-lubwart.de\/wordpress\/wp-json\/wp\/v2\/pages\/1622\/revisions"}],"predecessor-version":[{"id":2057,"href":"http:\/\/www.bushido-lubwart.de\/wordpress\/wp-json\/wp\/v2\/pages\/1622\/revisions\/2057"}],"up":[{"embeddable":true,"href":"http:\/\/www.bushido-lubwart.de\/wordpress\/wp-json\/wp\/v2\/pages\/1612"}],"wp:attachment":[{"href":"http:\/\/www.bushido-lubwart.de\/wordpress\/wp-json\/wp\/v2\/media?parent=1622"}],"curies":[{"name":"wp","href":"https:\/\/api.w.org\/{rel}","templated":true}]}}