{"id":1598,"date":"2008-03-04T10:32:54","date_gmt":"2008-03-04T09:32:54","guid":{"rendered":"http:\/\/www.bushido-lubwart.de\/wordpress\/?page_id=1598"},"modified":"2011-05-17T09:16:54","modified_gmt":"2011-05-17T08:16:54","slug":"landesmeisterschaften-1999","status":"publish","type":"page","link":"http:\/\/www.bushido-lubwart.de\/wordpress\/karate-im-verein\/erfolge\/landesmeisterschaften-1999\/","title":{"rendered":"LM 1999"},"content":{"rendered":"<p>Bei diesen Brandenburgischen Landesmeisterschaften des SRD 1999 in Frankfurt \/ Oder war unser Verein mit 7 Teilnehmern vertreten und konnte ebensoviele Platzierungen erreichen , darunter 3 Meistertitel und 3 Vizemeistertitel erringen.<\/p>\n<table CLASS=\"\">\n<tr>\n<td CLASS=\"\">Platzierung<\/td>\n<td CLASS=\"\">Disziplin<\/td>\n<td CLASS=\"\">Name<\/td>\n<\/tr>\n<tr>\n<td CLASS=\"\">1. Platz<\/td>\n<td CLASS=\"\">Kumite<\/td>\n<td CLASS=\"\">Stefan Schr\u00e4pel (16 Jahre)<\/td>\n<\/tr>\n<tr>\n<td CLASS=\"\">2. Platz<\/td>\n<td CLASS=\"\">Kumite<\/td>\n<td CLASS=\"\">Thomas M\u00fcller (18 Jahre)<\/td>\n<\/tr>\n<tr>\n<td CLASS=\"\">2. Platz<\/td>\n<td CLASS=\"\">Kumite<\/td>\n<td CLASS=\"\">Marco Ke\u00dfler (17 Jahre)<\/td>\n<\/tr>\n<tr>\n<td CLASS=\"\">2. Platz<\/td>\n<td CLASS=\"\">Kumite<\/td>\n<td CLASS=\"\">Iwan Kappes (15 Jahre)<\/td>\n<\/tr>\n<tr>\n<td CLASS=\"\">3. Platz<\/td>\n<td CLASS=\"\">Kumite<\/td>\n<td CLASS=\"\">Christian M\u00fcller (17 Jahre)<\/td>\n<\/tr>\n<tr>\n<td CLASS=\"\">1. Platz<\/td>\n<td CLASS=\"\">Kata<\/td>\n<td CLASS=\"\">Stefan Schr\u00e4pel (16 Jahre)<\/td>\n<\/tr>\n<tr>\n<td CLASS=\"\">1. Platz<\/td>\n<td CLASS=\"\">Kata<\/td>\n<td CLASS=\"\">Kristin Heller (16 Jahre)<\/td>\n<\/tr>\n<\/table>\n","protected":false},"excerpt":{"rendered":"<p>Bei diesen Brandenburgischen Landesmeisterschaften des SRD 1999 in Frankfurt \/ Oder war unser Verein mit 7 Teilnehmern vertreten und konnte ebensoviele Platzierungen erreichen , darunter 3 Meistertitel und 3 Vizemeistertitel erringen. Platzierung Disziplin Name 1. Platz Kumite Stefan Schr\u00e4pel (16 Jahre) 2. Platz Kumite Thomas M\u00fcller (18 Jahre) 2. Platz Kumite Marco Ke\u00dfler (17 Jahre) [&hellip;]<\/p>\n","protected":false},"author":2,"featured_media":0,"parent":1038,"menu_order":5,"comment_status":"open","ping_status":"closed","template":"","meta":{"ngg_post_thumbnail":0,"footnotes":""},"class_list":["post-1598","page","type-page","status-publish","hentry"],"_links":{"self":[{"href":"http:\/\/www.bushido-lubwart.de\/wordpress\/wp-json\/wp\/v2\/pages\/1598"}],"collection":[{"href":"http:\/\/www.bushido-lubwart.de\/wordpress\/wp-json\/wp\/v2\/pages"}],"about":[{"href":"http:\/\/www.bushido-lubwart.de\/wordpress\/wp-json\/wp\/v2\/types\/page"}],"author":[{"embeddable":true,"href":"http:\/\/www.bushido-lubwart.de\/wordpress\/wp-json\/wp\/v2\/users\/2"}],"replies":[{"embeddable":true,"href":"http:\/\/www.bushido-lubwart.de\/wordpress\/wp-json\/wp\/v2\/comments?post=1598"}],"version-history":[{"count":2,"href":"http:\/\/www.bushido-lubwart.de\/wordpress\/wp-json\/wp\/v2\/pages\/1598\/revisions"}],"predecessor-version":[{"id":2092,"href":"http:\/\/www.bushido-lubwart.de\/wordpress\/wp-json\/wp\/v2\/pages\/1598\/revisions\/2092"}],"up":[{"embeddable":true,"href":"http:\/\/www.bushido-lubwart.de\/wordpress\/wp-json\/wp\/v2\/pages\/1038"}],"wp:attachment":[{"href":"http:\/\/www.bushido-lubwart.de\/wordpress\/wp-json\/wp\/v2\/media?parent=1598"}],"curies":[{"name":"wp","href":"https:\/\/api.w.org\/{rel}","templated":true}]}}

<p>Bei diesen Brandenburgischen Landesmeisterschaften des SRD 1999 in Frankfurt / Oder war unser Verein mit 7 Teilnehmern vertreten und konnte ebensoviele Platzierungen erreichen , darunter 3 Meistertitel und 3 Vizemeistertitel erringen.</p>
<table CLASS="">
<tr>
<td CLASS="">Platzierung</td>
<td CLASS="">Disziplin</td>
<td CLASS="">Name</td>
</tr>
<tr>
<td CLASS="">1. Platz</td>
<td CLASS="">Kumite</td>
<td CLASS="">Stefan Schräpel (16 Jahre)</td>
</tr>
<tr>
<td CLASS="">2. Platz</td>
<td CLASS="">Kumite</td>
<td CLASS="">Thomas Müller (18 Jahre)</td>
</tr>
<tr>
<td CLASS="">2. Platz</td>
<td CLASS="">Kumite</td>
<td CLASS="">Marco Keßler (17 Jahre)</td>
</tr>
<tr>
<td CLASS="">2. Platz</td>
<td CLASS="">Kumite</td>
<td CLASS="">Iwan Kappes (15 Jahre)</td>
</tr>
<tr>
<td CLASS="">3. Platz</td>
<td CLASS="">Kumite</td>
<td CLASS="">Christian Müller (17 Jahre)</td>
</tr>
<tr>
<td CLASS="">1. Platz</td>
<td CLASS="">Kata</td>
<td CLASS="">Stefan Schräpel (16 Jahre)</td>
</tr>
<tr>
<td CLASS="">1. Platz</td>
<td CLASS="">Kata</td>
<td CLASS="">Kristin Heller (16 Jahre)</td>
</tr>
</table>

<p>Bei diesen Brandenburgischen Landesmeisterschaften des SRD 1999 in Frankfurt / Oder war unser Verein mit 7 Teilnehmern vertreten und konnte ebensoviele Platzierungen erreichen , darunter 3 Meistertitel und 3 Vizemeistertitel erringen. Platzierung Disziplin Name 1. Platz Kumite Stefan Schräpel (16 Jahre) 2. Platz Kumite Thomas Müller (18 Jahre) 2. Platz Kumite Marco Keßler (17 Jahre) [&hellip;]</p>
