{"id":1249,"date":"2008-02-26T13:11:01","date_gmt":"2008-02-26T12:11:01","guid":{"rendered":"http:\/\/www.bushido-lubwart.de\/wordpress\/?page_id=1249"},"modified":"2008-03-06T07:09:36","modified_gmt":"2008-03-06T06:09:36","slug":"3-dan","status":"publish","type":"page","link":"http:\/\/www.bushido-lubwart.de\/wordpress\/karate-and-more\/prufungen\/prufungsordnung-djkb\/3-dan\/","title":{"rendered":"3. Dan"},"content":{"rendered":"<p><strong>Kihon<\/strong><\/p>\n<p>(Kihon-Techniken sind je 3 x auszuf\u00fchren!)<\/p>\n<p>Der Pr\u00fcfer gibt 5 verschiedene Reihen von Techniken aus der Shodan- und Nidan- Pr\u00fcfungsordnung an.<\/p>\n<p><strong>Kumite<\/strong><\/p>\n<p>Jiyu-Kumite<\/p>\n<p>Grunds\u00e4tzlich Jiyu-Kumite, aber auch alternativ Jiyu-Ippon-Kumite je nach<br \/>\nAlter!<\/p>\n<p><strong>Kata<\/strong><\/p>\n<p>1.Nach Wahl des Pr\u00fcflings (jedoch keine der 5 Sentei-Kata).<\/p>\n<p>2.Der Pr\u00fcfer gibt eine der 5 Sentei-Kata an (Bassai-Dai, Kanku-Dai, Jion, Enpi,<br \/>\nHangetsu)<\/p>\n<p>3.Der Pr\u00fcfer gibt eine Kata aus Heian 1-5 und Tekki-Shodan an.<\/p>\n<p><strong>Theoretische Kenntnisse f\u00fcr den 3. Dan<\/strong><\/p>\n<p>Theoretische Fragen aus den Kyu- und Dan-Graden.<\/p>\n<p>Lehrprobe aus dem Shodan und Nidan-Pr\u00fcfungsprogramm.<\/p>\n<p>Kata-Bunkai aus den Sentei-Kata: Bassai-Dai, Kanku-Dai, Jion, Enpi, Hangetsu, nach Wahl des Pr\u00fcfers!<\/p>\n<table CLASS=\"\">\n<tr>\n<td CLASS=\"\">\n<a href=\"http:\/\/www.bushido-lubwart.de\/wordpress\/?page_id=1248\">2. Dan<\/a>\n<\/td>\n<td CLASS=\"\">\n<a href=\"http:\/\/www.bushido-lubwart.de\/wordpress\/?page_id=1231\">DJKB-Pr\u00fcfungsordnung<\/a>\n<\/td>\n<td CLASS=\"\">\n<a href=\"http:\/\/www.bushido-lubwart.de\/wordpress\/?page_id=1250\">Fachbegriffe<\/a>\n<\/td>\n<\/tr>\n<\/table>\n","protected":false},"excerpt":{"rendered":"<p>Kihon (Kihon-Techniken sind je 3 x auszuf\u00fchren!) Der Pr\u00fcfer gibt 5 verschiedene Reihen von Techniken aus der Shodan- und Nidan- Pr\u00fcfungsordnung an. Kumite Jiyu-Kumite Grunds\u00e4tzlich Jiyu-Kumite, aber auch alternativ Jiyu-Ippon-Kumite je nach Alter! Kata 1.Nach Wahl des Pr\u00fcflings (jedoch keine der 5 Sentei-Kata). 2.Der Pr\u00fcfer gibt eine der 5 Sentei-Kata an (Bassai-Dai, Kanku-Dai, Jion, Enpi, [&hellip;]<\/p>\n","protected":false},"author":2,"featured_media":0,"parent":1231,"menu_order":18,"comment_status":"open","ping_status":"open","template":"","meta":{"ngg_post_thumbnail":0,"footnotes":""},"class_list":["post-1249","page","type-page","status-publish","hentry"],"_links":{"self":[{"href":"http:\/\/www.bushido-lubwart.de\/wordpress\/wp-json\/wp\/v2\/pages\/1249"}],"collection":[{"href":"http:\/\/www.bushido-lubwart.de\/wordpress\/wp-json\/wp\/v2\/pages"}],"about":[{"href":"http:\/\/www.bushido-lubwart.de\/wordpress\/wp-json\/wp\/v2\/types\/page"}],"author":[{"embeddable":true,"href":"http:\/\/www.bushido-lubwart.de\/wordpress\/wp-json\/wp\/v2\/users\/2"}],"replies":[{"embeddable":true,"href":"http:\/\/www.bushido-lubwart.de\/wordpress\/wp-json\/wp\/v2\/comments?post=1249"}],"version-history":[{"count":0,"href":"http:\/\/www.bushido-lubwart.de\/wordpress\/wp-json\/wp\/v2\/pages\/1249\/revisions"}],"up":[{"embeddable":true,"href":"http:\/\/www.bushido-lubwart.de\/wordpress\/wp-json\/wp\/v2\/pages\/1231"}],"wp:attachment":[{"href":"http:\/\/www.bushido-lubwart.de\/wordpress\/wp-json\/wp\/v2\/media?parent=1249"}],"curies":[{"name":"wp","href":"https:\/\/api.w.org\/{rel}","templated":true}]}}