{"id":1229,"date":"2008-02-26T12:32:31","date_gmt":"2008-02-26T11:32:31","guid":{"rendered":"http:\/\/www.bushido-lubwart.de\/wordpress\/?page_id=1229"},"modified":"2008-03-05T11:46:01","modified_gmt":"2008-03-05T10:46:01","slug":"7-dan","status":"publish","type":"page","link":"http:\/\/www.bushido-lubwart.de\/wordpress\/karate-and-more\/prufungen\/prufungsordnung-dkv\/7-dan\/","title":{"rendered":"7. Dan"},"content":{"rendered":"<p><strong>Kata<\/strong><br \/>\n2 Tokui Kata<\/p>\n<p><strong>Bunkai<\/strong><br \/>\nNach Wahl des Pr\u00fcflings<\/p>\n<table CLASS=\"\">\n<tr>\n<td CLASS=\"\"><a HREF=\"http:\/\/www.bushido-lubwart.de\/wordpress\/?page_id=1228\">6. Dan<\/a><\/td>\n<td CLASS=\"\"><a HREF=\"http:\/\/www.bushido-lubwart.de\/wordpress\/?page_id=1207\">DKV Pr\u00fcfungs\u00fcbersicht<\/a><\/td>\n<td CLASS=\"\"><a HREF=\"http:\/\/www.bushido-lubwart.de\/wordpress\/?page_id=1230\">Kumiteformen<\/a><\/td>\n<\/tr>\n<\/table>\n","protected":false},"excerpt":{"rendered":"<p>Kata 2 Tokui Kata Bunkai Nach Wahl des Pr\u00fcflings 6. Dan DKV Pr\u00fcfungs\u00fcbersicht Kumiteformen<\/p>\n","protected":false},"author":2,"featured_media":0,"parent":1207,"menu_order":22,"comment_status":"open","ping_status":"open","template":"","meta":{"ngg_post_thumbnail":0,"footnotes":""},"class_list":["post-1229","page","type-page","status-publish","hentry"],"_links":{"self":[{"href":"http:\/\/www.bushido-lubwart.de\/wordpress\/wp-json\/wp\/v2\/pages\/1229"}],"collection":[{"href":"http:\/\/www.bushido-lubwart.de\/wordpress\/wp-json\/wp\/v2\/pages"}],"about":[{"href":"http:\/\/www.bushido-lubwart.de\/wordpress\/wp-json\/wp\/v2\/types\/page"}],"author":[{"embeddable":true,"href":"http:\/\/www.bushido-lubwart.de\/wordpress\/wp-json\/wp\/v2\/users\/2"}],"replies":[{"embeddable":true,"href":"http:\/\/www.bushido-lubwart.de\/wordpress\/wp-json\/wp\/v2\/comments?post=1229"}],"version-history":[{"count":0,"href":"http:\/\/www.bushido-lubwart.de\/wordpress\/wp-json\/wp\/v2\/pages\/1229\/revisions"}],"up":[{"embeddable":true,"href":"http:\/\/www.bushido-lubwart.de\/wordpress\/wp-json\/wp\/v2\/pages\/1207"}],"wp:attachment":[{"href":"http:\/\/www.bushido-lubwart.de\/wordpress\/wp-json\/wp\/v2\/media?parent=1229"}],"curies":[{"name":"wp","href":"https:\/\/api.w.org\/{rel}","templated":true}]}}

<p><strong>Kata</strong><br />
2 Tokui Kata</p>
<p><strong>Bunkai</strong><br />
Nach Wahl des Prüflings</p>
<table CLASS="">
<tr>
<td CLASS=""><a HREF="http://www.bushido-lubwart.de/wordpress/?page_id=1228">6. Dan</a></td>
<td CLASS=""><a HREF="http://www.bushido-lubwart.de/wordpress/?page_id=1207">DKV Prüfungsübersicht</a></td>
<td CLASS=""><a HREF="http://www.bushido-lubwart.de/wordpress/?page_id=1230">Kumiteformen</a></td>
</tr>
</table>

<p>Kata 2 Tokui Kata Bunkai Nach Wahl des Prüflings 6. Dan DKV Prüfungsübersicht Kumiteformen</p>
