{"id":1190,"date":"2008-02-26T11:45:15","date_gmt":"2008-02-26T10:45:15","guid":{"rendered":"http:\/\/www.bushido-lubwart.de\/wordpress\/?page_id=1190"},"modified":"2008-03-05T10:58:06","modified_gmt":"2008-03-05T09:58:06","slug":"voraussetzungen-fur-kyu-prufungen","status":"publish","type":"page","link":"http:\/\/www.bushido-lubwart.de\/wordpress\/karate-and-more\/prufungen\/prufungsordnung-srd\/voraussetzungen-fur-kyu-prufungen\/","title":{"rendered":"Voraussetzungen f\u00fcr Kyu-Pr\u00fcfungen"},"content":{"rendered":"<p><strong>9.\/8. Kyu<\/strong><\/p>\n<p>Der Pr\u00fcfling kann die einfachsten Techniken \u00e4u\u00dferlich vorf\u00fchren und anwenden.<\/p>\n<p><strong>7.\/6.\/5.\/4. Kyu<\/strong><\/p>\n<p>Diese Graduierungen erfordern ein gesteigertes Niveau technischer und mentaler F\u00e4higkeiten, die mit zunehmender Intensit\u00e4t vorgef\u00fchrt werden k\u00f6nnen.<\/p>\n<p><strong>3.\/2.\/1. Kyu<\/strong><\/p>\n<p>Der Pr\u00fcfling muss nicht nur in der Lage sein, die grundlegenden Techniken effektiv auszuf\u00fchren, sondern dies muss in einer gesteigerten inneren (mentalen) Sicherheit zum Ausdruck kommen.<\/p>\n<table CLASS=\"\">\n<tr>\n<td CLASS=\"\"><a HREF=\"http:\/\/www.bushido-lubwart.de\/wordpress\/?page_id=1189\">Vorbemerkungen<\/a><\/td>\n<td CLASS=\"\"><a HREF=\"http:\/\/www.bushido-lubwart.de\/wordpress\/?page_id=1187\">SRD Pr\u00fcfungs\u00fcbersicht<\/a><\/td>\n<td CLASS=\"\"><a HREF=\"http:\/\/www.bushido-lubwart.de\/wordpress\/?page_id=1192\">Voraussetzungen f\u00fcr Dan-Grade<\/a><\/td>\n<\/tr>\n<\/table>\n","protected":false},"excerpt":{"rendered":"<p>9.\/8. Kyu Der Pr\u00fcfling kann die einfachsten Techniken \u00e4u\u00dferlich vorf\u00fchren und anwenden. 7.\/6.\/5.\/4. Kyu Diese Graduierungen erfordern ein gesteigertes Niveau technischer und mentaler F\u00e4higkeiten, die mit zunehmender Intensit\u00e4t vorgef\u00fchrt werden k\u00f6nnen. 3.\/2.\/1. Kyu Der Pr\u00fcfling muss nicht nur in der Lage sein, die grundlegenden Techniken effektiv auszuf\u00fchren, sondern dies muss in einer gesteigerten inneren (mentalen) [&hellip;]<\/p>\n","protected":false},"author":2,"featured_media":0,"parent":1187,"menu_order":3,"comment_status":"open","ping_status":"open","template":"","meta":{"ngg_post_thumbnail":0,"footnotes":""},"class_list":["post-1190","page","type-page","status-publish","hentry"],"_links":{"self":[{"href":"http:\/\/www.bushido-lubwart.de\/wordpress\/wp-json\/wp\/v2\/pages\/1190"}],"collection":[{"href":"http:\/\/www.bushido-lubwart.de\/wordpress\/wp-json\/wp\/v2\/pages"}],"about":[{"href":"http:\/\/www.bushido-lubwart.de\/wordpress\/wp-json\/wp\/v2\/types\/page"}],"author":[{"embeddable":true,"href":"http:\/\/www.bushido-lubwart.de\/wordpress\/wp-json\/wp\/v2\/users\/2"}],"replies":[{"embeddable":true,"href":"http:\/\/www.bushido-lubwart.de\/wordpress\/wp-json\/wp\/v2\/comments?post=1190"}],"version-history":[{"count":0,"href":"http:\/\/www.bushido-lubwart.de\/wordpress\/wp-json\/wp\/v2\/pages\/1190\/revisions"}],"up":[{"embeddable":true,"href":"http:\/\/www.bushido-lubwart.de\/wordpress\/wp-json\/wp\/v2\/pages\/1187"}],"wp:attachment":[{"href":"http:\/\/www.bushido-lubwart.de\/wordpress\/wp-json\/wp\/v2\/media?parent=1190"}],"curies":[{"name":"wp","href":"https:\/\/api.w.org\/{rel}","templated":true}]}}