{"id":1183,"date":"2008-02-26T11:37:10","date_gmt":"2008-02-26T10:37:10","guid":{"rendered":"http:\/\/www.bushido-lubwart.de\/wordpress\/?page_id=1183"},"modified":"2008-03-05T09:32:27","modified_gmt":"2008-03-05T08:32:27","slug":"2-dan","status":"publish","type":"page","link":"http:\/\/www.bushido-lubwart.de\/wordpress\/karate-and-more\/prufungen\/prufungsordnung-ajka\/2-dan\/","title":{"rendered":"2. Dan"},"content":{"rendered":"<p><strong>Kihon<\/strong><\/p>\n<p>(soweit nicht anders angegeben, werden die Techniken aus Jiyu-dachi Chudan-kamae ausgef\u00fchrt; die Kombinationen 1-4 werden auf Z\u00e4hlzeit des Pr\u00fcfers zun\u00e4chst viermal und dann nach einer Wendung noch viermal ausgef\u00fchrt, Kombination 5 je viermal rechts und viermal links)<\/p>\n<p>1. Kizami-zuki (Suri-ashi)\/Oi-zuki (Jodan)\/Oi-zuki (Jodan); anschl. Suri-ashi zur\u00fcck in Kamae<br \/>\n2. Kizami-zuki (Suri-ashi)\/Mae-geri\/ (Schritt vor) Oi-zuki (Jodan); anschl. Suri-ashi zur\u00fcck in Kamae<br \/>\n3. aus KD Yoko-geri-keage (\u00fcbersetzen)\/(hintere Bein) Yoko-geri-kekomi; absetzen in KD<br \/>\n4. (Schritt zur\u00fcck) Age-uke\/(Schritt vor) Mawashi-geri\/(Absetzen) Uraken-uchi\/(Schritt vor) Oi-zuki Jodan; anschl. Suri-ashi zur\u00fcck in Kamae<br \/>\n5. Stand\u00fcbung: (ZKD) Mae-geri; Yoko-geri-keage; Ushiro-geri (auf der Stelle mit dem selben Bein, vorne-zur Seite-hinten, dann hinten absetzen)<\/p>\n<p><strong>Kata<\/strong><\/p>\n<p>1. Shitei-Kata: Der Pr\u00fcfer w\u00e4hlt Kata aus der Gruppe A bzw. Heian 2-5, Tekki 1 aus.<\/p>\n<p>2. Tokui-Kata: Der Pr\u00fcfling w\u00e4hlt eine Kata aus Tekki Nidan, Bassai Dai, Kanku Dai, Hangetsu, Empi, Tekki Sandan, Jion, Gankaku, Jitte, Bassai Sho, Kanku Sho, Sochin, Chinte, Nijushiho, Unsu<\/p>\n<p><strong>Kumite<\/strong><\/p>\n<p>1. Jiyu-kumite<br \/>\n2. Kumite mit verteilten Rollen:<br \/>\na)<br \/>\nOffensiv \u2013 Pr\u00fcfling versucht Gegner zu stellen und mit frei gew\u00e4hlten Techniken und Kombinationen ohne Ank\u00fcndigung anzugreifen. Der Gegner verteidigt sich.<br \/>\nb)<br \/>\nDefensiv \u2013 Pr\u00fcfling muss sich gegen Angreifer mit frei w\u00e4hlbaren Techniken und beliebigem Timing verteidigen<\/p>\n<p><strong>Anmerkung<\/strong><\/p>\n<p>Abweichend vom Pr\u00fcfungsprogramm pr\u00fcft Safar Sensei zun\u00e4chst Tokui-kata. Handelt es sich dabei um eine Shorin-kata, so wird als erste Shitei-kata eine Shorei-kata verlangt und umgekehrt. (Bsp. Tokui-kata Gangaku \u2013 Shitei-kata Tekki Nidan o. Hangetsu; Tokui-kata Jitte \u2013 Shitei-kata Bassai Dai, Kanku-Dai o. Empi). Zum Abschluss muss Heian Shodan auf Nidan-nivau vorgef\u00fchrt werden.<\/p>\n<table CLASS=\"\">\n<tr>\n<td CLASS=\"\"><a HREF=\"http:\/\/www.bushido-lubwart.de\/wordpress\/?page_id=1182\">1. Dan<\/a><\/td>\n<td CLASS=\"\"><a HREF=\"http:\/\/www.bushido-lubwart.de\/wordpress\/?page_id=1169\">AJKA-Pr\u00fcfungs\u00fcbersicht<\/a><\/td>\n<td CLASS=\"\"><a HREF=\"http:\/\/www.bushido-lubwart.de\/wordpress\/?page_id=1184\">3. Dan<\/a><\/td>\n<\/tr>\n<\/table>\n","protected":false},"excerpt":{"rendered":"<p>Kihon (soweit nicht anders angegeben, werden die Techniken aus Jiyu-dachi Chudan-kamae ausgef\u00fchrt; die Kombinationen 1-4 werden auf Z\u00e4hlzeit des Pr\u00fcfers zun\u00e4chst viermal und dann nach einer Wendung noch viermal ausgef\u00fchrt, Kombination 5 je viermal rechts und viermal links) 1. Kizami-zuki (Suri-ashi)\/Oi-zuki (Jodan)\/Oi-zuki (Jodan); anschl. Suri-ashi zur\u00fcck in Kamae 2. Kizami-zuki (Suri-ashi)\/Mae-geri\/ (Schritt vor) Oi-zuki (Jodan); [&hellip;]<\/p>\n","protected":false},"author":2,"featured_media":0,"parent":1169,"menu_order":14,"comment_status":"open","ping_status":"open","template":"","meta":{"ngg_post_thumbnail":0,"footnotes":""},"class_list":["post-1183","page","type-page","status-publish","hentry"],"_links":{"self":[{"href":"http:\/\/www.bushido-lubwart.de\/wordpress\/wp-json\/wp\/v2\/pages\/1183"}],"collection":[{"href":"http:\/\/www.bushido-lubwart.de\/wordpress\/wp-json\/wp\/v2\/pages"}],"about":[{"href":"http:\/\/www.bushido-lubwart.de\/wordpress\/wp-json\/wp\/v2\/types\/page"}],"author":[{"embeddable":true,"href":"http:\/\/www.bushido-lubwart.de\/wordpress\/wp-json\/wp\/v2\/users\/2"}],"replies":[{"embeddable":true,"href":"http:\/\/www.bushido-lubwart.de\/wordpress\/wp-json\/wp\/v2\/comments?post=1183"}],"version-history":[{"count":0,"href":"http:\/\/www.bushido-lubwart.de\/wordpress\/wp-json\/wp\/v2\/pages\/1183\/revisions"}],"up":[{"embeddable":true,"href":"http:\/\/www.bushido-lubwart.de\/wordpress\/wp-json\/wp\/v2\/pages\/1169"}],"wp:attachment":[{"href":"http:\/\/www.bushido-lubwart.de\/wordpress\/wp-json\/wp\/v2\/media?parent=1183"}],"curies":[{"name":"wp","href":"https:\/\/api.w.org\/{rel}","templated":true}]}}