{"id":1156,"date":"2008-02-26T10:43:23","date_gmt":"2008-02-26T09:43:23","guid":{"rendered":"http:\/\/www.bushido-lubwart.de\/wordpress\/?page_id=1156"},"modified":"2008-02-29T11:24:58","modified_gmt":"2008-02-29T10:24:58","slug":"das-richtige-verhalten","status":"publish","type":"page","link":"http:\/\/www.bushido-lubwart.de\/wordpress\/karate-and-more\/hintergrunde\/verschiedenes\/das-richtige-verhalten\/","title":{"rendered":"Das richtige Verhalten"},"content":{"rendered":"<p>Zum Karate geh\u00f6rt, da\u00df man sich richtig verbeugen lernt. Nicht einfach nur mal so&#8230;<\/p>\n<p><img SRC=\"http:\/\/www.bushido-lubwart.de\/wordpress\/wp-content\/uploads\/2008\/02\/rei01.thumbnail.jpg\" BORDER=\"0\" HSPACE=\"10\" VSPACE=\"10\" WIDTH=\"60\" HEIGHT=\"128\" ALIGN=\"left\" \/>Doch alles beginnt mit einer ganz einfachen Sache: Wie setzt man sich zu Beginn des Trainings ab und wie steht man nach Mokuso wieder auf?<\/p>\n<p>Eigentlich sind dies ganz einfache und doch grunds\u00e4tzliche Fragen, aber wenn sich jemand &#8218;Karateka&#8216; nennen will, mu\u00df er auch diese Formen kennen.<\/p>\n<p>Beispielsweise setzt man sich im Training nur dann ab, wenn man hierzu die Erlaubnis bekommen hat oder wenn man den Ausf\u00fchrungen des Trainers folgt. Entsprechend der Tradition setzt man sich im Training entweder im Seiza oder im Schneidersitz ab. Ganz und gar unh\u00f6flich ist das Ausstrecken der Beine, da man seinem Gegen\u00fcber nicht die schmutzigen F\u00fc\u00dfe entgegenstreckt. Dies ist ein Zeichen von Respektlosigkeit.<\/p>\n<table CLASS=\"\">\n<tr>\n<td CLASS=\"\">1<\/td>\n<td CLASS=\"\">2<\/td>\n<td CLASS=\"\">3<\/td>\n<\/tr>\n<tr>\n<td CLASS=\"\"><a TARGET=\"_blank\" HREF=\"http:\/\/www.bushido-lubwart.de\/wordpress\/wp-content\/uploads\/2008\/02\/rei02.jpg\"><img SRC=\"http:\/\/www.bushido-lubwart.de\/wordpress\/wp-content\/uploads\/2008\/02\/rei02.thumbnail.jpg\" \/><\/a><\/td>\n<td CLASS=\"\"><a TARGET=\"_blank\" HREF=\"http:\/\/www.bushido-lubwart.de\/wordpress\/wp-content\/uploads\/2008\/02\/rei03.jpg\"><img SRC=\"http:\/\/www.bushido-lubwart.de\/wordpress\/wp-content\/uploads\/2008\/02\/rei03.thumbnail.jpg\" \/><\/a><\/td>\n<td CLASS=\"\"><a TARGET=\"_blank\" HREF=\"http:\/\/www.bushido-lubwart.de\/wordpress\/wp-content\/uploads\/2008\/02\/rei01.jpg\"><img SRC=\"http:\/\/www.bushido-lubwart.de\/wordpress\/wp-content\/uploads\/2008\/02\/rei01.thumbnail.jpg\" \/><\/a><\/td>\n<\/tr>\n<\/table>\n<p>Aus der Gru\u00dfstellung (Musubi Dachi: die H\u00e4nde befinden sich an der seitlichen Hosennaht, die Fersen sind zusammen, die F\u00fc\u00dfe leicht ge\u00f6ffnet) heraus geht man in die Hocke, die H\u00e4nde befinden sich oberhalb der Knie.<\/p>\n<p>Zuerst ber\u00fchrt das linke, dann das rechte Knie den Boden. Diese Reihenfolge r\u00fchrt von der Tradition her, derzufolge der Samurai stets wachsam sein mu\u00dfte, um einem pl\u00f6tzlichen Angriff entgehen zu k\u00f6nnen. Hierbei geht man davon aus, da\u00df der Samurai als Rechtsh\u00e4nder sein Schwert links tr\u00e4gt und es jederzeit blitzschnell ziehen k\u00f6nnen mu\u00dfte. H\u00e4tte er zuerst sein rechtes Knie auf dem Boden abgest\u00fctzt, w\u00e4re er aufgrund der f\u00fcr ihn hier etwas ung\u00fcnstigeren Situation m\u00f6glichweise zu langsam, um auf einen unvorhergesehenen Angriff schnell genug reagieren zu k\u00f6nnen.<\/p>\n<p>Aufgestanden wird dann in genau der entgegengesetzten Reihenfolge und zwar wird jetzt zuerst das rechte und anschlie\u00dfend das linke Knie vom Boden gehoben, um wie bereits zuvor beschrieben schnell auf jedes Ereignis reagieren zu k\u00f6nnen.<\/p>\n<p>Danach richtet man sich wieder mit gerader K\u00f6rperhaltung auf.<\/p>\n<p>Wer den Ausf\u00fchrungen des Trainers beim letzten Lehrgang in Elsterwerda aufmerksam gefolgt ist, konnte dies leicht nachvollziehen, da Siggi Gelz diesen Teil der Dojo-Etikette sehr genau und anschaulich erl\u00e4uterte.<\/p>\n<p>Dies tat auch leider not, da sich viele offenbar nicht vern\u00fcnftig absetzen k\u00f6nnen sondern sobald das entsprechende Signal vom Trainer kommt einfach wie ein nasser Sack zu Boden fallen lassen.<\/p>\n<p>Bitte verge\u00dft nicht: Karate besteht nicht nur aus Handkantenschl\u00e4gen und Fu\u00dftritten, sondern ist eben sehr viel mehr. Hinter dem Karate steht eine lange Geschichte, eine jahrhundertealte Traidition, die man nie au\u00dfer acht lassen darf, will man versuchen, Karate ganzheitlich zu begreifen und nicht nur bruchst\u00fcckhaft zu erfassen.<\/p>\n<p>Ralph P. G\u00f6rlach<\/p>\n","protected":false},"excerpt":{"rendered":"<p>Zum Karate geh\u00f6rt, da\u00df man sich richtig verbeugen lernt. Nicht einfach nur mal so&#8230; Doch alles beginnt mit einer ganz einfachen Sache: Wie setzt man sich zu Beginn des Trainings ab und wie steht man nach Mokuso wieder auf? Eigentlich sind dies ganz einfache und doch grunds\u00e4tzliche Fragen, aber wenn sich jemand &#8218;Karateka&#8216; nennen will, [&hellip;]<\/p>\n","protected":false},"author":2,"featured_media":0,"parent":1127,"menu_order":29,"comment_status":"open","ping_status":"open","template":"","meta":{"ngg_post_thumbnail":0,"footnotes":""},"class_list":["post-1156","page","type-page","status-publish","hentry"],"_links":{"self":[{"href":"http:\/\/www.bushido-lubwart.de\/wordpress\/wp-json\/wp\/v2\/pages\/1156"}],"collection":[{"href":"http:\/\/www.bushido-lubwart.de\/wordpress\/wp-json\/wp\/v2\/pages"}],"about":[{"href":"http:\/\/www.bushido-lubwart.de\/wordpress\/wp-json\/wp\/v2\/types\/page"}],"author":[{"embeddable":true,"href":"http:\/\/www.bushido-lubwart.de\/wordpress\/wp-json\/wp\/v2\/users\/2"}],"replies":[{"embeddable":true,"href":"http:\/\/www.bushido-lubwart.de\/wordpress\/wp-json\/wp\/v2\/comments?post=1156"}],"version-history":[{"count":0,"href":"http:\/\/www.bushido-lubwart.de\/wordpress\/wp-json\/wp\/v2\/pages\/1156\/revisions"}],"up":[{"embeddable":true,"href":"http:\/\/www.bushido-lubwart.de\/wordpress\/wp-json\/wp\/v2\/pages\/1127"}],"wp:attachment":[{"href":"http:\/\/www.bushido-lubwart.de\/wordpress\/wp-json\/wp\/v2\/media?parent=1156"}],"curies":[{"name":"wp","href":"https:\/\/api.w.org\/{rel}","templated":true}]}}