{"id":1152,"date":"2008-02-26T09:44:14","date_gmt":"2008-02-26T08:44:14","guid":{"rendered":"http:\/\/www.bushido-lubwart.de\/wordpress\/?page_id=1152"},"modified":"2008-02-26T09:44:14","modified_gmt":"2008-02-26T08:44:14","slug":"die-kraft-des-karate","status":"publish","type":"page","link":"http:\/\/www.bushido-lubwart.de\/wordpress\/karate-and-more\/hintergrunde\/verschiedenes\/die-kraft-des-karate\/","title":{"rendered":"Die Kraft des Karate"},"content":{"rendered":"<p><strong>Interessant sind die Auffassungen des Altmeisters und Begr\u00fcnder des modernen Karate. Auch wir sollten uns seine Worte zu Herzen nehmen.<\/strong><\/p>\n<p>In der Vergangenheit wurden die Geschichten \u00fcber die Kampfk\u00fcnste f\u00fcr gew\u00f6hnlich derart ausgeschm\u00fcckt, dass sie schon eher an eine Kurzlegenden erinnerten. Nehmen wir doch beispielsweise nur einmal die folgende Begebenheit, die sich angeblich vor langer, langer Zeit in China zugetragen haben soll.<\/p>\n<p>Anl\u00e4sslich eines Stra\u00dfenfestes str\u00f6mten Scharen von bunt gekleideten M\u00e4nnern und Frauen an bunten L\u00e4den und St\u00e4nden, die mit Lebensmitteln, Kleidern, Spielzeug, billigen Schmuckgegenst\u00e4nden und Feuerwerk gef\u00fcllt waren, vor\u00fcber als pl\u00f6tzlich ein Tumult entstand.<\/p>\n<p>&#8222;Ein Kampf! Das ist ein Kampf!&#8220;<\/p>\n<p>&#8222;Nein, das ist wieder so ein Boxkampf zwischen diesen Kenpo-Leuten.&#8220;<\/p>\n<p>Die Menge schob und dr\u00fcckte gegeneinander. Die jungen M\u00e4nner rannten neugierig in Richtung der Rufe, um den Kampf zu sehen. Schreiende Frauen und weinende Kinder versuchten verzweifelt, so weit als m\u00f6glich von dem Gedr\u00e4nge wegzukommen.<\/p>\n<p>In der Mitte des Durcheinanders stand eine gro\u00dfe Figur mit einem furchteinfl\u00f6\u00dfendem, im Sonnenlicht gl\u00e4nzenden, Stoppelbart und seinem von Wut und Alkohol puterrot gef\u00e4rbten Gesicht &#8211; der ber\u00fcchtigte Meister Yang war wieder einmal betrunken und damit die Ursache f\u00fcr den \u00c4rger. Sch\u00e4umend vor Wut stie\u00df und schubste er einen alten wei\u00dfhaarigen Knoblauch-Verk\u00e4ufer vor sich her. Um das Leben des alten Mannes bangend, wartete die Menge darauf, dass jemand vortreten w\u00fcrde, um ihn zu retten, aber jedermann kannte Meister Yang&#8217;s schlechtes Temperament und alle wussten, dass er f\u00fcr vern\u00fcnftige Argumente taub war &#8211; so gab es also niemanden, der sich nach vorn wagte. Die Leute schwatzen, ein bisschen Mitleid mit dem alten Mann empfindend, aufgeregt, w\u00e4hrend sie die Szene weiter beobachteten, was wohl als n\u00e4chstes geschehen w\u00fcrde. Der alte Mann hingegen schien v\u00f6llig sorglos zu sein.<\/p>\n<p>Leicht wankend und hustend, so als leide er unter Asthma, grinste er breit und sagte: &#8222;Nun, wenn ihr mich hier weiter herumsto\u00dft, werdet ihr \u00fcberhaupt nichts erreichen. Wenn ihr einen Kampf wollt, dann bitte. Ihr sprecht sicherlich mit gro\u00dfen Worten. Aber wenn Worte alles sind, was eine Rolle spielt, dann kann ja jeder ein Experte sein. Gut denn &#8211; k\u00f6nnen wir anfangen?&#8220;<\/p>\n<p>Der alte Mann hustete und streckte sich &#8211; es schien, als wolle er sich allen Ernstes mit seinem gigantischen Gegner einlassen. Die Gaffer waren sprachlos.<\/p>\n<p>&#8222;Der alte Junge muss verr\u00fcckt sein! Wei\u00df er denn nicht, dass er sich mit Meister Yang einl\u00e4sst?&#8220;<\/p>\n<p>&#8222;Das sieht aber nicht so aus, oder? Denn sonst h\u00e4tte er das doch nicht gesagt.&#8220;<\/p>\n<p>&#8222;Der alte Mann muss fremd hier sein. Ich habe ihn noch nie zuvor gesehen.&#8220;<\/p>\n<p>Trotz Yang&#8217;s schlechtem Ruf, war er doch als guter Kenpo-Experte und Meister des Speers und des Stocks bekannt. Er hatte \u00fcber eintausend Sch\u00fcler und war der Held unglaublicher Geschichten \u00fcber seine St\u00e4rke. Einige erz\u00e4hlten, dass sie ihn gesehen h\u00e4tten, wie er ein vorbeirennendes Pferd zu Boden schlug, indem er ihm mit seiner Faust auf die Nase geschlagen hatte. Andere behaupteten, dass er in der Lage sei, ein riesiges einhundertzwanzig Kilogramm schweres Schwert zu schwingen und mit ihm zu schlagen so als ob es nichts w\u00e4re und einen Stapel von zehn Dachziegeln mit seiner blo\u00dfen Hand zu zerschlagen. Seine \u00dcberheblichkeit und Liebe zum Trinken hatten ihm zwar einen schlechten Ruf eingebracht, aber wegen seiner gro\u00dfen Kr\u00e4fte und seinen k\u00e4mpferischen F\u00e4higkeiten wurde er in der ganzen Stadt gef\u00fcrchtet und respektiert.<\/p>\n<p>Die Menge war ob der Antwort des alten Knoblauch-Verk\u00e4ufers v\u00f6llig erstaunt. Yang selbst war \u00fcberrascht, aber es dauerte nicht lang, bis seine Wut wieder die Oberhand gewann.<\/p>\n<p>&#8222;Du verr\u00fcckter alter Narr! Ich wollte eigentlich erst dein Leben schonen, aber jetzt habe ich meine Meinung ge\u00e4ndert. Macht dich bereit. Ich, Meister Yang, werde \u00fcber deinem toten Leib Gebete sprechen!&#8220;<\/p>\n<p>Mit einem gewaltigen Kiai stie\u00df er seine Faust zum Kopf des alten Mannes. Die Kraft und die Wucht seines Angriffs waren der eines riesigen Deva-K\u00f6nigs vergleichbar, der in seinem Wahn alles niederrei\u00dft. Die Menge hielt den Atem an, schon sehend, wie der Schlag den Sch\u00e4del des alten Mannes zermalmen w\u00fcrde.<\/p>\n<p>Der alte Mann bewegte sich ein wenig nach links und stand ruhig da, leicht zitternd wie zuvor.<\/p>\n<p>Yang, durch seinen eigenen Schwung aus dem Gleichgewicht gebracht, fiel der L\u00e4nge nach auf sein Gesicht. Er sprang sofort wieder auf. Mit einem verzweifelten, f\u00fcrchterlichem Blick stie\u00df er seine Faust nun auf den Bauch des alten Mannes, wo sie mit einem dumpfen Ger\u00e4usch abprallte. Einige der Zuschauer bedeckten ihre Augen, da sie den Anblick des alten, am Boden liegenden und Blut spuckenden Mannes nicht ertragen konnten.<\/p>\n<p>Aber das Aussehen des Knoblauch-Verk\u00e4ufers war v\u00f6llig unbek\u00fcmmert, als er die volle Wucht des Schlages hinnahm, ja die Gesichtsfarbe ver\u00e4nderte sich nicht ein bisschen. Er stand da, immer noch zitternd, mit einem breiten Grinsen auf den Lippen. Yang stellte best\u00fcrzt fest, dass seine Faust noch immer gegen den Bauch des alten Mannes gepresst war. Unf\u00e4hig, die Faust entweder tiefer zu sto\u00dfen oder zur\u00fcckzuziehen, sah er wie ein Insekt aus, das an Fliegenpapier klebte, mit den Fl\u00fcgeln schlagend, darum k\u00e4mpfend, sich selbst zu befreien. Die Menge starrte verwundert drein. So etwas hatten sie noch nie gesehen.<\/p>\n<p>Bei n\u00e4herem Hinsehen konnte man erkennen, dass Yang&#8217;s k\u00fcrbisgro\u00dfe Faust in den Falten des Bauches des alten Mannes gefangen war. Meister Yang, von dessen St\u00e4rke man sagte, dass sie einzigartig sei, stand dort &#8211; schwei\u00dfgebadet. Seine Faust gefangen, sein Gesicht vor Wut rotgl\u00fchend. Er k\u00e4mpfte und wand sich &#8211; aber vergebens.<\/p>\n<p>Zu guter letzt \u00fcberkam den f\u00fcr seine Trunkenheit bekannten Meister Yang die Scham. Auf seine Knie fallend und sich immer wieder verbeugend sagte er &#8222;Meister! Ich war nicht f\u00e4hig, einen wahren Meister zu erkennen. Als ich einen sah, habe ich wie ein verr\u00fcckter Narr gehandelt. Von nun an werde ich anderen gegen\u00fcber R\u00fccksicht und Respekt walten lassen. Ich bitte Euch dem\u00fctig, mir zu verzeihen.&#8220;<\/p>\n<p>Den reum\u00fctigen Mann sehr genau betrachtend sagte der alte Mann &#8222;Wenn Ihr wirklich verstanden habt, dann ist es gut. Ihr habt den Ruf ein unertr\u00e4glicher Aufschneider zu sein. Vergesst niemals, dass die Welt ein sehr gro\u00dfer Ort ist. Behaltet Euch selbst sehr genau im Auge, w\u00e4gt sorgf\u00e4ltig ab, was Ihr sagt und was Ihr tut.&#8220;<\/p>\n<p>Der alte Mann entspannte seine Bauchmuskeln und Meister Yang fiel schwer zu Boden. Der alte Mann wandte sich um und nahm seinen Sack mit Knoblauch auf. Im Gehen hustend verlie\u00df er den Kreis der Zuschauer ohne auch nur einen einzigen Blick zur\u00fcckzuwerfen.<\/p>\n<p>Geschichten wie diese ist sicherlich unterhaltend, aber es kommen Probleme auf, wenn Leute, die in der Lage sein sollten solche Begebenheiten im rechten Licht zu sehen, statt dessen annehmen, dass diese sich tats\u00e4chlich einmal so zugetragen haben. In extremen F\u00e4llen gehen sie sogar so weit, die Geschichte in einer Art und Weise wiederzugeben, die den Anschein erweckt, sie seien selbst Zeugen der Ereignisse gewesen.<\/p>\n<p>Beim Beschreiben der gewaltigen Kraft des Karate gibt es Leute, die Dinge wie diese erz\u00e4hlen:<\/p>\n<p>Es gibt da eine geheime Technik im Karate, die Nukite (Speer-Hand) genannt wird. Mit deinen Fingerspitzen kannst du die Seite eines Gegners durchdringen und seine Rippen ergreifen und herausrei\u00dfen. Das Training f\u00fcr diese Technik ist sehr schwierig. Du nimmst ein Vierzig- bis F\u00fcnfzig-Liter-Fass. Dieses f\u00fcllst du mit kleinen Bohnen und die Finger zusammendr\u00fcckend beginnst du mit deinen Fingerspitzen in die Bohnen zu schlagen. Dies machst du tausend Mal pro Tag. Die Haut wird aufplatzen und die Finger werden bluten. Allm\u00e4hlich werden deine Fingerspitzen widerstandsf\u00e4higer und nehmen eine ungew\u00f6hnliche Erscheinung an. So wie du mit der Schlag-\u00dcbung fortf\u00e4hrst, wird die Erfahrung des Schmerzes verschwinden.<\/p>\n<p>Wenn diese Stufe erreicht ist, wechselst du von getrockneten Bohnen zu Sand. Der Sand wird schwieriger sein als die Bohnen, aber nach Monaten der \u00dcbung, wirst du in der Lage sein, mit einem einzigen Schlag den Boden des Fasses zu erreichen. Von Sand gehst du dann \u00fcber zu Kies, dann zu Kieselsteinen und schlie\u00dflich zu Bleik\u00fcgelchen.<\/p>\n<p>Als Ergebnis des Trainings wirst du in der Lage sein, Holzbretter mit deinen Fingerspitzen zu durchdringen, in Felsen zu schlagen oder sogar die Flanke eines Pferdes mit deinen blo\u00dfen H\u00e4nden zu durchdringen.<\/p>\n<p>Wer nichts \u00fcber Karate wei\u00df, k\u00f6nnte diese Pseudo-Anweisung durchaus f\u00fcr bare M\u00fcnze nehmen und zu der \u00dcberzeugung gelangen, dass Karate etwas Ehrfurcht gebietendes, schreckliches und furchteinfl\u00f6\u00dfendes ist. Dass darin zuletzt auch ein F\u00fcnkchen Wahrheit steckt wird auch durch Fragen wie diese best\u00e4tigt: &#8222;Ich habe geh\u00f6rt, dass Ihr Karate k\u00f6nnt. Verzeiht mir bitte die Frage, aber k\u00f6nnte Ihr mit Euren blo\u00dfen H\u00e4nden Felsen spalten oder mit Euren Fingerspitzen L\u00f6cher in Menschen machen?&#8220;<\/p>\n<p>Einer solchen befremdlichen Frage gegen\u00fcbergestellt, sollte man wissen, dass die sich so erkundigende Person nur ein Amateur ist. Ein einfaches L\u00e4cheln und eine direkte Antwort &#8222;Nein, ich kann keine derartigen Tricks ausf\u00fchren.&#8220; sollten die gew\u00f6hnliche Antwort sein.<\/p>\n<p>Aber es gibt auch solche l\u00e4stigen Lehrer, die auf Nachfragen mit solch unverfrorenen Antworten wie &#8222;Ja, ich kann nicht sagen, da\u00df ich das nicht auch schon einmal gemacht habe&#8230;&#8220; reagieren. Doch das sind nur Prahler &#8211; sie sind f\u00fcr gew\u00f6hnlich sehr gewandte Redner, die es fertig bringen, ihre Geschichten den Zuh\u00f6rern glauben zu machen. Nat\u00fcrlich mag es sein, da\u00df diese Leute einfach nur glauben, durch ihre \u00dcbertreibungen dem Karate einen Gefallen zu tun, indem sie es attraktiver machen, als es ist, indem sie Karate schmackhafter machen. In Wahrheit vertuschen sie aber die wahre Natur des Karate mit sehr nachteiligen Folgen. Es dies nicht genauso, als ob man jemanden durch Liebensw\u00fcrdigkeit umbringt?<\/p>\n<p>Au\u00dfer der Geschichte von Meister Yang haben die Erz\u00e4hler mystische, geheime Techniken erfunden, deren letztendliche Zahl lediglich durch ihre eigene Fantasie beschr\u00e4nkt wird. Es soll derartige Experten unter den alten Meistern gegeben haben, aber unter den heutigen Meistern kenne ich nicht einen, der derartige Kunsts\u00fccke vollbringen k\u00f6nnte.<\/p>\n<p>Dann gibt es wiederum Lehrer, die andere mit Erkl\u00e4rungen der Art &#8222;Im Karate ist ein kr\u00e4ftiger Griff sehr wichtig. Um deinen Griff zu \u00fcben, solltest du zwei Kr\u00fcge nehmen, deren \u00d6ffnung so gro\u00df ist, da\u00df du sie gerade noch mit deinen Fingerspitzen umfassen kannst. F\u00fclle sie mir Sand, halte einen Krug in jeder Hand und schwinge sie vor und zur\u00fcck. Ein Mann, der seinen Griff durch \u00dcbung derart gest\u00e4rkt hat, ist in der Lage aus den Arm und Bein seines Gegners das Fleisch herausrei\u00dfen.&#8220; irref\u00fchren.<\/p>\n<p>Obwohl in den vorgenannten Erkl\u00e4rungen ein wenig Wahrheit steckt, ist der Teil, da\u00df man jemandes Fleisch herausrei\u00dfen k\u00f6nne einfach l\u00e4cherlich, denn das, wovon wie sprechen &#8211; menschliches Fleisch &#8211; ist nicht einfach nur die Muskeln massieren. Sie k\u00f6nnen nicht einfach rei\u00dfen.<\/p>\n<p>Trotzdem kam eines Tages ein Lehrer zu mir in mein Dojo und fragte mich, ob ich wolle, da\u00df er mir seine &#8222;geheime Technik&#8220; beibringe. Ich dachte bei mir, einige Leute in der Welt m\u00fcssen eine Menge Mut haben und bat ihn sofort, die Technik an mir zu demonstrieren. Das Ergebnis war alles andere als aufregend. Es gelang ihm nur, mich fest zu keifen. Weiter: vom Herunterrei\u00dfen meiner Haut gar nicht zu reden, hinterlie\u00df sein Keifen noch nicht einmal eine Spur. Die ganze Angelegenheit war absurd.<\/p>\n<p>Das hei\u00dft nat\u00fcrlich nicht, da\u00df ein fester Griff nicht von Vorteil sei. Ich habe von Leuten geh\u00f6rt, deren Kraft ungew\u00f6hnlich gro\u00df war. Ein Mann in der Lage war, sein Haus au\u00dfen einmal komplett zu umrunden, indem er sich zupackte und sich von Dachrinne zu Dachrinne schwang. (Es sollte ins Ged\u00e4chtnis gerufen werden, da\u00df im Gegensatz zu den H\u00e4usern auf dem Festland, die okinawanischen H\u00e4user dickere Dachrinnen haben, die dies erlaubten.) Ferner ist es Tatsache, da\u00df mein hochgeachteter Lerer Meister Itosu, der weithin als moderner Meister des Karate-Do angesehen wurde, eine dicke Bambus-Stange mit seinen H\u00e4nden zerquetschen konnte. Ich glaube dennoch, da\u00df Itosu&#8217;s Griff mehr ein nat\u00fcrliches Talent als eine durch Training erlangte Fertigkeit war.<\/p>\n<p>Mit fortgeschrittenem Training kann der menschliche K\u00f6rper in einen hohen Zustand von Fitness und Gewandtheit. Aber es sollte nie vergessen werden, da\u00df es auch nat\u00fcrliche Grenzen gibt. Es ist richtig, da\u00df jemand, der Karate \u00fcbt, einige Kunstst\u00fcckchen vollf\u00fchren kann, zu denen eine durchschnittliche Person nicht in der Lage ist, wie zum Beispiel das Zerbrechen dicker Bretter oder das Zerschmettern von zw\u00f6lf oder vierzehn \u00fcbereinandergestapelten Dachziegeln. Aber diese Dinge kann jeder nach kurzer \u00dcbung erreichen. Bretter und Ziegel zerbrechen sind wirklich nichts anderes als Tests. Als solche sind sie f\u00fcr das Karate nicht erforderlich und erst recht keine geheimen Techniken.<\/p>\n<p>Im Gegenteil, was das Karate-Do anbelangt sind das v\u00f6llig fremde Elemente. Dennoch wird von Laien h\u00e4ufig die seltsame Frage gestellt &#8222;Wieviele Bretter mu\u00df man durchschlagen k\u00f6nnen, um einen bestimmten Grad zu erreichen?&#8220; Es scheint, sie verwechseln das Graduierungssystem im Karate mit einer Leiter. (Der Karate-Grad Ichidan oder Shodan, &#8222;Erster Grad&#8220;, k\u00f6nnte ebenso &#8222;Erster Stufe&#8220; einer Leiter.) Nat\u00fcrlich gibt es hier keinen Zusammenhang.<\/p>\n<p>Karate-Do ist eine edle Kunst und der Leser darf versichert sein, da\u00df jene, die auf das Zerbrechen von Brettern oder das Zerschmettern von Ziegeln stolz sind, oder sich damit prahlen, au\u00dfergew\u00f6hnliche Kunstst\u00fcckchen wie das Herrausrei\u00dfen von Fleisch oder dem Herau\u00dfziehen von Rippen vollbringen zu k\u00f6nnen, in Wahrheit \u00fcberhaupt nichts \u00fcber Karate wissen. Sie spielen in Bl\u00e4ttern und Zweigen eines gro\u00dfen Baumes, ohne die geringste Ahnung vom Stamm.<\/p>\n<p>Aus: <a HREF=\"http:\/\/www.budo-shop.net\/_cgi-bin\/shop\/shop.pl?f=NR&amp;c=2080707&amp;t=ddetail&amp;pid=blbl\">Karate-do Nyumon<\/a> von Funakoshi Gichin<br \/>\nDieses Buch kann bei <a HREF=\"http:\/\/www.budoshop-online.com\/\">Budoshop-Online<\/a> bestellt werden. <a HREF=\"http:\/\/www.budo-shop.net\/_cgi-bin\/shop\/shop.pl?f=NR&amp;c=2080707&amp;t=ddetail&amp;pid=blbl\">Einfach hier klicken.<\/a><\/p>\n","protected":false},"excerpt":{"rendered":"<p>Interessant sind die Auffassungen des Altmeisters und Begr\u00fcnder des modernen Karate. Auch wir sollten uns seine Worte zu Herzen nehmen. In der Vergangenheit wurden die Geschichten \u00fcber die Kampfk\u00fcnste f\u00fcr gew\u00f6hnlich derart ausgeschm\u00fcckt, dass sie schon eher an eine Kurzlegenden erinnerten. Nehmen wir doch beispielsweise nur einmal die folgende Begebenheit, die sich angeblich vor langer, [&hellip;]<\/p>\n","protected":false},"author":2,"featured_media":0,"parent":1127,"menu_order":25,"comment_status":"open","ping_status":"open","template":"","meta":{"ngg_post_thumbnail":0,"footnotes":""},"class_list":["post-1152","page","type-page","status-publish","hentry"],"_links":{"self":[{"href":"http:\/\/www.bushido-lubwart.de\/wordpress\/wp-json\/wp\/v2\/pages\/1152"}],"collection":[{"href":"http:\/\/www.bushido-lubwart.de\/wordpress\/wp-json\/wp\/v2\/pages"}],"about":[{"href":"http:\/\/www.bushido-lubwart.de\/wordpress\/wp-json\/wp\/v2\/types\/page"}],"author":[{"embeddable":true,"href":"http:\/\/www.bushido-lubwart.de\/wordpress\/wp-json\/wp\/v2\/users\/2"}],"replies":[{"embeddable":true,"href":"http:\/\/www.bushido-lubwart.de\/wordpress\/wp-json\/wp\/v2\/comments?post=1152"}],"version-history":[{"count":0,"href":"http:\/\/www.bushido-lubwart.de\/wordpress\/wp-json\/wp\/v2\/pages\/1152\/revisions"}],"up":[{"embeddable":true,"href":"http:\/\/www.bushido-lubwart.de\/wordpress\/wp-json\/wp\/v2\/pages\/1127"}],"wp:attachment":[{"href":"http:\/\/www.bushido-lubwart.de\/wordpress\/wp-json\/wp\/v2\/media?parent=1152"}],"curies":[{"name":"wp","href":"https:\/\/api.w.org\/{rel}","templated":true}]}}