{"id":1098,"date":"2008-02-26T08:46:00","date_gmt":"2008-02-26T07:46:00","guid":{"rendered":"http:\/\/www.bushido-lubwart.de\/wordpress\/?page_id=1098"},"modified":"2008-02-26T10:53:51","modified_gmt":"2008-02-26T09:53:51","slug":"hintergrunde","status":"publish","type":"page","link":"http:\/\/www.bushido-lubwart.de\/wordpress\/karate-and-more\/hintergrunde\/","title":{"rendered":"Hintergr\u00fcnde"},"content":{"rendered":"<p><strong>Etikette\u00a0und\u00a0Philosophie<\/strong><\/p>\n<p><strong><a HREF=\"http:\/\/www.bushido-lubwart.de\/wordpress\/?page_id=1099\">Der Meister erz\u00e4hlt<\/a><\/strong> &#8211; Verschiedene Begebenheiten und Erz\u00e4hlungen \u00fcber und von Karate-Meistern<\/p>\n<p><strong><a HREF=\"http:\/\/www.bushido-lubwart.de\/wordpress\/?page_id=1115\">Sensei im Interview<\/a><\/strong> &#8211;\u00a0Interview vom 15. November 2001 \u00fcber verschiedene Themenbereiche<\/p>\n<p><strong><a HREF=\"http:\/\/www.bushido-lubwart.de\/wordpress\/?page_id=1127\">Verschiedenes<\/a><\/strong> &#8211; Verschiedene Beitr\u00e4ge zum Thema<\/p>\n","protected":false},"excerpt":{"rendered":"<p>Etikette\u00a0und\u00a0Philosophie Der Meister erz\u00e4hlt &#8211; Verschiedene Begebenheiten und Erz\u00e4hlungen \u00fcber und von Karate-Meistern Sensei im Interview &#8211;\u00a0Interview vom 15. November 2001 \u00fcber verschiedene Themenbereiche Verschiedenes &#8211; Verschiedene Beitr\u00e4ge zum Thema<\/p>\n","protected":false},"author":2,"featured_media":0,"parent":1056,"menu_order":4,"comment_status":"open","ping_status":"open","template":"","meta":{"ngg_post_thumbnail":0,"footnotes":""},"class_list":["post-1098","page","type-page","status-publish","hentry"],"_links":{"self":[{"href":"http:\/\/www.bushido-lubwart.de\/wordpress\/wp-json\/wp\/v2\/pages\/1098"}],"collection":[{"href":"http:\/\/www.bushido-lubwart.de\/wordpress\/wp-json\/wp\/v2\/pages"}],"about":[{"href":"http:\/\/www.bushido-lubwart.de\/wordpress\/wp-json\/wp\/v2\/types\/page"}],"author":[{"embeddable":true,"href":"http:\/\/www.bushido-lubwart.de\/wordpress\/wp-json\/wp\/v2\/users\/2"}],"replies":[{"embeddable":true,"href":"http:\/\/www.bushido-lubwart.de\/wordpress\/wp-json\/wp\/v2\/comments?post=1098"}],"version-history":[{"count":0,"href":"http:\/\/www.bushido-lubwart.de\/wordpress\/wp-json\/wp\/v2\/pages\/1098\/revisions"}],"up":[{"embeddable":true,"href":"http:\/\/www.bushido-lubwart.de\/wordpress\/wp-json\/wp\/v2\/pages\/1056"}],"wp:attachment":[{"href":"http:\/\/www.bushido-lubwart.de\/wordpress\/wp-json\/wp\/v2\/media?parent=1098"}],"curies":[{"name":"wp","href":"https:\/\/api.w.org\/{rel}","templated":true}]}}

Hintergründe

<p><strong>Etikette und Philosophie</strong></p>
<p><strong><a HREF="http://www.bushido-lubwart.de/wordpress/?page_id=1099">Der Meister erzählt</a></strong> &#8211; Verschiedene Begebenheiten und Erzählungen über und von Karate-Meistern</p>
<p><strong><a HREF="http://www.bushido-lubwart.de/wordpress/?page_id=1115">Sensei im Interview</a></strong> &#8211; Interview vom 15. November 2001 über verschiedene Themenbereiche</p>
<p><strong><a HREF="http://www.bushido-lubwart.de/wordpress/?page_id=1127">Verschiedenes</a></strong> &#8211; Verschiedene Beiträge zum Thema</p>

<p>Etikette und Philosophie Der Meister erzählt &#8211; Verschiedene Begebenheiten und Erzählungen über und von Karate-Meistern Sensei im Interview &#8211; Interview vom 15. November 2001 über verschiedene Themenbereiche Verschiedenes &#8211; Verschiedene Beiträge zum Thema</p>
