{"id":1093,"date":"2008-02-25T19:53:47","date_gmt":"2008-02-25T18:53:47","guid":{"rendered":"http:\/\/www.bushido-lubwart.de\/wordpress\/?page_id=1093"},"modified":"2008-02-25T19:53:47","modified_gmt":"2008-02-25T18:53:47","slug":"richtungen","status":"publish","type":"page","link":"http:\/\/www.bushido-lubwart.de\/wordpress\/karate-and-more\/japanisch\/richtungen\/","title":{"rendered":"Richtungen"},"content":{"rendered":"<p><strong>AGE<\/strong> nach oben<\/p>\n<p><strong>CHUDAN<\/strong> mittlere Stufe (G\u00fcrtel bis Hals)<\/p>\n<p><strong>GEDAN<\/strong> untere Stufe (G\u00fcrtel abw\u00e4rts)<\/p>\n<p><strong>GYAKU<\/strong> entgegengesetzt<\/p>\n<p><strong>GYAKU HANMI<\/strong> entgegengesetzt abgedreht H\u00fcfte (nach innen)<\/p>\n<p><strong>HANMI<\/strong> abgedrehte H\u00fcftposition (nach au\u00dfen)<\/p>\n<p><strong>HIDARI<\/strong> nach links<\/p>\n<p><strong>JODAN<\/strong> obere Stufe (ab Hals aufw\u00e4rts)<\/p>\n<p><strong>MAE<\/strong> nach vorn<\/p>\n<p><strong>MIGI<\/strong> nach rechts<\/p>\n<p><strong>NANAME<\/strong> schr\u00e4g, diagonal<\/p>\n<p><strong>OTOSHI<\/strong> nach unten<\/p>\n<p><strong>MAWASHI<\/strong> Halbkreis<\/p>\n<p><strong>SHOMEN<\/strong> frontale H\u00fcftstellung<\/p>\n<p><strong>SOTO<\/strong> au\u00dfen<\/p>\n<p><strong>UCHI<\/strong> von innen<\/p>\n<p><strong>USHIRO<\/strong> nach hinten<\/p>\n<p><strong>YOKO<\/strong> zur Seite<\/p>\n","protected":false},"excerpt":{"rendered":"<p>AGE nach oben CHUDAN mittlere Stufe (G\u00fcrtel bis Hals) GEDAN untere Stufe (G\u00fcrtel abw\u00e4rts) GYAKU entgegengesetzt GYAKU HANMI entgegengesetzt abgedreht H\u00fcfte (nach innen) HANMI abgedrehte H\u00fcftposition (nach au\u00dfen) HIDARI nach links JODAN obere Stufe (ab Hals aufw\u00e4rts) MAE nach vorn MIGI nach rechts NANAME schr\u00e4g, diagonal OTOSHI nach unten MAWASHI Halbkreis SHOMEN frontale H\u00fcftstellung SOTO [&hellip;]<\/p>\n","protected":false},"author":2,"featured_media":0,"parent":1084,"menu_order":9,"comment_status":"open","ping_status":"open","template":"","meta":{"ngg_post_thumbnail":0,"footnotes":""},"class_list":["post-1093","page","type-page","status-publish","hentry"],"_links":{"self":[{"href":"http:\/\/www.bushido-lubwart.de\/wordpress\/wp-json\/wp\/v2\/pages\/1093"}],"collection":[{"href":"http:\/\/www.bushido-lubwart.de\/wordpress\/wp-json\/wp\/v2\/pages"}],"about":[{"href":"http:\/\/www.bushido-lubwart.de\/wordpress\/wp-json\/wp\/v2\/types\/page"}],"author":[{"embeddable":true,"href":"http:\/\/www.bushido-lubwart.de\/wordpress\/wp-json\/wp\/v2\/users\/2"}],"replies":[{"embeddable":true,"href":"http:\/\/www.bushido-lubwart.de\/wordpress\/wp-json\/wp\/v2\/comments?post=1093"}],"version-history":[{"count":0,"href":"http:\/\/www.bushido-lubwart.de\/wordpress\/wp-json\/wp\/v2\/pages\/1093\/revisions"}],"up":[{"embeddable":true,"href":"http:\/\/www.bushido-lubwart.de\/wordpress\/wp-json\/wp\/v2\/pages\/1084"}],"wp:attachment":[{"href":"http:\/\/www.bushido-lubwart.de\/wordpress\/wp-json\/wp\/v2\/media?parent=1093"}],"curies":[{"name":"wp","href":"https:\/\/api.w.org\/{rel}","templated":true}]}}