{"id":1086,"date":"2008-02-25T19:33:16","date_gmt":"2008-02-25T18:33:16","guid":{"rendered":"http:\/\/www.bushido-lubwart.de\/wordpress\/?page_id=1086"},"modified":"2008-02-25T19:33:16","modified_gmt":"2008-02-25T18:33:16","slug":"kommandos","status":"publish","type":"page","link":"http:\/\/www.bushido-lubwart.de\/wordpress\/karate-and-more\/japanisch\/kommandos\/","title":{"rendered":"Kommandos"},"content":{"rendered":"<p><strong>CHUDAN KAMAE<\/strong> Entspricht der Kampfstellung. Der vordere Arm deckt den Au\u00dfenbereich des K\u00f6rpers, bereit Kizami-Zuki zu sto\u00dfen. Der hintere Arm deckt den Bauch, bereit Gyaku-Zuki zu sto\u00dfen.<\/p>\n<p><strong>GEDAN KAMAE<\/strong> Links vorr\u00fccken mit Gedan-Barai in Zenkutsu-Dachi<br \/>\n<strong><br \/>\nHAJIME <\/strong>Anfangen, los!<\/p>\n<p><strong>KAMAETE<\/strong> eine K\u00f6rperhaltung einnehmen<\/p>\n<p><strong>KIRITSU<\/strong> Aufstehen<\/p>\n<p><strong>MAWATE<\/strong> Kehrt, Wendung!<\/p>\n<p><strong>MOKUSO<\/strong> Meditation!<\/p>\n<p><strong>MOKUSO YAME<\/strong> Meditation Ende!<\/p>\n<p><strong>NAORE<\/strong> oder <strong>NAOTE<\/strong> Zum &#8222;Normalzustand&#8220; zur\u00fcckkehren<\/p>\n<p><strong>OTAGAI NI REI<\/strong> Voreinander verbeugen<\/p>\n<p><strong>REI<\/strong> Gru\u00df, Verbeugung!<\/p>\n<p><strong>SEIZA<\/strong> Abknien in Kniesitz!<\/p>\n<p><strong>SENSEI NI<\/strong> zum Lehrer<\/p>\n<p><strong>SENSEI NI REI<\/strong> Nach vorne verbeugen und den\/die Lehrer\/in gr\u00fc\u00dfen!<\/p>\n<p><strong>SHOMEN NI<\/strong> zur Vorderseite<\/p>\n<p><strong>SHOMEN NI REI<\/strong> Nach vorne verbeugen!<\/p>\n<p><strong>TATE<\/strong> Aufstehen<\/p>\n<p><strong>YAME<\/strong> Stop!<\/p>\n<p><strong>YASUME<\/strong> zur Ausgangsposition zur\u00fcckkehren<\/p>\n<p><strong>YOI<\/strong> Achtung!<\/p>\n","protected":false},"excerpt":{"rendered":"<p>CHUDAN KAMAE Entspricht der Kampfstellung. Der vordere Arm deckt den Au\u00dfenbereich des K\u00f6rpers, bereit Kizami-Zuki zu sto\u00dfen. Der hintere Arm deckt den Bauch, bereit Gyaku-Zuki zu sto\u00dfen. GEDAN KAMAE Links vorr\u00fccken mit Gedan-Barai in Zenkutsu-Dachi HAJIME Anfangen, los! KAMAETE eine K\u00f6rperhaltung einnehmen KIRITSU Aufstehen MAWATE Kehrt, Wendung! MOKUSO Meditation! MOKUSO YAME Meditation Ende! NAORE oder [&hellip;]<\/p>\n","protected":false},"author":2,"featured_media":0,"parent":1084,"menu_order":2,"comment_status":"open","ping_status":"open","template":"","meta":{"ngg_post_thumbnail":0,"footnotes":""},"class_list":["post-1086","page","type-page","status-publish","hentry"],"_links":{"self":[{"href":"http:\/\/www.bushido-lubwart.de\/wordpress\/wp-json\/wp\/v2\/pages\/1086"}],"collection":[{"href":"http:\/\/www.bushido-lubwart.de\/wordpress\/wp-json\/wp\/v2\/pages"}],"about":[{"href":"http:\/\/www.bushido-lubwart.de\/wordpress\/wp-json\/wp\/v2\/types\/page"}],"author":[{"embeddable":true,"href":"http:\/\/www.bushido-lubwart.de\/wordpress\/wp-json\/wp\/v2\/users\/2"}],"replies":[{"embeddable":true,"href":"http:\/\/www.bushido-lubwart.de\/wordpress\/wp-json\/wp\/v2\/comments?post=1086"}],"version-history":[{"count":0,"href":"http:\/\/www.bushido-lubwart.de\/wordpress\/wp-json\/wp\/v2\/pages\/1086\/revisions"}],"up":[{"embeddable":true,"href":"http:\/\/www.bushido-lubwart.de\/wordpress\/wp-json\/wp\/v2\/pages\/1084"}],"wp:attachment":[{"href":"http:\/\/www.bushido-lubwart.de\/wordpress\/wp-json\/wp\/v2\/media?parent=1086"}],"curies":[{"name":"wp","href":"https:\/\/api.w.org\/{rel}","templated":true}]}}