{"id":1081,"date":"2008-02-25T19:19:40","date_gmt":"2008-02-25T18:19:40","guid":{"rendered":"http:\/\/www.bushido-lubwart.de\/wordpress\/?page_id=1081"},"modified":"2008-02-29T10:24:36","modified_gmt":"2008-02-29T09:24:36","slug":"kihon-ippon-kumite","status":"publish","type":"page","link":"http:\/\/www.bushido-lubwart.de\/wordpress\/karate-and-more\/trainingbereiche\/kihon-ippon-kumite\/","title":{"rendered":"Kihon Ippon Kumite"},"content":{"rendered":"<p>&#8222;Die bisher gelernten Formen Gohon und Sanbon Kumite sind Voraussetzung f\u00fcr das folgende Ippon Kumite.<\/p>\n<p>Mehr als die Technik sind Blickkontakt und Atmung von Wichtigkeit. Abgesehen von der physischen Kraft werden durch genaues Atmen die inneren Organe gest\u00e4rkt. Diese Kraft addiert sich zu der k\u00f6rperlichen hinzu. Hat man sich in dieser Weise ge\u00fcbt, so wird w\u00e4hrend des Erlernens der korrekten Technik auch die richtige Stellung und optimaler K\u00f6rpereinsatz in methodischer Anwendung erlernt. Ebenso wird das Bewahren der Aufmerksamkeit geschult.&#8220; (Hirokazu Kanazawa, 9\u00b0 Dan)<\/p>\n<p>Kihon Ippon Kumite ist eine weitere Kumiteform aus dem Grundschulbereich, die ebenso wie die in den vorangegangenen Ausgaben vorgestellten Partner\u00fcbungen in allererster Linie dazu dient, den korrekten Angriff und die korrekte Abwehr sowie richtigen Stand (Tachi) und richtigen Abstand (Maai); kurz: All das zu lernen, was im sp\u00e4teren Freikampf unbedingt beherrscht werden mu\u00df.<\/p>\n<p>Nur durch konzentriertes und unabl\u00e4ssiges \u00dcben erwirbt man sich die sp\u00e4ter so notwendigen Grundlagen, denn ohne eine feste Basis, kann man nicht aufbauen. M\u00fc\u00dfig w\u00e4re es ein Haus auf Flugsand errichten zu wollen.<\/p>\n<p>Beim Kihon Ippon Kumite gibt es jeweils nur einen Angriff (ippon = einmal), der vom Verteidiger (Tori) abgewehrt und gekontert wird.<\/p>\n<p>Abbildung 1-3<br \/>\nAngriff: Migi Oi Zuki Chudan<br \/>\nAbwehr: Migi Soto Ude Uke &#8211; Konter Migi Soto Ude Uke \/ Gyaku Zuki<br \/>\nAbbildung 4-6<br \/>\nAngriff: Migi Jodan Oi Zuki<br \/>\nAbwehr: Jodan Juji Uke \/ Migi Mae Geri \/ Migi Age Empi<\/p>\n<table CLASS=\"\">\n<tr>\n<td CLASS=\"\">1<\/td>\n<td CLASS=\"\">2<\/td>\n<td CLASS=\"\">3<\/td>\n<\/tr>\n<tr>\n<td CLASS=\"\"><a HREF=\"http:\/\/www.bushido-lubwart.de\/wordpress\/wp-content\/uploads\/2008\/02\/ik3a.jpg\" TARGET=\"_blank\"><img SRC=\"http:\/\/www.bushido-lubwart.de\/wordpress\/wp-content\/uploads\/2008\/02\/ik3a.thumbnail.jpg\" \/><\/a><\/td>\n<td CLASS=\"\"><a HREF=\"http:\/\/www.bushido-lubwart.de\/wordpress\/wp-content\/uploads\/2008\/02\/ik3b.jpg\" TARGET=\"_blank\"><img SRC=\"http:\/\/www.bushido-lubwart.de\/wordpress\/wp-content\/uploads\/2008\/02\/ik3b.thumbnail.jpg\" \/><\/a><\/td>\n<td CLASS=\"\"><a HREF=\"http:\/\/www.bushido-lubwart.de\/wordpress\/wp-content\/uploads\/2008\/02\/ik3c.jpg\" TARGET=\"_blank\"><img SRC=\"http:\/\/www.bushido-lubwart.de\/wordpress\/wp-content\/uploads\/2008\/02\/ik3c.thumbnail.jpg\" \/><\/a><\/td>\n<\/tr>\n<tr>\n<td CLASS=\"\">4<\/td>\n<td CLASS=\"\">5<\/td>\n<td CLASS=\"\">6<\/td>\n<\/tr>\n<tr>\n<td CLASS=\"\"><a HREF=\"http:\/\/www.bushido-lubwart.de\/wordpress\/wp-content\/uploads\/2008\/02\/ik1a.jpg\" TARGET=\"_blank\"><img SRC=\"http:\/\/www.bushido-lubwart.de\/wordpress\/wp-content\/uploads\/2008\/02\/ik1a.thumbnail.jpg\" \/><\/a><\/td>\n<td CLASS=\"\"><a HREF=\"http:\/\/www.bushido-lubwart.de\/wordpress\/wp-content\/uploads\/2008\/02\/ik1b.jpg\" TARGET=\"_blank\"><img SRC=\"http:\/\/www.bushido-lubwart.de\/wordpress\/wp-content\/uploads\/2008\/02\/ik1b.thumbnail.jpg\" \/><\/a><\/td>\n<td CLASS=\"\"><a HREF=\"http:\/\/www.bushido-lubwart.de\/wordpress\/wp-content\/uploads\/2008\/02\/ik1c.jpg\" TARGET=\"_blank\"><img SRC=\"http:\/\/www.bushido-lubwart.de\/wordpress\/wp-content\/uploads\/2008\/02\/ik1c.thumbnail.jpg\" \/><\/a><\/td>\n<\/tr>\n<\/table>\n<p>Angreifer und Verteidiger stehen sich gegen\u00fcber und gr\u00fc\u00dfen sich an (Rei). Dann nimmt der Angreifer (Uke) eine Gedan-Position ein (zur\u00fcckgehen zu Zenkutsu Dachi mit Gedan Barai). Nun sagt er den Angriff an. Dabei steht &#8222;Jodan.&#8220; bzw. &#8222;Chudan.&#8220; f\u00fcr Oi Zuki Jodan bzw. Chudan. Die Fu\u00dfangriffe erfolgen mit Ausnahme von Mawashi Geri grunds\u00e4tzlich zum Chudan-Bereich.<\/p>\n<p>Tori bleibt in Hachiji Dachi (=Shizentai, &#8222;Yoi.&#8220;) stehen und antwortet zum Zeichen daf\u00fcr, da\u00df er die Ansage klar und deutlich verstanden hat und bereit zur Abwehr des Angriffs ist, mit &#8222;Oss.&#8220;<\/p>\n<p>Dies sollte f\u00fcr Uke nunmehr das Signal sein, seinen Angriff auszuf\u00fchren. Tori weicht zun\u00e4chst aus, wehrt den Angriff ab und f\u00fchrt anschlie\u00dfend eine Gegentechnik aus.<\/p>\n<p>F\u00fcr den Anfang sollte man auf keinen Fall versuchen, komplizierte Techniken f\u00fcr den Gegenangriff einzusetzen. Es ist viel besser und wertvoller, wenn man zun\u00e4chst nur Gyaku Zuki als Gegentechnik ausf\u00fchrt. Man wird dann schon sehr bald merken, da\u00df selbst diese relativ einfache Technik gen\u00fcgend Schwierigkeiten in sich birgt, die es zu meistern gilt.<\/p>\n<p>Wenn man diese Grundform einigerma\u00dfen beherrscht, kann man dazu \u00fcbergehen, seitliche Ausweichbewegungen einzubauen und sp\u00e4ter auch andere Gegentechniken anstelle von Gyaku Zuki einzusetzen. Aber immer daran denken: Man darf niemals den zweiten Schritt vor dem ersten machen, denn das geht immer schief!<\/p>\n<p>Abbildung 1-3<br \/>\nAngriff: Hidari Jodan Oi Zuki<br \/>\nAbwehr: Heisoku Dachi &#8211; Hidari Age Uke \/ Hidari Yoko Geri \/ Kiba Dachi &#8211; Hidari Yoko Empi<\/p>\n<p>Abbildung 4-5<br \/>\nAngriff: Migi Oi Zuki Chudan<br \/>\nAbwehr: Hidari Kokutsu Dachi &#8211; Shuto Uke \/ Zenkutsu Dachi &#8211; Soto Gyaku Shuto Uchi<\/p>\n<p>Abbildung 6-8<br \/>\nAngriff: Migi Chudan Mae Geri<br \/>\nAbwehr: Migi Gyaku Gedan Barai \/ Hidari Kizami Zuki \/ Gyaku Zuki<\/p>\n<p>Abbildung 9-10<br \/>\nAngriff: Migi Chudan Yoko Geri<br \/>\nAbwehr: Kiba Dachi &#8211; Hidari Gedan Nagashi Uke \/ Hidari Yoko Empi<\/p>\n<table CLASS=\"\">\n<tr>\n<td CLASS=\"\">1<\/td>\n<td CLASS=\"\">2<\/td>\n<td CLASS=\"\">3<\/td>\n<\/tr>\n<tr>\n<td CLASS=\"\"><a HREF=\"http:\/\/www.bushido-lubwart.de\/wordpress\/wp-content\/uploads\/2008\/02\/ik2a.jpg\" TARGET=\"_blank\"><img SRC=\"http:\/\/www.bushido-lubwart.de\/wordpress\/wp-content\/uploads\/2008\/02\/ik2a.thumbnail.jpg\" \/><\/a><\/td>\n<td CLASS=\"\"><a HREF=\"http:\/\/www.bushido-lubwart.de\/wordpress\/wp-content\/uploads\/2008\/02\/ik2b.jpg\" TARGET=\"_blank\"><img SRC=\"http:\/\/www.bushido-lubwart.de\/wordpress\/wp-content\/uploads\/2008\/02\/ik2b.thumbnail.jpg\" \/><\/a><\/td>\n<td CLASS=\"\"><a HREF=\"http:\/\/www.bushido-lubwart.de\/wordpress\/wp-content\/uploads\/2008\/02\/ik2c.jpg\" TARGET=\"_blank\"><img SRC=\"http:\/\/www.bushido-lubwart.de\/wordpress\/wp-content\/uploads\/2008\/02\/ik2c.thumbnail.jpg\" \/><\/a><\/td>\n<\/tr>\n<tr>\n<td CLASS=\"\">4<\/td>\n<td CLASS=\"\">5<\/td>\n<td CLASS=\"\"><\/td>\n<\/tr>\n<tr>\n<td CLASS=\"\"><a HREF=\"http:\/\/www.bushido-lubwart.de\/wordpress\/wp-content\/uploads\/2008\/02\/ik4a.jpg\" TARGET=\"_blank\"><img SRC=\"http:\/\/www.bushido-lubwart.de\/wordpress\/wp-content\/uploads\/2008\/02\/ik4a.thumbnail.jpg\" \/><\/a><\/td>\n<td CLASS=\"\"><a HREF=\"http:\/\/www.bushido-lubwart.de\/wordpress\/wp-content\/uploads\/2008\/02\/ik4b.jpg\" TARGET=\"_blank\"><img SRC=\"http:\/\/www.bushido-lubwart.de\/wordpress\/wp-content\/uploads\/2008\/02\/ik4b.thumbnail.jpg\" \/><\/a><\/td>\n<td CLASS=\"\"><\/td>\n<\/tr>\n<tr>\n<td CLASS=\"\">6<\/td>\n<td CLASS=\"\">7<\/td>\n<td CLASS=\"\">8<\/td>\n<\/tr>\n<tr>\n<td CLASS=\"\"><a HREF=\"http:\/\/www.bushido-lubwart.de\/wordpress\/wp-content\/uploads\/2008\/02\/ik5a.jpg\" TARGET=\"_blank\"><img SRC=\"http:\/\/www.bushido-lubwart.de\/wordpress\/wp-content\/uploads\/2008\/02\/ik5a.thumbnail.jpg\" \/><\/a><\/td>\n<td CLASS=\"\"><a HREF=\"http:\/\/www.bushido-lubwart.de\/wordpress\/wp-content\/uploads\/2008\/02\/ik5b.jpg\" TARGET=\"_blank\"><img SRC=\"http:\/\/www.bushido-lubwart.de\/wordpress\/wp-content\/uploads\/2008\/02\/ik5b.thumbnail.jpg\" \/><\/a><\/td>\n<td CLASS=\"\"><a HREF=\"http:\/\/www.bushido-lubwart.de\/wordpress\/wp-content\/uploads\/2008\/02\/ik5c.jpg\" TARGET=\"_blank\"><img SRC=\"http:\/\/www.bushido-lubwart.de\/wordpress\/wp-content\/uploads\/2008\/02\/ik5c.thumbnail.jpg\" \/><\/a><\/td>\n<\/tr>\n<tr>\n<td CLASS=\"\">9<\/td>\n<td CLASS=\"\">10<\/td>\n<td CLASS=\"\"><\/td>\n<\/tr>\n<tr>\n<td CLASS=\"\"><a HREF=\"http:\/\/www.bushido-lubwart.de\/wordpress\/wp-content\/uploads\/2008\/02\/ik6a.jpg\" TARGET=\"_blank\"><img SRC=\"http:\/\/www.bushido-lubwart.de\/wordpress\/wp-content\/uploads\/2008\/02\/ik6a.thumbnail.jpg\" \/><\/a><\/td>\n<td CLASS=\"\"><a HREF=\"http:\/\/www.bushido-lubwart.de\/wordpress\/wp-content\/uploads\/2008\/02\/ik6b.jpg\" TARGET=\"_blank\"><img SRC=\"http:\/\/www.bushido-lubwart.de\/wordpress\/wp-content\/uploads\/2008\/02\/ik6b.thumbnail.jpg\" \/><\/a><\/td>\n<td CLASS=\"\"><\/td>\n<\/tr>\n<\/table>\n<p>Die zu dieser Kumiteform gegebenen Erl\u00e4uterungen habe ich absichtlich etwas knapp und allgemein gehalten, denn denjenigen unter euch, die schon etwas h\u00f6her graduiert sind, sollen sie eine kleine Trainingshilfe sein, die die im Training ge\u00fcbten Techniken noch einmal wiedergibt und auffrischt bzw. auch neue Anregungen bietet. F\u00fcr die niedriger graduierten aber soll dies zugleich ein Ausblick auf das noch bevorstehende Trainingsprogramm sein.<\/p>\n","protected":false},"excerpt":{"rendered":"<p>&#8222;Die bisher gelernten Formen Gohon und Sanbon Kumite sind Voraussetzung f\u00fcr das folgende Ippon Kumite. Mehr als die Technik sind Blickkontakt und Atmung von Wichtigkeit. Abgesehen von der physischen Kraft werden durch genaues Atmen die inneren Organe gest\u00e4rkt. Diese Kraft addiert sich zu der k\u00f6rperlichen hinzu. Hat man sich in dieser Weise ge\u00fcbt, so wird [&hellip;]<\/p>\n","protected":false},"author":2,"featured_media":0,"parent":1077,"menu_order":4,"comment_status":"open","ping_status":"open","template":"","meta":{"ngg_post_thumbnail":0,"footnotes":""},"class_list":["post-1081","page","type-page","status-publish","hentry"],"_links":{"self":[{"href":"http:\/\/www.bushido-lubwart.de\/wordpress\/wp-json\/wp\/v2\/pages\/1081"}],"collection":[{"href":"http:\/\/www.bushido-lubwart.de\/wordpress\/wp-json\/wp\/v2\/pages"}],"about":[{"href":"http:\/\/www.bushido-lubwart.de\/wordpress\/wp-json\/wp\/v2\/types\/page"}],"author":[{"embeddable":true,"href":"http:\/\/www.bushido-lubwart.de\/wordpress\/wp-json\/wp\/v2\/users\/2"}],"replies":[{"embeddable":true,"href":"http:\/\/www.bushido-lubwart.de\/wordpress\/wp-json\/wp\/v2\/comments?post=1081"}],"version-history":[{"count":0,"href":"http:\/\/www.bushido-lubwart.de\/wordpress\/wp-json\/wp\/v2\/pages\/1081\/revisions"}],"up":[{"embeddable":true,"href":"http:\/\/www.bushido-lubwart.de\/wordpress\/wp-json\/wp\/v2\/pages\/1077"}],"wp:attachment":[{"href":"http:\/\/www.bushido-lubwart.de\/wordpress\/wp-json\/wp\/v2\/media?parent=1081"}],"curies":[{"name":"wp","href":"https:\/\/api.w.org\/{rel}","templated":true}]}}