{"id":1074,"date":"2008-02-25T18:56:11","date_gmt":"2008-02-25T17:56:11","guid":{"rendered":"http:\/\/www.bushido-lubwart.de\/wordpress\/?page_id=1074"},"modified":"2008-02-28T11:36:25","modified_gmt":"2008-02-28T10:36:25","slug":"fakten-und-keine-fiktionen","status":"publish","type":"page","link":"http:\/\/www.bushido-lubwart.de\/wordpress\/karate-and-more\/karate-wissen\/fakten-und-keine-fiktionen\/","title":{"rendered":"Fakten und keine Fiktionen"},"content":{"rendered":"<p>Den gr\u00f6\u00dften Fehler, den jemand begehen kann, wenn er sich f\u00fcr das Studium einer Kampfkunst entscheidet ist, einen inkompetenten Lehrer auszuw\u00e4hlen. Wie in allen anderen Kampfk\u00fcnsten auch, gibt es im Shotokan Karate ebenso gut ausgebildete Intruktoren wie schlechte. Lehrer m\u00fcssen sorgf\u00e4ltig ausgew\u00e4hlt werden. Wahres Karate erfordert immer Trainingshingabe und ist niemals eine Crash-Kurs-Methode zum Erlernen von Selbstverteidigung. Heute gibt es mehr denn je M\u00e4nner und Frauen, die vorgeben Lehrer zu sein, aber die Kunst die sie vorgeben zu verstehen nur verderben. Diese Art von Lehrern nutzt falsche Informationen, um potentielle Sch\u00fcler anzuziehen.<\/p>\n<p><a TARGET=\"_blank\" HREF=\"http:\/\/www.bushido-lubwart.de\/wordpress\/wp-content\/uploads\/2008\/02\/124.jpg\"><img ALIGN=\"right\" HEIGHT=\"96\" WIDTH=\"128\" VSPACE=\"10\" HSPACE=\"10\" BORDER=\"0\" SRC=\"http:\/\/www.bushido-lubwart.de\/wordpress\/wp-content\/uploads\/2008\/02\/124.thumbnail.jpg\" \/><\/a>H\u00e4ufig behaupten unf\u00e4hige Lehrer, dass ihre Kunst die beste sei und dass einzig ihre Kunst eine vollst\u00e4ndige Form der Selbstverteidigung biete. Behauptungen wie diese sind dumm und naiv. Jede Kampfkunst kann nur an ihrem Produkt bewertet werden &#8211; an den Sch\u00fclern, die diese Kunst aus\u00fcben. Jedes Individuum ist einzigartig in seinen Kenntnissen und Fertigkeiten. Um also eine Kunst wirklich bewerten zu wollen w\u00fcrde erfordern, alle Sch\u00fcler dieser Kunst mit einzubeziehen. Es ist offensichtlich, dass solch ein Versuch unlogisch ist. So wie f\u00fcr jede andere Kampfkunst auch ist diese Behauptung nicht durch Fakten belegt. Wenn es wirklich eine Kampfkunst g\u00e4be, die eine vollst\u00e4ndige Selbstverteidigung b\u00f6te, dann g\u00e4be es nur diese eine. Die Tatsache, dass es zahllose Kampfk\u00fcnste gibt belegt, dass es der Menschheit bisher nicht gelungen ist, eine Form der Selbstverteidigung zu entwickeln, die in allen Situationen einsetzbar ist. Ein Sch\u00fcler sollte nicht den Worten eines Lehrers vertrauen, der unzutreffende Angaben \u00fcber seine Kunst macht. Potentielle Sch\u00fcler m\u00fcssen verstehen, dass Shotokan Karate Geduld und regelm\u00e4\u00dfiges Training erfordert, um fortgeschrittene Fertigkeiten zu entwickeln. Meide jeden Lehrer, der nicht an diese beiden Aspekte seiner Kunst glaubt.<\/p>\n<p>Vor allem nutzt ein guer Lehrer ein systematisches und richtig aufgebautes Trainings-System. Das Training sollte den physikalischen physiologischen Prinzipien entsprechen. Wenn ein Lehrer meint, dass Fortschritt im Karate nur unter Schmerzen erreichbar sei &#8211; dann h\u00f6re sofort auf zu trainieren. Bei einem Karate-Lehrer sollte man nach den gleichen Qualit\u00e4ten suchen, die man ganz allgemein von Lehrkr\u00e4ften erwartet. Pr\u00fcfe doch einfach die Richtigkeit von dem, was der Lehrer behauptet. Glaube niemals, dass ein Lehrer allein durch sein Aussehen oder seine Aussagen legitimiert sei.<\/p>\n","protected":false},"excerpt":{"rendered":"<p>Den gr\u00f6\u00dften Fehler, den jemand begehen kann, wenn er sich f\u00fcr das Studium einer Kampfkunst entscheidet ist, einen inkompetenten Lehrer auszuw\u00e4hlen. Wie in allen anderen Kampfk\u00fcnsten auch, gibt es im Shotokan Karate ebenso gut ausgebildete Intruktoren wie schlechte. Lehrer m\u00fcssen sorgf\u00e4ltig ausgew\u00e4hlt werden. Wahres Karate erfordert immer Trainingshingabe und ist niemals eine Crash-Kurs-Methode zum Erlernen [&hellip;]<\/p>\n","protected":false},"author":2,"featured_media":0,"parent":1057,"menu_order":19,"comment_status":"open","ping_status":"open","template":"","meta":{"ngg_post_thumbnail":0,"footnotes":""},"class_list":["post-1074","page","type-page","status-publish","hentry"],"_links":{"self":[{"href":"http:\/\/www.bushido-lubwart.de\/wordpress\/wp-json\/wp\/v2\/pages\/1074"}],"collection":[{"href":"http:\/\/www.bushido-lubwart.de\/wordpress\/wp-json\/wp\/v2\/pages"}],"about":[{"href":"http:\/\/www.bushido-lubwart.de\/wordpress\/wp-json\/wp\/v2\/types\/page"}],"author":[{"embeddable":true,"href":"http:\/\/www.bushido-lubwart.de\/wordpress\/wp-json\/wp\/v2\/users\/2"}],"replies":[{"embeddable":true,"href":"http:\/\/www.bushido-lubwart.de\/wordpress\/wp-json\/wp\/v2\/comments?post=1074"}],"version-history":[{"count":0,"href":"http:\/\/www.bushido-lubwart.de\/wordpress\/wp-json\/wp\/v2\/pages\/1074\/revisions"}],"up":[{"embeddable":true,"href":"http:\/\/www.bushido-lubwart.de\/wordpress\/wp-json\/wp\/v2\/pages\/1057"}],"wp:attachment":[{"href":"http:\/\/www.bushido-lubwart.de\/wordpress\/wp-json\/wp\/v2\/media?parent=1074"}],"curies":[{"name":"wp","href":"https:\/\/api.w.org\/{rel}","templated":true}]}}