{"id":1051,"date":"2008-02-25T10:00:13","date_gmt":"2008-02-25T09:00:13","guid":{"rendered":"http:\/\/www.bushido-lubwart.de\/wordpress\/?page_id=1051"},"modified":"2024-10-01T12:36:44","modified_gmt":"2024-10-01T11:36:44","slug":"trainingsgruppen-unseres-vereins","status":"publish","type":"page","link":"http:\/\/www.bushido-lubwart.de\/wordpress\/karate-im-verein\/trainingsgruppen-unseres-vereins\/","title":{"rendered":"Trainingsgruppen"},"content":{"rendered":"<p>Trainiert wird bei uns an vier Tagen die Woche an derzeit zwei Trainingsorten:<\/p>\n<p><strong>Bad Liebenwerda<\/strong> und <strong>Elsterwerda<\/strong>. <img loading=\"lazy\" decoding=\"async\" src=\"http:\/\/www.bushido-lubwart.de\/wordpress\/wp-content\/uploads\/2008\/02\/020926271_150.jpg\" alt=\"\" width=\"150\" height=\"112\" align=\"right\" border=\"0\" hspace=\"10\" vspace=\"10\"><\/p>\n<p>Hier erhalten Sie einen \u00dcberblick \u00fcber die Trainingsm\u00f6glichkeiten und -zeiten in unserem Verein.<\/p>\n<p>Der Verein verf\u00fcgt \u00fcber vom Landessportbund Brandenburg und Karatefachverband lizensierte \u00dcbungsleiter.<\/p>\n<p>Unser Sensei ist Ralph P. G\u00f6rlach.<\/p>\n<p>In Bad Liebenwerda wird das Training durch Sven Schr\u00f6ter und Sophie Schulze geleitet.<\/p>\n<p>In Elsterwerda wird das Training durch Marco Pfitzmann geleitet.<\/p>\n<p><strong>Trainingsm\u00f6glichkeiten<\/strong><\/p>\n<ul>\n<li><strong><a href=\"http:\/\/www.bushido-lubwart.de\/wordpress\/?page_id=1052\">Bad Liebenwerda<\/a><\/strong><\/li>\n<li><strong><a href=\"http:\/\/www.bushido-lubwart.de\/wordpress\/?page_id=1053\">Elsterwerda<\/a><\/strong><\/li>\n<\/ul>\n","protected":false},"excerpt":{"rendered":"<p>Trainiert wird bei uns an vier Tagen die Woche an derzeit zwei Trainingsorten: Bad Liebenwerda und Elsterwerda. Hier erhalten Sie einen \u00dcberblick \u00fcber die Trainingsm\u00f6glichkeiten und -zeiten in unserem Verein. Der Verein verf\u00fcgt \u00fcber vom Landessportbund Brandenburg und Karatefachverband lizensierte \u00dcbungsleiter. Unser Sensei ist Ralph P. G\u00f6rlach. In Bad Liebenwerda wird das Training durch Sven [&hellip;]<\/p>\n","protected":false},"author":2,"featured_media":0,"parent":1030,"menu_order":5,"comment_status":"open","ping_status":"closed","template":"","meta":{"ngg_post_thumbnail":0,"footnotes":""},"class_list":["post-1051","page","type-page","status-publish","hentry"],"_links":{"self":[{"href":"http:\/\/www.bushido-lubwart.de\/wordpress\/wp-json\/wp\/v2\/pages\/1051"}],"collection":[{"href":"http:\/\/www.bushido-lubwart.de\/wordpress\/wp-json\/wp\/v2\/pages"}],"about":[{"href":"http:\/\/www.bushido-lubwart.de\/wordpress\/wp-json\/wp\/v2\/types\/page"}],"author":[{"embeddable":true,"href":"http:\/\/www.bushido-lubwart.de\/wordpress\/wp-json\/wp\/v2\/users\/2"}],"replies":[{"embeddable":true,"href":"http:\/\/www.bushido-lubwart.de\/wordpress\/wp-json\/wp\/v2\/comments?post=1051"}],"version-history":[{"count":11,"href":"http:\/\/www.bushido-lubwart.de\/wordpress\/wp-json\/wp\/v2\/pages\/1051\/revisions"}],"predecessor-version":[{"id":3686,"href":"http:\/\/www.bushido-lubwart.de\/wordpress\/wp-json\/wp\/v2\/pages\/1051\/revisions\/3686"}],"up":[{"embeddable":true,"href":"http:\/\/www.bushido-lubwart.de\/wordpress\/wp-json\/wp\/v2\/pages\/1030"}],"wp:attachment":[{"href":"http:\/\/www.bushido-lubwart.de\/wordpress\/wp-json\/wp\/v2\/media?parent=1051"}],"curies":[{"name":"wp","href":"https:\/\/api.w.org\/{rel}","templated":true}]}}

<p>Trainiert wird bei uns an vier Tagen die Woche an derzeit zwei Trainingsorten:</p>
<p><strong>Bad Liebenwerda</strong> und <strong>Elsterwerda</strong>. <img loading="lazy" decoding="async" src="http://www.bushido-lubwart.de/wordpress/wp-content/uploads/2008/02/020926271_150.jpg" alt="" width="150" height="112" align="right" border="0" hspace="10" vspace="10"></p>
<p>Hier erhalten Sie einen Überblick über die Trainingsmöglichkeiten und -zeiten in unserem Verein.</p>
<p>Der Verein verfügt über vom Landessportbund Brandenburg und Karatefachverband lizensierte Übungsleiter.</p>
<p>Unser Sensei ist Ralph P. Görlach.</p>
<p>In Bad Liebenwerda wird das Training durch Sven Schröter und Sophie Schulze geleitet.</p>
<p>In Elsterwerda wird das Training durch Marco Pfitzmann geleitet.</p>
<p><strong>Trainingsmöglichkeiten</strong></p>
<ul>
<li><strong><a href="http://www.bushido-lubwart.de/wordpress/?page_id=1052">Bad Liebenwerda</a></strong></li>
<li><strong><a href="http://www.bushido-lubwart.de/wordpress/?page_id=1053">Elsterwerda</a></strong></li>
</ul>

<p>Trainiert wird bei uns an vier Tagen die Woche an derzeit zwei Trainingsorten: Bad Liebenwerda und Elsterwerda. Hier erhalten Sie einen Überblick über die Trainingsmöglichkeiten und -zeiten in unserem Verein. Der Verein verfügt über vom Landessportbund Brandenburg und Karatefachverband lizensierte Übungsleiter. Unser Sensei ist Ralph P. Görlach. In Bad Liebenwerda wird das Training durch Sven [&hellip;]</p>
