{"id":1047,"date":"2008-02-25T09:50:31","date_gmt":"2008-02-25T08:50:31","guid":{"rendered":"http:\/\/www.bushido-lubwart.de\/wordpress\/?page_id=1047"},"modified":"2008-02-28T09:55:45","modified_gmt":"2008-02-28T08:55:45","slug":"namiki-toshiaki-sensei","status":"publish","type":"page","link":"http:\/\/www.bushido-lubwart.de\/wordpress\/karate-im-verein\/unsere-lehrer\/namiki-toshiaki-sensei\/","title":{"rendered":"Namiki Toshiaki Sensei"},"content":{"rendered":"<p>Namiki Sensei (8. Dan) hat 1996 \/ 1997 das Instructor-Training und auch einige Lehrg\u00e4nge in Berlin geleitet. Sein Training bestand fast nur aus Kumite-\u00dcbungen. Ich kann mich noch gut daran erinnern, wie wir jeweils in Dreier-Gruppen immer und immer wieder bis zum Umfallen Angriff und Abwehr ge\u00fcbt haben, wobei der in der Mitte stehende Sch\u00fcler von den au\u00dfen stehenden unabl\u00e4ssig angegriffen wurde. Aufgeben war nicht drin. Namiki Sensei achtete sehr genau darauf, dass niemand in seinen Bem\u00fchungen nachlie\u00df. Doch dass er neben Kumite auch exzellente Kata-Kenntnisse besa\u00df, stellte gleichfalls unter Beweis. Soweit ich mich erinnern kann, hat Namiki Sensei jedoch in all den Trainingseinheiten, die wir bei ihm durchgestanden haben, nur ein einziges Mal Kata unterrichtet.<\/p>\n<p>Nachdem Namiki Sensei der Japan Karate Association den R\u00fccken gekehrt hat, durfte er f\u00fcr den Shotokan Ryu in Deutschland nicht mehr t\u00e4tig werden. In gewisser Weise ist dies zu bedauern.<\/p>\n<p><img ALIGN=\"right\" HEIGHT=\"178\" WIDTH=\"150\" VSPACE=\"10\" HSPACE=\"10\" BORDER=\"0\" SRC=\"http:\/\/www.bushido-lubwart.de\/wordpress\/wp-content\/uploads\/2008\/02\/namikisensei_150.jpg\" \/>In den harten Trainingseinheiten bei Namiki Sensei hat man sehr viel lernen k\u00f6nnen. Beispielsweise sehe ich noch heute, wie er demonstrierte, dass man durch richtiges Tai Sabaki einem Angriff aus dem Weg gehen kann. Er lie\u00df sich von einem jungen Schwarzgurt angreifen. Dieser machte gerade einen Schritt nach vorn, als Namiki Sensei bereits au\u00dfer Reichweite war. Als der Schwarzgurt seine Technik beendet hatte, war Namiki Sensei jedoch schon wieder an ihm dran und brachte seinen Konter ins Ziel, bevor der Schwarzgurt \u00fcberhaupt Zeit zum Reagieren fand.<\/p>\n<p>Eine andere Begebenheit zeigt, dass Namiki Sensei auch besonderes Augenmerk auf die Etikette hatte. Einmal unterhielt sich ein \u00e4lterer Schwarzgurt w\u00e4hrend der Erkl\u00e4rungen des Meisters mit einem anderen Trainingsteilnehmer. Als Namiki Sensei dies bemerkte unterbrach er seine Ausf\u00fchrungen sofort. Er lie\u00df den Schwarzgurt aufstehen und hielt ihm auf der Stelle vor allen Anwesenden eine Standpauke die sich gewaschen hatte. Notwendig und zugleich auch sehr lehrreich f\u00fcr alle anderen &#8230;<\/p>\n<p>Informationen zu Namiki Sensei sind auch unter diesem Link verf\u00fcgbar: <a HREF=\"http:\/\/www.jskf.org\/\">Japan Shotokan Karate-Do Federation<\/a><\/p>\n","protected":false},"excerpt":{"rendered":"<p>Namiki Sensei (8. Dan) hat 1996 \/ 1997 das Instructor-Training und auch einige Lehrg\u00e4nge in Berlin geleitet. Sein Training bestand fast nur aus Kumite-\u00dcbungen. Ich kann mich noch gut daran erinnern, wie wir jeweils in Dreier-Gruppen immer und immer wieder bis zum Umfallen Angriff und Abwehr ge\u00fcbt haben, wobei der in der Mitte stehende Sch\u00fcler [&hellip;]<\/p>\n","protected":false},"author":2,"featured_media":0,"parent":1039,"menu_order":8,"comment_status":"open","ping_status":"open","template":"","meta":{"ngg_post_thumbnail":0,"footnotes":""},"class_list":["post-1047","page","type-page","status-publish","hentry"],"_links":{"self":[{"href":"http:\/\/www.bushido-lubwart.de\/wordpress\/wp-json\/wp\/v2\/pages\/1047"}],"collection":[{"href":"http:\/\/www.bushido-lubwart.de\/wordpress\/wp-json\/wp\/v2\/pages"}],"about":[{"href":"http:\/\/www.bushido-lubwart.de\/wordpress\/wp-json\/wp\/v2\/types\/page"}],"author":[{"embeddable":true,"href":"http:\/\/www.bushido-lubwart.de\/wordpress\/wp-json\/wp\/v2\/users\/2"}],"replies":[{"embeddable":true,"href":"http:\/\/www.bushido-lubwart.de\/wordpress\/wp-json\/wp\/v2\/comments?post=1047"}],"version-history":[{"count":0,"href":"http:\/\/www.bushido-lubwart.de\/wordpress\/wp-json\/wp\/v2\/pages\/1047\/revisions"}],"up":[{"embeddable":true,"href":"http:\/\/www.bushido-lubwart.de\/wordpress\/wp-json\/wp\/v2\/pages\/1039"}],"wp:attachment":[{"href":"http:\/\/www.bushido-lubwart.de\/wordpress\/wp-json\/wp\/v2\/media?parent=1047"}],"curies":[{"name":"wp","href":"https:\/\/api.w.org\/{rel}","templated":true}]}}

<p>Namiki Sensei (8. Dan) hat 1996 / 1997 das Instructor-Training und auch einige Lehrgänge in Berlin geleitet. Sein Training bestand fast nur aus Kumite-Übungen. Ich kann mich noch gut daran erinnern, wie wir jeweils in Dreier-Gruppen immer und immer wieder bis zum Umfallen Angriff und Abwehr geübt haben, wobei der in der Mitte stehende Schüler von den außen stehenden unablässig angegriffen wurde. Aufgeben war nicht drin. Namiki Sensei achtete sehr genau darauf, dass niemand in seinen Bemühungen nachließ. Doch dass er neben Kumite auch exzellente Kata-Kenntnisse besaß, stellte gleichfalls unter Beweis. Soweit ich mich erinnern kann, hat Namiki Sensei jedoch in all den Trainingseinheiten, die wir bei ihm durchgestanden haben, nur ein einziges Mal Kata unterrichtet.</p>
<p>Nachdem Namiki Sensei der Japan Karate Association den Rücken gekehrt hat, durfte er für den Shotokan Ryu in Deutschland nicht mehr tätig werden. In gewisser Weise ist dies zu bedauern.</p>
<p><img ALIGN="right" HEIGHT="178" WIDTH="150" VSPACE="10" HSPACE="10" BORDER="0" SRC="http://www.bushido-lubwart.de/wordpress/wp-content/uploads/2008/02/namikisensei_150.jpg" />In den harten Trainingseinheiten bei Namiki Sensei hat man sehr viel lernen können. Beispielsweise sehe ich noch heute, wie er demonstrierte, dass man durch richtiges Tai Sabaki einem Angriff aus dem Weg gehen kann. Er ließ sich von einem jungen Schwarzgurt angreifen. Dieser machte gerade einen Schritt nach vorn, als Namiki Sensei bereits außer Reichweite war. Als der Schwarzgurt seine Technik beendet hatte, war Namiki Sensei jedoch schon wieder an ihm dran und brachte seinen Konter ins Ziel, bevor der Schwarzgurt überhaupt Zeit zum Reagieren fand.</p>
<p>Eine andere Begebenheit zeigt, dass Namiki Sensei auch besonderes Augenmerk auf die Etikette hatte. Einmal unterhielt sich ein älterer Schwarzgurt während der Erklärungen des Meisters mit einem anderen Trainingsteilnehmer. Als Namiki Sensei dies bemerkte unterbrach er seine Ausführungen sofort. Er ließ den Schwarzgurt aufstehen und hielt ihm auf der Stelle vor allen Anwesenden eine Standpauke die sich gewaschen hatte. Notwendig und zugleich auch sehr lehrreich für alle anderen &#8230;</p>
<p>Informationen zu Namiki Sensei sind auch unter diesem Link verfügbar: <a HREF="http://www.jskf.org/">Japan Shotokan Karate-Do Federation</a></p>

<p>Namiki Sensei (8. Dan) hat 1996 / 1997 das Instructor-Training und auch einige Lehrgänge in Berlin geleitet. Sein Training bestand fast nur aus Kumite-Übungen. Ich kann mich noch gut daran erinnern, wie wir jeweils in Dreier-Gruppen immer und immer wieder bis zum Umfallen Angriff und Abwehr geübt haben, wobei der in der Mitte stehende Schüler [&hellip;]</p>
