{"id":1038,"date":"2008-02-25T09:35:14","date_gmt":"2008-02-25T08:35:14","guid":{"rendered":"http:\/\/www.bushido-lubwart.de\/wordpress\/?page_id=1038"},"modified":"2009-12-28T09:01:57","modified_gmt":"2009-12-28T08:01:57","slug":"erfolge","status":"publish","type":"page","link":"http:\/\/www.bushido-lubwart.de\/wordpress\/karate-im-verein\/erfolge\/","title":{"rendered":"Erfolge"},"content":{"rendered":"<p><a href=\"http:\/\/www.bushido-lubwart.de\/wordpress\/wp-content\/uploads\/2008\/02\/erfolg.jpg\" target=\"_blank\"><img loading=\"lazy\" decoding=\"async\" src=\"http:\/\/www.bushido-lubwart.de\/wordpress\/wp-content\/uploads\/2008\/02\/erfolg_150.jpg\" border=\"0\" alt=\"\" hspace=\"10\" vspace=\"10\" width=\"150\" height=\"112\" align=\"right\" \/><\/a>Wettkampferfolge sind nicht prim\u00e4rer Sinn und Zweck &#8211; trotzdem ist es immer wieder sch\u00f6n, unsere jungen Sportler auf Wettk\u00e4mpfen zu sehen. Wettkampferfolge best\u00e4tigen nicht zuletzt auch die Leistungen der Trainer. Interesse und Bereitschaft junger hoffnungsvoller Vereinsmitglieder zur Teilnahme an Meisterschaften haben nachgelassen. &#8211; Aber Zwang soll und darf nicht ausge\u00fcbt werden. Jeder muss f\u00fcr sich selbst entscheiden und wir als Trainer werden diese Entscheidung respektieren.<\/p>\n<p><strong>Wettkampferfolge im Einzelnen<\/strong><\/p>\n<ul>\n<li><strong><a href=\"?page_id=1793\">Deutsche Meisterschaften 2009<\/a><\/strong><\/li>\n<\/ul>\n<blockquote><p>Wettkampferfolge bei den Deutschen Meisterschaften 2009 in Strausberg<\/p><\/blockquote>\n<ul>\n<li><strong><a href=\"http:\/\/www.bushido-lubwart.de\/wordpress\/?page_id=1671\">Deutsche Meisterschaften 2008<\/a><\/strong><\/li>\n<\/ul>\n<blockquote><p>Wettkampferfolge bei den Deutschen Meisterschaften 2008 in Berlin<\/p><\/blockquote>\n<ul>\n<li><strong><a href=\"http:\/\/www.bushido-lubwart.de\/wordpress\/?page_id=1603\">Deutsche Meisterschaften 2007<\/a><\/strong><\/li>\n<\/ul>\n<blockquote><p>Wettkampferfolge bei den Deutschen Meisterschaften 2007 in Torgelow<\/p><\/blockquote>\n<ul>\n<li><strong><a href=\"http:\/\/www.bushido-lubwart.de\/wordpress\/?page_id=1602\">Deutsche Meisterschaften 2006<\/a><\/strong><\/li>\n<\/ul>\n<blockquote><p>Wettkampferfolge bei den Deutschen Meisterschaften 2006 in Elsterwerda<\/p><\/blockquote>\n<ul>\n<li><strong><a href=\"http:\/\/www.bushido-lubwart.de\/wordpress\/?page_id=1601\">Deutsche Meisterschaften 2005<\/a><\/strong><\/li>\n<\/ul>\n<blockquote><p>Wettkampferfolge bei den Deutschen Meisterschaften 2005 in Berlin<\/p><\/blockquote>\n<ul>\n<li><strong><a href=\"http:\/\/www.bushido-lubwart.de\/wordpress\/?page_id=1598\">Landesmeisterschaften 1999<\/a><\/strong><\/li>\n<\/ul>\n<blockquote><p>Ergebnisse der Landesmeisterschaften 1999 in Frankfurt \/ Oder<\/p><\/blockquote>\n<ul>\n<li><strong><a href=\"http:\/\/www.bushido-lubwart.de\/wordpress\/?page_id=1600\">Spreewaldpokal 1999<\/a><\/strong><\/li>\n<\/ul>\n<blockquote><p>Wettkampferfolge beim Kata-Spreewaldpokal 1999 in L\u00fcbbenau<\/p><\/blockquote>\n<ul>\n<li><strong><a href=\"http:\/\/www.bushido-lubwart.de\/wordpress\/?page_id=1596\">Internationale DM 1998<\/a><\/strong><\/li>\n<\/ul>\n<blockquote><p>Ergebnisse der Internationalen Deutschen Kinder- und Jugendmeisterschaften des SRD in Berlin 1998<\/p><\/blockquote>\n<ul>\n<li><strong><a href=\"http:\/\/www.bushido-lubwart.de\/wordpress\/?page_id=1597\">Landesmeisterschaften 1998<\/a><\/strong><\/li>\n<\/ul>\n<blockquote><p>Ergebnisse der Landesmeisterschaften 1998 in L\u00fcbbenau<\/p><\/blockquote>\n<ul>\n<li><strong><a href=\"http:\/\/www.bushido-lubwart.de\/wordpress\/?page_id=1593\">Deutsche Meisterschaften 1997<\/a><\/strong><\/li>\n<\/ul>\n<blockquote><p>Ergebnisse der Deutschen Kinder- und Jugendmeisterschaften 1997 in Berlin<\/p><\/blockquote>\n<ul>\n<li><strong><a href=\"http:\/\/www.bushido-lubwart.de\/wordpress\/?page_id=1595\">Landesmeisterschaften 1997<\/a><\/strong><\/li>\n<\/ul>\n<blockquote><p>Ergebnisse der Brandenburgischen Landesmeisterschaften 1997 in Neuruppin<\/p><\/blockquote>\n<ul>\n<li><strong><a href=\"http:\/\/www.bushido-lubwart.de\/wordpress\/?page_id=1594\">Spreewaldpokal 1997<\/a><\/strong><\/li>\n<\/ul>\n<blockquote><p>Ergebnisse des Kata-Spreewald-Pokalturniers 1997 in L\u00fcbbenau<\/p><\/blockquote>\n<ul>\n<li><strong><a href=\"http:\/\/www.bushido-lubwart.de\/wordpress\/?page_id=1592\">Fujinaga-Turnier 1997<\/a><\/strong><\/li>\n<\/ul>\n<blockquote><p>Ergebnisse des Fujinaga-Gedenkturniers 1997 in Berlin<\/p><\/blockquote>\n<ul>\n<li><strong><a href=\"http:\/\/www.bushido-lubwart.de\/wordpress\/?page_id=1591\">Landesmeisterschaften 1996<\/a><\/strong><\/li>\n<\/ul>\n<blockquote><p>Ergebnise der Brandenburgischen Landesmeisterschaften 1996 in Demmin<\/p><\/blockquote>\n<p><strong>So fing alles an<\/strong><\/p>\n<p>Die Karate-Landesmeisterschaften der L\u00e4nder Mecklenburg-Vorpommern und Brandenburg des Jahres 1996 in Demmin waren die ersten Wettk\u00e4mpfe \u00fcberhaupt, an denen sich unser Verein beteiligte.<\/p>\n<p>Bis dato wurden Wettk\u00e4mpfe als sch\u00e4dlich f\u00fcr die Entwicklung des Karate-Do angesehen, jedoch erkannte unser Trainer, dass diese Bef\u00fcrchtung bei einem korrekten Umfeld unbegr\u00fcndet ist.<\/p>\n<p>So kam es, dass auch wir wie er allm\u00e4hlich Gefallen an der Idee fanden, Mitglieder unseres Vereins in den direkten Vergleich mit anderen Dojos zu stellen.<\/p>\n<p>Eine Woche vor den Landesmeisterschaften 1996 fand in Elsterwerda ein Lehrgang mit J\u00f6rg Kohl statt, der kurz entschlossen meinte, wir sollten doch ruhig einige Vereinsmitglieder melden, da diese durchaus Chancen h\u00e4tten. Diesen Worten wollte unser Trainer nicht so recht Glauben schenken &#8211; aber was hatten wir schon zu verlieren?<\/p>\n<p>Der Gasttrainer fragte also, wer an einer Teilnahme interessiert sei, doch es meldete sich niemand. Deshalb fragte er noch einmal nach und legte dann fest: &#8222;Du und du und du, ihr fahrt mit nach Demmin!&#8220;<\/p>\n<p>\u00dcberst\u00fcrzt und hektisch wie diese Festlegung getroffen worden war, erfolgten nun in aller Eile die Nachmeldungen unserer Starter.<\/p>\n<p>Wir meldeten insgesamt neun Starter in den Disziplinen Kumite und Kata. Der Erfolg dieser ersten Wettkampfteilnahme: ein zweifacher Meistertitel f\u00fcr Marco Ke\u00dfler, zwei zweite und weitere sieben dritte Pl\u00e4tze \u00fcbertrafen unsere k\u00fchnsten Erwartungen bei weitem.<\/p>\n<p>Von diesem Ergebnis best\u00e4rkt, schickten wir Vertreter unseres Vereins zu weiteren Wettk\u00e4mpfen. Die zum Teil doch beachtlichen Erfolge dokumentieren die gute Arbeit unserer Trainer und Lehrer wohl am Besten.<\/p>\n","protected":false},"excerpt":{"rendered":"<p>Wettkampferfolge sind nicht prim\u00e4rer Sinn und Zweck &#8211; trotzdem ist es immer wieder sch\u00f6n, unsere jungen Sportler auf Wettk\u00e4mpfen zu sehen. Wettkampferfolge best\u00e4tigen nicht zuletzt auch die Leistungen der Trainer. Interesse und Bereitschaft junger hoffnungsvoller Vereinsmitglieder zur Teilnahme an Meisterschaften haben nachgelassen. &#8211; Aber Zwang soll und darf nicht ausge\u00fcbt werden. Jeder muss f\u00fcr sich [&hellip;]<\/p>\n","protected":false},"author":2,"featured_media":0,"parent":1030,"menu_order":3,"comment_status":"open","ping_status":"open","template":"","meta":{"ngg_post_thumbnail":0,"footnotes":""},"class_list":["post-1038","page","type-page","status-publish","hentry"],"_links":{"self":[{"href":"http:\/\/www.bushido-lubwart.de\/wordpress\/wp-json\/wp\/v2\/pages\/1038"}],"collection":[{"href":"http:\/\/www.bushido-lubwart.de\/wordpress\/wp-json\/wp\/v2\/pages"}],"about":[{"href":"http:\/\/www.bushido-lubwart.de\/wordpress\/wp-json\/wp\/v2\/types\/page"}],"author":[{"embeddable":true,"href":"http:\/\/www.bushido-lubwart.de\/wordpress\/wp-json\/wp\/v2\/users\/2"}],"replies":[{"embeddable":true,"href":"http:\/\/www.bushido-lubwart.de\/wordpress\/wp-json\/wp\/v2\/comments?post=1038"}],"version-history":[{"count":4,"href":"http:\/\/www.bushido-lubwart.de\/wordpress\/wp-json\/wp\/v2\/pages\/1038\/revisions"}],"predecessor-version":[{"id":1794,"href":"http:\/\/www.bushido-lubwart.de\/wordpress\/wp-json\/wp\/v2\/pages\/1038\/revisions\/1794"}],"up":[{"embeddable":true,"href":"http:\/\/www.bushido-lubwart.de\/wordpress\/wp-json\/wp\/v2\/pages\/1030"}],"wp:attachment":[{"href":"http:\/\/www.bushido-lubwart.de\/wordpress\/wp-json\/wp\/v2\/media?parent=1038"}],"curies":[{"name":"wp","href":"https:\/\/api.w.org\/{rel}","templated":true}]}}

<p><a href="http://www.bushido-lubwart.de/wordpress/wp-content/uploads/2008/02/erfolg.jpg" target="_blank"><img loading="lazy" decoding="async" src="http://www.bushido-lubwart.de/wordpress/wp-content/uploads/2008/02/erfolg_150.jpg" border="0" alt="" hspace="10" vspace="10" width="150" height="112" align="right" /></a>Wettkampferfolge sind nicht primärer Sinn und Zweck &#8211; trotzdem ist es immer wieder schön, unsere jungen Sportler auf Wettkämpfen zu sehen. Wettkampferfolge bestätigen nicht zuletzt auch die Leistungen der Trainer. Interesse und Bereitschaft junger hoffnungsvoller Vereinsmitglieder zur Teilnahme an Meisterschaften haben nachgelassen. &#8211; Aber Zwang soll und darf nicht ausgeübt werden. Jeder muss für sich selbst entscheiden und wir als Trainer werden diese Entscheidung respektieren.</p>
<p><strong>Wettkampferfolge im Einzelnen</strong></p>
<ul>
<li><strong><a href="?page_id=1793">Deutsche Meisterschaften 2009</a></strong></li>
</ul>
<blockquote><p>Wettkampferfolge bei den Deutschen Meisterschaften 2009 in Strausberg</p></blockquote>
<ul>
<li><strong><a href="http://www.bushido-lubwart.de/wordpress/?page_id=1671">Deutsche Meisterschaften 2008</a></strong></li>
</ul>
<blockquote><p>Wettkampferfolge bei den Deutschen Meisterschaften 2008 in Berlin</p></blockquote>
<ul>
<li><strong><a href="http://www.bushido-lubwart.de/wordpress/?page_id=1603">Deutsche Meisterschaften 2007</a></strong></li>
</ul>
<blockquote><p>Wettkampferfolge bei den Deutschen Meisterschaften 2007 in Torgelow</p></blockquote>
<ul>
<li><strong><a href="http://www.bushido-lubwart.de/wordpress/?page_id=1602">Deutsche Meisterschaften 2006</a></strong></li>
</ul>
<blockquote><p>Wettkampferfolge bei den Deutschen Meisterschaften 2006 in Elsterwerda</p></blockquote>
<ul>
<li><strong><a href="http://www.bushido-lubwart.de/wordpress/?page_id=1601">Deutsche Meisterschaften 2005</a></strong></li>
</ul>
<blockquote><p>Wettkampferfolge bei den Deutschen Meisterschaften 2005 in Berlin</p></blockquote>
<ul>
<li><strong><a href="http://www.bushido-lubwart.de/wordpress/?page_id=1598">Landesmeisterschaften 1999</a></strong></li>
</ul>
<blockquote><p>Ergebnisse der Landesmeisterschaften 1999 in Frankfurt / Oder</p></blockquote>
<ul>
<li><strong><a href="http://www.bushido-lubwart.de/wordpress/?page_id=1600">Spreewaldpokal 1999</a></strong></li>
</ul>
<blockquote><p>Wettkampferfolge beim Kata-Spreewaldpokal 1999 in Lübbenau</p></blockquote>
<ul>
<li><strong><a href="http://www.bushido-lubwart.de/wordpress/?page_id=1596">Internationale DM 1998</a></strong></li>
</ul>
<blockquote><p>Ergebnisse der Internationalen Deutschen Kinder- und Jugendmeisterschaften des SRD in Berlin 1998</p></blockquote>
<ul>
<li><strong><a href="http://www.bushido-lubwart.de/wordpress/?page_id=1597">Landesmeisterschaften 1998</a></strong></li>
</ul>
<blockquote><p>Ergebnisse der Landesmeisterschaften 1998 in Lübbenau</p></blockquote>
<ul>
<li><strong><a href="http://www.bushido-lubwart.de/wordpress/?page_id=1593">Deutsche Meisterschaften 1997</a></strong></li>
</ul>
<blockquote><p>Ergebnisse der Deutschen Kinder- und Jugendmeisterschaften 1997 in Berlin</p></blockquote>
<ul>
<li><strong><a href="http://www.bushido-lubwart.de/wordpress/?page_id=1595">Landesmeisterschaften 1997</a></strong></li>
</ul>
<blockquote><p>Ergebnisse der Brandenburgischen Landesmeisterschaften 1997 in Neuruppin</p></blockquote>
<ul>
<li><strong><a href="http://www.bushido-lubwart.de/wordpress/?page_id=1594">Spreewaldpokal 1997</a></strong></li>
</ul>
<blockquote><p>Ergebnisse des Kata-Spreewald-Pokalturniers 1997 in Lübbenau</p></blockquote>
<ul>
<li><strong><a href="http://www.bushido-lubwart.de/wordpress/?page_id=1592">Fujinaga-Turnier 1997</a></strong></li>
</ul>
<blockquote><p>Ergebnisse des Fujinaga-Gedenkturniers 1997 in Berlin</p></blockquote>
<ul>
<li><strong><a href="http://www.bushido-lubwart.de/wordpress/?page_id=1591">Landesmeisterschaften 1996</a></strong></li>
</ul>
<blockquote><p>Ergebnise der Brandenburgischen Landesmeisterschaften 1996 in Demmin</p></blockquote>
<p><strong>So fing alles an</strong></p>
<p>Die Karate-Landesmeisterschaften der Länder Mecklenburg-Vorpommern und Brandenburg des Jahres 1996 in Demmin waren die ersten Wettkämpfe überhaupt, an denen sich unser Verein beteiligte.</p>
<p>Bis dato wurden Wettkämpfe als schädlich für die Entwicklung des Karate-Do angesehen, jedoch erkannte unser Trainer, dass diese Befürchtung bei einem korrekten Umfeld unbegründet ist.</p>
<p>So kam es, dass auch wir wie er allmählich Gefallen an der Idee fanden, Mitglieder unseres Vereins in den direkten Vergleich mit anderen Dojos zu stellen.</p>
<p>Eine Woche vor den Landesmeisterschaften 1996 fand in Elsterwerda ein Lehrgang mit Jörg Kohl statt, der kurz entschlossen meinte, wir sollten doch ruhig einige Vereinsmitglieder melden, da diese durchaus Chancen hätten. Diesen Worten wollte unser Trainer nicht so recht Glauben schenken &#8211; aber was hatten wir schon zu verlieren?</p>
<p>Der Gasttrainer fragte also, wer an einer Teilnahme interessiert sei, doch es meldete sich niemand. Deshalb fragte er noch einmal nach und legte dann fest: &#8222;Du und du und du, ihr fahrt mit nach Demmin!&#8220;</p>
<p>Überstürzt und hektisch wie diese Festlegung getroffen worden war, erfolgten nun in aller Eile die Nachmeldungen unserer Starter.</p>
<p>Wir meldeten insgesamt neun Starter in den Disziplinen Kumite und Kata. Der Erfolg dieser ersten Wettkampfteilnahme: ein zweifacher Meistertitel für Marco Keßler, zwei zweite und weitere sieben dritte Plätze übertrafen unsere kühnsten Erwartungen bei weitem.</p>
<p>Von diesem Ergebnis bestärkt, schickten wir Vertreter unseres Vereins zu weiteren Wettkämpfen. Die zum Teil doch beachtlichen Erfolge dokumentieren die gute Arbeit unserer Trainer und Lehrer wohl am Besten.</p>

<p>Wettkampferfolge sind nicht primärer Sinn und Zweck &#8211; trotzdem ist es immer wieder schön, unsere jungen Sportler auf Wettkämpfen zu sehen. Wettkampferfolge bestätigen nicht zuletzt auch die Leistungen der Trainer. Interesse und Bereitschaft junger hoffnungsvoller Vereinsmitglieder zur Teilnahme an Meisterschaften haben nachgelassen. &#8211; Aber Zwang soll und darf nicht ausgeübt werden. Jeder muss für sich [&hellip;]</p>
