{"id":1027,"date":"2008-02-22T12:14:05","date_gmt":"2008-02-22T11:14:05","guid":{"rendered":"http:\/\/www.bushido-lubwart.de\/wordpress\/?page_id=1027"},"modified":"2011-05-17T09:50:18","modified_gmt":"2011-05-17T08:50:18","slug":"dojoleiter","status":"publish","type":"page","link":"http:\/\/www.bushido-lubwart.de\/wordpress\/unser-verein\/der-vorstand\/dojoleiter\/","title":{"rendered":"Dojoleiter"},"content":{"rendered":"<p><img ALIGN=\"right\" HEIGHT=\"199\" WIDTH=\"150\" VSPACE=\"10\" HSPACE=\"10\" BORDER=\"0\" SRC=\"http:\/\/www.bushido-lubwart.de\/wordpress\/wp-content\/uploads\/2008\/02\/unservereinvorstanddojoralph_150.jpg\" \/>Das Amt des Dojoleiters ist kein Wahlamt. Der Dojoleiter ist neben dem Gesamtvorstand f\u00fcr Trainingsbelange zust\u00e4ndig.<\/p>\n<p>Er ist f\u00fcr die Organisation des Trainings zust\u00e4ndig und hat insoweit alleiniges Entscheidungsrecht.<\/p>\n","protected":false},"excerpt":{"rendered":"<p>Das Amt des Dojoleiters ist kein Wahlamt. Der Dojoleiter ist neben dem Gesamtvorstand f\u00fcr Trainingsbelange zust\u00e4ndig. Er ist f\u00fcr die Organisation des Trainings zust\u00e4ndig und hat insoweit alleiniges Entscheidungsrecht.<\/p>\n","protected":false},"author":2,"featured_media":0,"parent":1003,"menu_order":7,"comment_status":"open","ping_status":"closed","template":"","meta":{"ngg_post_thumbnail":0,"footnotes":""},"class_list":["post-1027","page","type-page","status-publish","hentry"],"_links":{"self":[{"href":"http:\/\/www.bushido-lubwart.de\/wordpress\/wp-json\/wp\/v2\/pages\/1027"}],"collection":[{"href":"http:\/\/www.bushido-lubwart.de\/wordpress\/wp-json\/wp\/v2\/pages"}],"about":[{"href":"http:\/\/www.bushido-lubwart.de\/wordpress\/wp-json\/wp\/v2\/types\/page"}],"author":[{"embeddable":true,"href":"http:\/\/www.bushido-lubwart.de\/wordpress\/wp-json\/wp\/v2\/users\/2"}],"replies":[{"embeddable":true,"href":"http:\/\/www.bushido-lubwart.de\/wordpress\/wp-json\/wp\/v2\/comments?post=1027"}],"version-history":[{"count":1,"href":"http:\/\/www.bushido-lubwart.de\/wordpress\/wp-json\/wp\/v2\/pages\/1027\/revisions"}],"predecessor-version":[{"id":2118,"href":"http:\/\/www.bushido-lubwart.de\/wordpress\/wp-json\/wp\/v2\/pages\/1027\/revisions\/2118"}],"up":[{"embeddable":true,"href":"http:\/\/www.bushido-lubwart.de\/wordpress\/wp-json\/wp\/v2\/pages\/1003"}],"wp:attachment":[{"href":"http:\/\/www.bushido-lubwart.de\/wordpress\/wp-json\/wp\/v2\/media?parent=1027"}],"curies":[{"name":"wp","href":"https:\/\/api.w.org\/{rel}","templated":true}]}}

<p><img ALIGN="right" HEIGHT="199" WIDTH="150" VSPACE="10" HSPACE="10" BORDER="0" SRC="http://www.bushido-lubwart.de/wordpress/wp-content/uploads/2008/02/unservereinvorstanddojoralph_150.jpg" />Das Amt des Dojoleiters ist kein Wahlamt. Der Dojoleiter ist neben dem Gesamtvorstand für Trainingsbelange zuständig.</p>
<p>Er ist für die Organisation des Trainings zuständig und hat insoweit alleiniges Entscheidungsrecht.</p>

<p>Das Amt des Dojoleiters ist kein Wahlamt. Der Dojoleiter ist neben dem Gesamtvorstand für Trainingsbelange zuständig. Er ist für die Organisation des Trainings zuständig und hat insoweit alleiniges Entscheidungsrecht.</p>
