{"id":1024,"date":"2008-02-22T11:50:18","date_gmt":"2008-02-22T10:50:18","guid":{"rendered":"http:\/\/www.bushido-lubwart.de\/wordpress\/?page_id=1024"},"modified":"2008-02-27T15:04:50","modified_gmt":"2008-02-27T14:04:50","slug":"erstattungsantrage","status":"publish","type":"page","link":"http:\/\/www.bushido-lubwart.de\/wordpress\/unser-verein\/regelwerk\/erstattungsantrage\/","title":{"rendered":"Erstattungsantr\u00e4ge"},"content":{"rendered":"<p>Diese Dokumente sind im PDF-Format hinterlegt. Zum Anzeigen und Ausdrucken von PDF-Dateien ist der Acrobat Reader von Adobe erforderlich, den Sie sich <a HREF=\"http:\/\/www.adobe.de\/products\/acrobat\/readstep.html\">hier<\/a> downloaden k\u00f6nnen.<\/p>\n<p>Zusammenfassungsblatt des Kosten-Erstattungsantrags f\u00fcr \u00dcbungsleiter und sonstige im Auftrag des Vereins t\u00e4tige Personen:<\/p>\n<p><strong><a HREF=\"http:\/\/www.bushido-lubwart.de\/wordpress\/wp-content\/uploads\/2008\/02\/erstattungsantrag1.pdf\">Erstattungsantrag (Zusammenfassung) jetzt downloaden<\/a><\/strong> [16 KB]<\/p>\n<p>Einzelnachweis zum Kosten-Erstattungsantrag f\u00fcr \u00dcbungsleiter und sonstige im Auftrag des Vereins t\u00e4tige Personen:<\/p>\n<p><strong><a TARGET=\"_blank\" HREF=\"http:\/\/www.bushido-lubwart.de\/wordpress\/wp-content\/uploads\/2008\/02\/erstattungsantrag3.pdf\">Erstattungsantrag (Einzelnachweis) jetzt downloaden<\/a><\/strong> [7 KB]<\/p>\n<p>Kostenerstattungsantrag f\u00fcr allgemeine Lehrgangszusch\u00fcsse:<\/p>\n<p><strong><a TARGET=\"_blank\" HREF=\"http:\/\/www.bushido-lubwart.de\/wordpress\/wp-content\/uploads\/2008\/02\/erstattungsantrag2.pdf\">Lehrgangskosten-Erstattungsantrag jetzt downloaden<\/a><\/strong> [16 KB]<\/p>\n","protected":false},"excerpt":{"rendered":"<p>Diese Dokumente sind im PDF-Format hinterlegt. Zum Anzeigen und Ausdrucken von PDF-Dateien ist der Acrobat Reader von Adobe erforderlich, den Sie sich hier downloaden k\u00f6nnen. Zusammenfassungsblatt des Kosten-Erstattungsantrags f\u00fcr \u00dcbungsleiter und sonstige im Auftrag des Vereins t\u00e4tige Personen: Erstattungsantrag (Zusammenfassung) jetzt downloaden [16 KB] Einzelnachweis zum Kosten-Erstattungsantrag f\u00fcr \u00dcbungsleiter und sonstige im Auftrag des Vereins [&hellip;]<\/p>\n","protected":false},"author":2,"featured_media":0,"parent":1015,"menu_order":9,"comment_status":"open","ping_status":"open","template":"","meta":{"ngg_post_thumbnail":0,"footnotes":""},"class_list":["post-1024","page","type-page","status-publish","hentry"],"_links":{"self":[{"href":"http:\/\/www.bushido-lubwart.de\/wordpress\/wp-json\/wp\/v2\/pages\/1024"}],"collection":[{"href":"http:\/\/www.bushido-lubwart.de\/wordpress\/wp-json\/wp\/v2\/pages"}],"about":[{"href":"http:\/\/www.bushido-lubwart.de\/wordpress\/wp-json\/wp\/v2\/types\/page"}],"author":[{"embeddable":true,"href":"http:\/\/www.bushido-lubwart.de\/wordpress\/wp-json\/wp\/v2\/users\/2"}],"replies":[{"embeddable":true,"href":"http:\/\/www.bushido-lubwart.de\/wordpress\/wp-json\/wp\/v2\/comments?post=1024"}],"version-history":[{"count":0,"href":"http:\/\/www.bushido-lubwart.de\/wordpress\/wp-json\/wp\/v2\/pages\/1024\/revisions"}],"up":[{"embeddable":true,"href":"http:\/\/www.bushido-lubwart.de\/wordpress\/wp-json\/wp\/v2\/pages\/1015"}],"wp:attachment":[{"href":"http:\/\/www.bushido-lubwart.de\/wordpress\/wp-json\/wp\/v2\/media?parent=1024"}],"curies":[{"name":"wp","href":"https:\/\/api.w.org\/{rel}","templated":true}]}}