{"id":1023,"date":"2008-02-22T11:48:37","date_gmt":"2008-02-22T10:48:37","guid":{"rendered":"http:\/\/www.bushido-lubwart.de\/wordpress\/?page_id=1023"},"modified":"2008-02-27T15:02:22","modified_gmt":"2008-02-27T14:02:22","slug":"beitragsermasigung","status":"publish","type":"page","link":"http:\/\/www.bushido-lubwart.de\/wordpress\/unser-verein\/regelwerk\/beitragsermasigung\/","title":{"rendered":"Beitragserm\u00e4\u00dfigung"},"content":{"rendered":"<p>Dieses Dokument ist im PDF-Format hinterlegt. Zum Anzeigen und Ausdrucken von PDF-Dateien ist der Acrobat Reader von Adobe erforderlich, den Sie sich <a HREF=\"http:\/\/www.adobe.de\/products\/acrobat\/readstep.html\">hier<\/a> downloaden k\u00f6nnen.<\/p>\n<p>Antrag auf Beitragserm\u00e4\u00dfigung f\u00fcr alle durch die Beitragsordnung vorgesehenen Sonderf\u00e4lle.<br \/>\n<strong><a TARGET=\"_blank\" HREF=\"http:\/\/www.bushido-lubwart.de\/wordpress\/wp-content\/uploads\/2008\/02\/beitragsermaessigung.pdf\">Beitragserm\u00e4\u00dfigungsantrag jetzt downloaden<\/a><\/strong> [16 KB]<\/p>\n","protected":false},"excerpt":{"rendered":"<p>Dieses Dokument ist im PDF-Format hinterlegt. Zum Anzeigen und Ausdrucken von PDF-Dateien ist der Acrobat Reader von Adobe erforderlich, den Sie sich hier downloaden k\u00f6nnen. Antrag auf Beitragserm\u00e4\u00dfigung f\u00fcr alle durch die Beitragsordnung vorgesehenen Sonderf\u00e4lle. Beitragserm\u00e4\u00dfigungsantrag jetzt downloaden [16 KB]<\/p>\n","protected":false},"author":2,"featured_media":0,"parent":1015,"menu_order":8,"comment_status":"open","ping_status":"open","template":"","meta":{"ngg_post_thumbnail":0,"footnotes":""},"class_list":["post-1023","page","type-page","status-publish","hentry"],"_links":{"self":[{"href":"http:\/\/www.bushido-lubwart.de\/wordpress\/wp-json\/wp\/v2\/pages\/1023"}],"collection":[{"href":"http:\/\/www.bushido-lubwart.de\/wordpress\/wp-json\/wp\/v2\/pages"}],"about":[{"href":"http:\/\/www.bushido-lubwart.de\/wordpress\/wp-json\/wp\/v2\/types\/page"}],"author":[{"embeddable":true,"href":"http:\/\/www.bushido-lubwart.de\/wordpress\/wp-json\/wp\/v2\/users\/2"}],"replies":[{"embeddable":true,"href":"http:\/\/www.bushido-lubwart.de\/wordpress\/wp-json\/wp\/v2\/comments?post=1023"}],"version-history":[{"count":0,"href":"http:\/\/www.bushido-lubwart.de\/wordpress\/wp-json\/wp\/v2\/pages\/1023\/revisions"}],"up":[{"embeddable":true,"href":"http:\/\/www.bushido-lubwart.de\/wordpress\/wp-json\/wp\/v2\/pages\/1015"}],"wp:attachment":[{"href":"http:\/\/www.bushido-lubwart.de\/wordpress\/wp-json\/wp\/v2\/media?parent=1023"}],"curies":[{"name":"wp","href":"https:\/\/api.w.org\/{rel}","templated":true}]}}