{"id":1012,"date":"2008-02-22T11:12:45","date_gmt":"2008-02-22T10:12:45","guid":{"rendered":"http:\/\/www.bushido-lubwart.de\/wordpress\/?page_id=1012"},"modified":"2008-02-27T14:41:44","modified_gmt":"2008-02-27T13:41:44","slug":"steffen-wohmann","status":"publish","type":"page","link":"http:\/\/www.bushido-lubwart.de\/wordpress\/unser-verein\/die-revisionskommission\/steffen-wohmann\/","title":{"rendered":"Steffen Wohmann"},"content":{"rendered":"<p><img ALIGN=\"right\" HEIGHT=\"199\" WIDTH=\"150\" VSPACE=\"10\" HSPACE=\"10\" BORDER=\"0\" SRC=\"http:\/\/www.bushido-lubwart.de\/wordpress\/wp-content\/uploads\/2008\/02\/unservereinrevikosteffen_150.jpg\" \/>Steffen Wohmann ist seit M\u00e4rz 1992 Mitglied unseres Vereins. Seit Vereinsgr\u00fcndung geh\u00f6rt er der Revisionskommission an.<\/p>\n","protected":false},"excerpt":{"rendered":"<p>Steffen Wohmann ist seit M\u00e4rz 1992 Mitglied unseres Vereins. Seit Vereinsgr\u00fcndung geh\u00f6rt er der Revisionskommission an.<\/p>\n","protected":false},"author":2,"featured_media":0,"parent":1010,"menu_order":2,"comment_status":"open","ping_status":"open","template":"","meta":{"ngg_post_thumbnail":0,"footnotes":""},"class_list":["post-1012","page","type-page","status-publish","hentry"],"_links":{"self":[{"href":"http:\/\/www.bushido-lubwart.de\/wordpress\/wp-json\/wp\/v2\/pages\/1012"}],"collection":[{"href":"http:\/\/www.bushido-lubwart.de\/wordpress\/wp-json\/wp\/v2\/pages"}],"about":[{"href":"http:\/\/www.bushido-lubwart.de\/wordpress\/wp-json\/wp\/v2\/types\/page"}],"author":[{"embeddable":true,"href":"http:\/\/www.bushido-lubwart.de\/wordpress\/wp-json\/wp\/v2\/users\/2"}],"replies":[{"embeddable":true,"href":"http:\/\/www.bushido-lubwart.de\/wordpress\/wp-json\/wp\/v2\/comments?post=1012"}],"version-history":[{"count":0,"href":"http:\/\/www.bushido-lubwart.de\/wordpress\/wp-json\/wp\/v2\/pages\/1012\/revisions"}],"up":[{"embeddable":true,"href":"http:\/\/www.bushido-lubwart.de\/wordpress\/wp-json\/wp\/v2\/pages\/1010"}],"wp:attachment":[{"href":"http:\/\/www.bushido-lubwart.de\/wordpress\/wp-json\/wp\/v2\/media?parent=1012"}],"curies":[{"name":"wp","href":"https:\/\/api.w.org\/{rel}","templated":true}]}}